INSERT INTO attendance_behaviour VALUES
("1601","185","96","96","4","5","5","5","4","5","4","5","5","4","2021/2022","1st Term"),
("1602","85","96","96","5","5","5","5","4","5","5","4","5","5","2021/2022","1st Term"),
("1603","86","96","96","3","5","5","4","5","5","5","5","5","4","2021/2022","1st Term"),
("1604","88","96","96","3","4","5","4","5","5","5","4","5","4","2021/2022","1st Term"),
("1605","310","94","96","4","5","5","4","4","5","5","5","5","4","2021/2022","1st Term"),
("1606","246","94","96","4","4","3","5","5","5","4","3","4","4","2021/2022","1st Term"),
("1607","311","78","96","4","4","4","4","5","4","5","4","5","4","2021/2022","1st Term"),
("1608","309","96","96","4","3","5","4","4","4","5","4","4","4","2021/2022","1st Term"),
("1609","89","96","96","5","5","5","4","4","5","4","5","5","5","2021/2022","1st Term"),
("1610","92","96","96","4","4","5","5","4","4","4","5","4","4","2021/2022","1st Term"),
("1611","93","96","96","5","4","4","5","4","4","5","5","4","5","2021/2022","1st Term"),
("1612","94","96","96","4","5","4","4","5","4","4","5","5","4","2021/2022","1st Term"),
("1613","95","96","96","3","4","3","5","4","5","5","4","5","5","2021/2022","1st Term"),
("1614","326","94","96","3","4","5","4","4","5","4","4","4","4","2021/2022","1st Term"),
("1615","98","80","96","4","5","5","5","4","5","5","5","5","5","2021/2022","1st Term"),
("1616","342","96","96","5","5","5","5","4","4","5","5","4","5","2021/2022","1st Term"),
("1617","101","92","96","5","5","5","5","5","5","5","5","5","4","2021/2022","1st Term"),
("1618","291","96","96","5","5","5","5","5","5","5","5","5","5","2021/2022","1st Term"),
("1619","247","94","96","4","5","5","4","5","5","5","5","5","4","2021/2022","1st Term"),
("1620","278","96","96","4","5","5","5","5","5","5","5","5","4","2021/2022","1st Term"),
("1621","36","94","96","5","5","5","4","5","5","5","5","4","5","2021/2022","1st Term"),
("1622","37","96","96","4","4","5","5","5","5","5","5","5","5","2021/2022","1st Term"),
("1623","39","96","96","5","5","5","5","5","4","5","5","5","4","2021/2022","1st Term"),
("1624","40","94","96","4","5","5","4","5","5","5","5","5","4","2021/2022","1st Term"),
("1625","41","96","96","5","5","5","5","5","5","5","5","5","5","2021/2022","1st Term"),
("1626","43","94","96","4","5","5","4","5","5","5","5","5","5","2021/2022","1st Term"),
("1627","46","94","96","4","5","5","5","5","5","5","5","5","5","2021/2022","1st Term"),
("1628","279","96","96","5","5","5","5","4","5","5","5","5","4","2021/2022","1st Term"),
("1629","229","94","96","4","5","5","4","5","5","5","5","5","4","2021/2022","1st Term"),
("1630","47","94","96","5","5","5","5","5","5","5","5","5","5","2021/2022","1st Term"),
("1631","48","86","96","4","4","5","4","5","5","5","5","5","5","2021/2022","1st Term"),
("1632","49","96","96","5","5","5","5","5","5","5","5","5","5","2021/2022","1st Term"),
("1633","258","96","96","4","5","5","5","5","5","5","5","5","5","2021/2022","1st Term"),
("1634","344","96","96","4","4","5","4","4","5","4","4","5","4","2021/2022","1st Term"),
("1635","53","96","96","5","4","5","5","5","5","5","5","5","4","2021/2022","1st Term"),
("1636","55","94","96","3","4","4","4","4","5","5","4","4","4","2021/2022","1st Term"),
("1637","199","96","96","4","4","4","4","4","3","3","3","3","4","2021/2022","1st Term"),
("1638","58","96","96","4","5","5","4","5","5","5","5","4","5","2021/2022","1st Term"),
("1639","60","96","96","4","4","4","5","4","3","3","4","4","4","2021/2022","1st Term"),
("1640","343","96","96","4","4","5","5","4","5","5","5","4","5","2021/2022","1st Term"),
("1641","69","96","96","5","5","5","4","4","5","5","4","4","4","2021/2022","1st Term"),
("1642","274","96","96","5","5","5","5","5","5","5","4","4","4","2021/2022","1st Term"),
("1643","61","96","96","5","5","5","5","4","5","5","4","5","4","2021/2022","1st Term"),
("1644","275","96","96","4","4","4","5","5","5","5","5","5","5","2021/2022","1st Term"),
("1645","67","82","96","4","5","4","4","4","5","5","5","4","4","2021/2022","1st Term"),
("1646","62","92","96","5","5","5","5","4","5","5","5","5","5","2021/2022","1st Term"),
("1647","276","96","96","5","4","4","4","4","5","5","5","5","5","2021/2022","1st Term"),
("1648","206","94","96","4","4","4","5","4","5","5","5","4","4","2021/2022","1st Term"),
("1649","63","96","96","4","4","4","5","5","5","5","5","4","4","2021/2022","1st Term"),
("1650","70","96","96","5","5","5","4","4","5","5","5","5","5","2021/2022","1st Term"),
("1651","65","86","96","4","4","4","4","4","4","4","4","4","4","2021/2022","1st Term"),
("1652","64","96","96","4","4","5","5","5","5","4","4","4","4","2021/2022","1st Term"),
("1653","66","92","96","4","4","5","5","4","5","5","4","4","4","2021/2022","1st Term"),
("1654","68","88","96","4","4","4","4","4","5","5","5","5","4","2021/2022","1st Term"),
("1655","292","92","96","4","5","5","3","5","5","5","5","5","4","2021/2022","1st Term"),
("1656","107","96","96","5","5","5","5","5","5","5","5","5","5","2021/2022","1st Term"),
("1657","109","96","96","3","5","5","5","3","5","5","5","5","3","2021/2022","1st Term"),
("1658","245","96","96","4","4","5","4","4","5","5","5","3","3","2021/2022","1st Term"),
("1659","113","96","96","5","5","5","5","4","5","5","4","3","3","2021/2022","1st Term"),
("1660","332","96","96","3","5","5","1","4","5","4","3","5","5","2021/2022","1st Term"),
("1661","117","84","96","3","5","3","5","3","5","5","5","5","5","2021/2022","1st Term"),
("1662","294","92","96","3","5","5","5","4","5","5","5","5","5","2021/2022","1st Term"),
("1663","280","96","96","5","5","5","5","5","5","5","5","5","5","2021/2022","1st Term"),
("1664","118","90","96","5","5","5","3","5","5","5","5","5","4","2021/2022","1st Term"),
("1665","121","96","96","3","5","5","5","5","5","3","5","5","3","2021/2022","1st Term"),
("1666","209","86","96","4","5","5","4","5","5","5","5","5","4","2021/2022","1st Term"),
("1667","1","90","96","5","5","5","5","5","5","5","5","5","5","2021/2022","1st Term"),
("1668","210","94","96","0","0","0","0","0","0","0","0","0","0","2021/2022","1st Term"),
("1669","3","88","96","0","0","0","0","0","0","0","0","0","0","2021/2022","1st Term"),
("1670","5","96","96","5","5","5","4","4","4","4","4","5","5","2021/2022","1st Term"),
("1671","6","96","96","0","0","0","0","0","0","0","0","0","0","2021/2022","1st Term"),
("1672","7","94","96","0","0","0","0","0","0","0","0","0","0","2021/2022","1st Term"),
("1673","264","94","96","3","5","4","5","4","5","5","5","5","5","2021/2022","1st Term"),
("1674","254","90","96","4","5","4","5","5","5","5","5","5","5","2021/2022","1st Term"),
("1675","197","96","96","3","4","5","4","5","5","5","4","5","5","2021/2022","1st Term"),
("1676","9","90","96","0","0","0","0","0","0","0","0","0","0","2021/2022","1st Term"),
("1677","8","96","96","5","5","5","5","5","4","4","4","5","5","2021/2022","1st Term"),
("1678","10","96","96","4","4","5","5","5","5","5","5","5","5","2021/2022","1st Term"),
("1679","11","96","96","4","4","4","5","5","5","4","5","3","5","2021/2022","1st Term"),
("1680","12","92","96","4","3","4","5","5","5","5","4","5","4","2021/2022","1st Term"),
("1681","331","90","96","3","5","5","5","3","5","5","4","5","4","2021/2022","1st Term"),
("1682","13","90","96","0","0","0","0","0","0","0","0","0","0","2021/2022","1st Term"),
("1683","15","86","96","0","0","0","0","0","0","0","0","0","0","2021/2022","1st Term"),
("1684","255","94","96","5","5","4","5","5","5","5","5","5","5","2021/2022","1st Term"),
("1685","356","96","96","3","5","5","5","4","5","5","5","5","4","2021/2022","1st Term"),
("1686","263","94","96","3","3","4","3","4","5","5","5","5","3","2021/2022","1st Term"),
("1687","14","94","96","0","0","0","0","0","0","0","0","0","0","2021/2022","1st Term"),
("1688","259","96","96","0","0","0","0","0","0","0","0","0","0","2021/2022","1st Term"),
("1689","16","90","96","0","0","0","0","0","0","0","0","0","0","2021/2022","1st Term"),
("1690","198","90","96","4","5","5","5","5","5","5","5","5","4","2021/2022","1st Term"),
("1691","18","82","96","0","0","0","0","0","0","0","0","0","0","2021/2022","1st Term"),
("1692","357","94","96","0","0","0","0","0","0","0","0","0","0","2021/2022","1st Term"),
("1693","358","96","96","0","0","0","0","0","0","0","0","0","0","2021/2022","1st Term"),
("1694","359","94","96","0","0","0","0","0","0","0","0","0","0","2021/2022","1st Term"),
("1695","360","96","96","0","0","0","0","0","0","0","0","0","0","2021/2022","1st Term"),
("1696","361","96","96","0","0","0","0","0","0","0","0","0","0","2021/2022","1st Term"),
("1697","171","94","96","0","0","0","0","0","0","0","0","0","0","2021/2022","1st Term"),
("1698","173","96","96","0","0","0","0","0","0","0","0","0","0","2021/2022","1st Term"),
("1699","175","94","96","0","0","0","0","0","0","0","0","0","0","2021/2022","1st Term"),
("1700","176","92","96","0","0","0","0","0","0","0","0","0","0","2021/2022","1st Term");
INSERT INTO attendance_behaviour VALUES
("1701","362","94","96","0","0","0","0","0","0","0","0","0","0","2021/2022","1st Term"),
("1702","363","96","96","0","0","0","0","0","0","0","0","0","0","2021/2022","1st Term"),
("1703","174","96","96","0","0","0","0","0","0","0","0","0","0","2021/2022","1st Term"),
("1704","178","92","96","0","0","0","0","0","0","0","0","0","0","2021/2022","1st Term"),
("1705","364","96","96","0","0","0","0","0","0","0","0","0","0","2021/2022","1st Term"),
("1706","366","96","96","0","0","0","0","0","0","0","0","0","0","2021/2022","1st Term"),
("1707","365","84","96","0","0","0","0","0","0","0","0","0","0","2021/2022","1st Term"),
("1708","232","92","96","0","0","0","0","0","0","0","0","0","0","2021/2022","1st Term"),
("1709","257","96","96","0","0","0","0","0","0","0","0","0","0","2021/2022","1st Term"),
("1710","295","86","96","0","0","0","0","0","0","0","0","0","0","2021/2022","1st Term"),
("1711","367","90","96","0","0","0","0","0","0","0","0","0","0","2021/2022","1st Term"),
("1712","129","96","96","0","0","0","0","0","0","0","0","0","0","2021/2022","1st Term"),
("1713","313","96","96","0","0","0","0","0","0","0","0","0","0","2021/2022","1st Term"),
("1714","168","96","96","0","0","0","0","0","0","0","0","0","0","2021/2022","1st Term"),
("1715","126","96","96","0","0","0","0","0","0","0","0","0","0","2021/2022","1st Term"),
("1716","314","90","96","0","0","0","0","0","0","0","0","0","0","2021/2022","1st Term"),
("1717","127","96","96","0","0","0","0","0","0","0","0","0","0","2021/2022","1st Term"),
("1718","128","94","96","0","0","0","0","0","0","0","0","0","0","2021/2022","1st Term"),
("1719","315","96","96","0","0","0","0","0","0","0","0","0","0","2021/2022","1st Term"),
("1720","316","94","96","0","0","0","0","0","0","0","0","0","0","2021/2022","1st Term"),
("1721","368","94","96","0","0","0","0","0","0","0","0","0","0","2021/2022","1st Term"),
("1722","317","96","96","0","0","0","0","0","0","0","0","0","0","2021/2022","1st Term"),
("1723","321","96","96","0","0","0","0","0","0","0","0","0","0","2021/2022","1st Term"),
("1724","318","96","96","0","0","0","0","0","0","0","0","0","0","2021/2022","1st Term"),
("1725","177","96","96","0","0","0","0","0","0","0","0","0","0","2021/2022","1st Term"),
("1726","133","96","96","0","0","0","0","0","0","0","0","0","0","2021/2022","1st Term"),
("1727","134","96","96","0","0","0","0","0","0","0","0","0","0","2021/2022","1st Term"),
("1728","320","96","96","0","0","0","0","0","0","0","0","0","0","2021/2022","1st Term"),
("1729","137","96","96","0","0","0","0","0","0","0","0","0","0","2021/2022","1st Term"),
("1730","140","94","0","0","0","0","0","0","0","0","0","0","0","2021/2022","1st Term"),
("1731","235","92","0","0","0","0","0","0","0","0","0","0","0","2021/2022","1st Term"),
("1732","141","96","0","0","0","0","0","0","0","0","0","0","0","2021/2022","1st Term"),
("1733","143","96","0","0","0","0","0","0","0","0","0","0","0","2021/2022","1st Term"),
("1734","144","96","0","0","0","0","0","0","0","0","0","0","0","2021/2022","1st Term"),
("1735","146","94","0","0","0","0","0","0","0","0","0","0","0","2021/2022","1st Term"),
("1736","147","96","0","0","0","0","0","0","0","0","0","0","0","2021/2022","1st Term"),
("1737","324","96","0","0","0","0","0","0","0","0","0","0","0","2021/2022","1st Term"),
("1738","200","96","0","0","0","0","0","0","0","0","0","0","0","2021/2022","1st Term"),
("1739","152","96","0","0","0","0","0","0","0","0","0","0","0","2021/2022","1st Term"),
("1740","154","96","0","0","0","0","0","0","0","0","0","0","0","2021/2022","1st Term"),
("1741","239","96","0","0","0","0","0","0","0","0","0","0","0","2021/2022","1st Term"),
("1742","209","126","126","5","3","5","4","4","5","5","3","4","4","2021/2022","2nd Term"),
("1743","1","126","126","5","5","5","5","3","5","5","5","5","4","2021/2022","2nd Term"),
("1744","210","126","126","3","4","3","4","4","5","5","5","5","4","2021/2022","2nd Term"),
("1745","3","122","126","5","4","4","5","4","5","5","5","5","4","2021/2022","2nd Term"),
("1746","5","100","126","3","4","4","4","4","5","4","4","5","4","2021/2022","2nd Term"),
("1747","6","126","126","3","5","4","5","5","5","5","5","5","5","2021/2022","2nd Term"),
("1748","344","122","126","4","4","5","3","3","4","4","3","3","3","2021/2022","2nd Term"),
("1749","53","126","126","4","3","4","5","4","5","5","5","4","4","2021/2022","2nd Term"),
("1750","55","114","126","5","3","3","3","3","4","4","4","4","4","2021/2022","2nd Term"),
("1751","199","126","126","3","4","4","3","3","3","3","3","3","4","2021/2022","2nd Term"),
("1752","58","124","126","4","5","4","3","3","5","4","3","3","3","2021/2022","2nd Term"),
("1753","343","116","126","3","4","4","3","3","4","4","4","4","3","2021/2022","2nd Term"),
("1754","69","126","126","4","4","4","4","4","4","3","4","3","4","2021/2022","2nd Term"),
("1755","274","126","126","4","4","4","4","4","4","3","4","3","3","2021/2022","2nd Term"),
("1756","61","126","126","4","5","4","4","4","5","5","5","3","3","2021/2022","2nd Term"),
("1757","275","122","126","3","3","4","4","3","4","3","4","3","4","2021/2022","2nd Term"),
("1758","67","116","126","4","4","3","4","3","4","4","3","4","3","2021/2022","2nd Term"),
("1759","62","126","126","5","5","5","4","4","5","5","5","4","4","2021/2022","2nd Term"),
("1760","276","126","126","4","3","4","4","3","3","3","3","3","3","2021/2022","2nd Term"),
("1761","206","124","126","5","3","4","4","4","3","3","3","3","4","2021/2022","2nd Term"),
("1762","63","126","126","3","4","4","3","3","4","4","4","3","3","2021/2022","2nd Term"),
("1763","70","124","126","5","4","4","4","4","4","4","4","3","3","2021/2022","2nd Term"),
("1764","65","114","126","3","3","3","3","3","5","4","4","4","3","2021/2022","2nd Term"),
("1765","64","126","126","5","4","4","5","4","3","3","3","3","5","2021/2022","2nd Term"),
("1766","66","126","126","4","4","4","5","4","3","3","3","3","4","2021/2022","2nd Term"),
("1767","68","122","126","3","4","4","3","3","4","4","3","3","3","2021/2022","2nd Term"),
("1768","7","126","126","0","0","0","0","0","0","0","0","0","0","2021/2022","2nd Term"),
("1769","264","124","126","0","0","0","0","0","0","0","0","0","0","2021/2022","2nd Term"),
("1770","254","120","126","0","0","0","0","0","0","0","0","0","0","2021/2022","2nd Term"),
("1771","197","126","126","0","0","0","0","0","0","0","0","0","0","2021/2022","2nd Term"),
("1772","8","120","126","0","0","0","0","0","0","0","0","0","0","2021/2022","2nd Term"),
("1773","9","120","126","0","0","0","0","0","0","0","0","0","0","2021/2022","2nd Term"),
("1774","10","126","126","0","0","0","0","0","0","0","0","0","0","2021/2022","2nd Term"),
("1775","11","126","126","0","0","0","0","0","0","0","0","0","0","2021/2022","2nd Term"),
("1776","12","126","126","0","0","0","0","0","0","0","0","0","0","2021/2022","2nd Term"),
("1777","331","126","126","0","0","0","0","0","0","0","0","0","0","2021/2022","2nd Term"),
("1778","13","124","126","0","0","0","0","0","0","0","0","0","0","2021/2022","2nd Term"),
("1779","15","116","126","0","0","0","0","0","0","0","0","0","0","2021/2022","2nd Term"),
("1780","255","126","126","0","0","0","0","0","0","0","0","0","0","2021/2022","2nd Term"),
("1781","356","122","126","0","0","0","0","0","0","0","0","0","0","2021/2022","2nd Term"),
("1782","263","118","126","0","0","0","0","0","0","0","0","0","0","2021/2022","2nd Term"),
("1783","14","124","126","0","0","0","0","0","0","0","0","0","0","2021/2022","2nd Term"),
("1784","259","126","126","0","0","0","0","0","0","0","0","0","0","2021/2022","2nd Term"),
("1785","16","122","126","0","0","0","0","0","0","0","0","0","0","2021/2022","2nd Term"),
("1786","198","120","126","0","0","0","0","0","0","0","0","0","0","2021/2022","2nd Term"),
("1787","18","112","126","0","0","0","0","0","0","0","0","0","0","2021/2022","2nd Term"),
("1788","386","124","126","0","0","0","0","0","0","0","0","0","0","2021/2022","2nd Term"),
("1789","247","120","126","0","0","0","0","0","0","0","0","0","0","2021/2022","2nd Term"),
("1790","278","126","126","0","0","0","0","0","0","0","0","0","0","2021/2022","2nd Term"),
("1791","36","124","126","0","0","0","0","0","0","0","0","0","0","2021/2022","2nd Term"),
("1792","37","126","126","0","0","0","0","0","0","0","0","0","0","2021/2022","2nd Term"),
("1793","39","126","126","0","0","0","0","0","0","0","0","0","0","2021/2022","2nd Term"),
("1794","40","124","126","0","0","0","0","0","0","0","0","0","0","2021/2022","2nd Term"),
("1795","41","126","126","0","0","0","0","0","0","0","0","0","0","2021/2022","2nd Term"),
("1796","43","124","126","0","0","0","0","0","0","0","0","0","0","2021/2022","2nd Term"),
("1797","46","126","126","0","0","0","0","0","0","0","0","0","0","2021/2022","2nd Term"),
("1798","279","126","126","0","0","0","0","0","0","0","0","0","0","2021/2022","2nd Term"),
("1799","229","116","126","0","0","0","0","0","0","0","0","0","0","2021/2022","2nd Term"),
("1800","47","126","126","0","0","0","0","0","0","0","0","0","0","2021/2022","2nd Term");
INSERT INTO attendance_behaviour VALUES
("1801","48","114","126","0","0","0","0","0","0","0","0","0","0","2021/2022","2nd Term"),
("1802","49","126","126","0","0","0","0","0","0","0","0","0","0","2021/2022","2nd Term"),
("1803","258","126","126","0","0","0","0","0","0","0","0","0","0","2021/2022","2nd Term"),
("1804","81","124","126","5","5","5","5","5","4","5","4","4","5","2021/2022","2nd Term"),
("1805","228","112","126","3","3","3","5","5","3","4","5","3","3","2021/2022","2nd Term"),
("1806","82","126","126","0","0","0","0","0","0","0","0","0","0","2021/2022","2nd Term"),
("1807","83","126","126","0","0","0","0","0","0","0","0","0","0","2021/2022","2nd Term"),
("1808","84","126","126","0","0","0","0","0","0","0","0","0","0","2021/2022","2nd Term"),
("1809","185","126","126","4","5","5","5","4","3","3","4","5","5","2021/2022","2nd Term"),
("1810","85","126","126","0","0","0","0","0","0","0","0","0","0","2021/2022","2nd Term"),
("1811","86","126","126","0","0","0","0","0","0","0","0","0","0","2021/2022","2nd Term"),
("1812","88","122","126","0","0","0","0","0","0","0","0","0","0","2021/2022","2nd Term"),
("1813","310","126","126","0","0","0","0","0","0","0","0","0","0","2021/2022","2nd Term"),
("1814","246","124","126","0","0","0","0","0","0","0","0","0","0","2021/2022","2nd Term"),
("1815","311","124","126","0","0","0","0","0","0","0","0","0","0","2021/2022","2nd Term"),
("1816","309","124","126","0","0","0","0","0","0","0","0","0","0","2021/2022","2nd Term"),
("1817","89","126","126","0","0","0","0","0","0","0","0","0","0","2021/2022","2nd Term"),
("1818","92","126","126","0","0","0","0","0","0","0","0","0","0","2021/2022","2nd Term"),
("1819","93","126","126","0","0","0","0","0","0","0","0","0","0","2021/2022","2nd Term"),
("1820","94","126","126","0","0","0","0","0","0","0","0","0","0","2021/2022","2nd Term"),
("1821","95","126","126","0","0","0","0","0","0","0","0","0","0","2021/2022","2nd Term"),
("1822","326","126","126","0","0","0","0","0","0","0","0","0","0","2021/2022","2nd Term"),
("1823","98","122","126","3","3","5","3","3","3","3","3","3","3","2021/2022","2nd Term"),
("1824","342","126","126","0","0","0","0","0","0","0","0","0","0","2021/2022","2nd Term"),
("1825","101","126","126","0","0","0","0","0","0","0","0","0","0","2021/2022","2nd Term"),
("1826","291","122","126","0","0","0","0","0","0","0","0","0","0","2021/2022","2nd Term"),
("1827","105","122","126","0","0","0","0","0","0","0","0","0","0","2021/2022","2nd Term"),
("1828","106","118","126","4","3","3","5","3","3","3","3","3","3","2021/2022","2nd Term"),
("1829","292","126","126","4","5","5","4","5","5","5","5","5","4","2021/2022","2nd Term"),
("1830","107","126","126","5","5","5","5","5","5","5","5","5","5","2021/2022","2nd Term"),
("1831","109","124","126","2","5","5","5","5","5","5","5","5","4","2021/2022","2nd Term"),
("1832","387","96","126","3","5","5","5","4","5","4","4","5","4","2021/2022","2nd Term"),
("1833","332","126","126","5","5","5","5","5","5","5","5","5","5","2021/2022","2nd Term"),
("1834","294","126","126","5","5","5","5","5","5","5","5","5","5","2021/2022","2nd Term"),
("1835","118","118","126","5","5","5","5","5","5","5","4","5","5","2021/2022","2nd Term"),
("1836","245","126","126","4","5","5","5","5","5","5","4","5","5","2021/2022","2nd Term"),
("1837","280","122","126","4","5","5","5","5","5","5","1","5","5","2021/2022","2nd Term"),
("1838","121","124","126","5","5","5","5","5","5","5","4","5","5","2021/2022","2nd Term"),
("1839","117","124","126","2","1","1","1","1","5","4","5","5","4","2021/2022","2nd Term"),
("1840","113","126","126","5","5","5","5","5","5","5","5","5","5","2021/2022","2nd Term"),
("1841","293","0","0","0","0","0","0","0","0","0","0","0","0","2021/2022","2nd Term"),
("1842","265","124","126","5","5","5","5","5","5","5","5","5","4","2021/2022","2nd Term"),
("1843","327","124","126","5","5","5","5","5","5","5","5","5","5","2021/2022","2nd Term"),
("1844","267","126","126","5","5","5","5","5","5","5","5","5","5","2021/2022","2nd Term"),
("1845","268","126","126","0","0","0","0","0","0","0","0","0","0","2021/2022","2nd Term"),
("1846","266","126","126","0","0","0","0","0","0","0","0","0","0","2021/2022","2nd Term"),
("1847","269","126","126","5","3","5","5","5","3","5","5","4","5","2021/2022","2nd Term"),
("1848","270","124","126","0","0","0","0","0","0","0","0","0","0","2021/2022","2nd Term"),
("1849","271","104","126","5","3","5","4","5","5","3","5","5","5","2021/2022","2nd Term"),
("1850","272","116","126","0","0","0","0","0","0","0","0","0","0","2021/2022","2nd Term"),
("1851","384","114","126","0","0","0","0","0","0","0","0","0","0","2021/2022","2nd Term"),
("1852","273","124","126","0","0","0","0","0","0","0","0","0","0","2021/2022","2nd Term"),
("1853","328","122","126","3","5","5","3","5","5","5","5","5","5","2021/2022","2nd Term"),
("1854","281","122","126","0","0","0","0","0","0","0","0","0","0","2021/2022","2nd Term"),
("1855","290","126","126","0","0","0","0","0","0","0","0","0","0","2021/2022","2nd Term"),
("1856","286","86","126","0","0","0","0","0","0","0","0","0","0","2021/2022","2nd Term"),
("1857","329","104","126","0","0","0","0","0","0","0","0","0","0","2021/2022","2nd Term"),
("1858","373","118","126","0","0","0","0","0","0","0","0","0","0","2021/2022","2nd Term"),
("1859","374","116","126","0","0","0","0","0","0","0","0","0","0","2021/2022","2nd Term"),
("1860","375","126","126","0","0","0","0","0","0","0","0","0","0","2021/2022","2nd Term"),
("1861","339","124","126","0","0","0","0","0","0","0","0","0","0","2021/2022","2nd Term"),
("1862","285","124","126","0","0","0","0","0","0","0","0","0","0","2021/2022","2nd Term"),
("1863","341","122","126","0","0","0","0","0","0","0","0","0","0","2021/2022","2nd Term"),
("1864","282","126","126","0","0","0","0","0","0","0","0","0","0","2021/2022","2nd Term"),
("1865","283","126","126","0","0","0","0","0","0","0","0","0","0","2021/2022","2nd Term"),
("1866","284","124","126","0","0","0","0","0","0","0","0","0","0","2021/2022","2nd Term"),
("1867","289","108","126","5","4","3","3","5","5","5","5","5","5","2021/2022","2nd Term"),
("1868","303","124","126","3","5","5","5","4","5","4","3","5","4","2021/2022","2nd Term"),
("1869","217","124","126","4","5","4","5","4","5","4","4","4","4","2021/2022","2nd Term"),
("1870","335","126","126","5","5","5","5","5","5","5","5","5","5","2021/2022","2nd Term"),
("1871","336","126","126","4","5","3","4","5","3","4","4","4","4","2021/2022","2nd Term"),
("1872","218","118","126","5","4","3","4","3","4","4","5","4","4","2021/2022","2nd Term"),
("1873","219","122","126","5","5","5","5","5","5","5","5","5","5","2021/2022","2nd Term"),
("1874","250","120","126","4","5","4","4","4","4","4","5","4","4","2021/2022","2nd Term"),
("1875","296","124","126","4","5","5","4","5","3","4","5","4","4","2021/2022","2nd Term"),
("1876","252","126","126","5","5","5","5","5","5","5","5","5","5","2021/2022","2nd Term"),
("1877","300","126","126","5","5","5","5","5","5","5","5","5","5","2021/2022","2nd Term"),
("1878","221","126","126","5","5","4","4","5","5","5","4","5","4","2021/2022","2nd Term"),
("1879","304","126","126","4","4","4","5","4","5","5","4","5","4","2021/2022","2nd Term"),
("1880","302","124","126","4","5","5","4","4","4","5","4","4","4","2021/2022","2nd Term"),
("1881","337","126","126","5","5","5","5","5","5","5","5","5","5","2021/2022","2nd Term"),
("1882","382","122","126","4","4","4","4","4","4","4","4","4","4","2021/2022","2nd Term"),
("1883","383","126","126","4","4","4","4","4","5","5","4","4","4","2021/2022","2nd Term"),
("1884","338","126","126","4","4","3","4","4","4","4","4","4","4","2021/2022","2nd Term"),
("1885","223","126","126","4","4","4","4","4","4","4","4","4","4","2021/2022","2nd Term"),
("1886","224","118","126","0","0","0","0","0","0","0","0","0","0","2021/2022","2nd Term"),
("1887","299","126","126","4","4","4","4","4","4","4","4","4","4","2021/2022","2nd Term"),
("1888","298","126","126","4","4","4","4","4","4","4","4","4","4","2021/2022","2nd Term"),
("1889","253","124","126","5","5","5","5","5","5","5","5","5","5","2021/2022","2nd Term"),
("1890","260","114","126","5","5","5","5","5","5","5","5","5","5","2021/2022","2nd Term"),
("1891","225","126","126","5","4","4","4","4","4","4","4","4","4","2021/2022","2nd Term"),
("1892","287","124","126","5","5","5","5","5","5","5","5","5","5","2021/2022","2nd Term"),
("1893","262","116","126","4","4","4","4","4","4","4","4","4","4","2021/2022","2nd Term"),
("1894","227","124","126","4","4","4","4","4","4","4","4","4","4","2021/2022","2nd Term"),
("1895","226","124","126","4","4","4","4","4","4","4","4","4","4","2021/2022","2nd Term"),
("1896","301","124","126","4","4","4","4","4","4","4","4","4","4","2021/2022","2nd Term"),
("1897","380","120","126","4","4","5","4","4","5","5","5","5","4","2021/2022","2nd Term"),
("1898","379","120","126","4","4","5","4","4","5","5","4","5","5","2021/2022","2nd Term"),
("1899","345","118","126","4","5","4","4","5","5","5","4","5","5","2021/2022","2nd Term"),
("1900","346","126","126","4","5","5","5","4","4","4","5","5","5","2021/2022","2nd Term");
INSERT INTO attendance_behaviour VALUES
("1901","377","116","126","4","4","5","4","4","4","4","4","4","4","2021/2022","2nd Term"),
("1902","378","116","126","4","4","4","4","4","4","4","4","4","4","2021/2022","2nd Term"),
("1903","347","126","126","4","5","5","4","5","5","5","4","5","5","2021/2022","2nd Term"),
("1904","376","118","126","5","5","5","5","5","5","5","5","5","5","2021/2022","2nd Term"),
("1905","349","112","126","4","5","5","4","5","5","5","5","5","5","2021/2022","2nd Term"),
("1906","348","124","126","4","4","4","4","4","4","4","4","4","4","2021/2022","2nd Term"),
("1907","350","122","126","5","5","5","5","5","5","5","5","5","5","2021/2022","2nd Term"),
("1908","351","124","126","4","4","5","4","4","4","4","4","4","5","2021/2022","2nd Term"),
("1909","352","120","126","4","4","5","5","5","5","5","5","5","5","2021/2022","2nd Term"),
("1910","353","124","126","4","4","5","4","4","4","4","4","4","5","2021/2022","2nd Term"),
("1911","354","118","126","4","5","5","4","5","4","4","4","4","5","2021/2022","2nd Term"),
("1912","355","112","126","5","5","5","5","5","5","5","5","5","5","2021/2022","2nd Term"),
("1913","235","126","0","3","3","5","2","3","3","3","3","3","4","2021/2022","2nd Term"),
("1914","140","126","0","3","4","3","3","4","4","4","3","3","4","2021/2022","2nd Term"),
("1915","141","126","0","4","4","4","4","4","4","4","4","4","4","2021/2022","2nd Term"),
("1916","143","126","0","3","3","3","4","3","4","4","3","3","4","2021/2022","2nd Term"),
("1917","144","124","0","3","3","4","4","4","3","3","3","3","4","2021/2022","2nd Term"),
("1918","146","124","0","3","3","5","3","3","4","4","4","3","3","2021/2022","2nd Term"),
("1919","147","126","0","3","4","4","4","4","4","5","4","4","4","2021/2022","2nd Term"),
("1920","324","124","0","3","4","4","4","3","4","4","4","3","4","2021/2022","2nd Term"),
("1921","200","126","0","3","4","4","4","4","3","3","3","4","4","2021/2022","2nd Term"),
("1922","152","122","0","4","4","4","4","3","4","4","4","4","4","2021/2022","2nd Term"),
("1923","154","126","0","3","4","4","4","4","4","4","4","4","4","2021/2022","2nd Term"),
("1924","239","124","0","3","3","4","3","3","3","3","3","3","3","2021/2022","2nd Term"),
("1925","313","126","126","0","0","0","0","0","0","0","0","0","0","2021/2022","2nd Term"),
("1926","168","126","126","0","0","0","0","0","0","0","0","0","0","2021/2022","2nd Term"),
("1927","126","122","126","0","0","0","0","0","0","0","0","0","0","2021/2022","2nd Term"),
("1928","314","116","126","0","0","0","0","0","0","0","0","0","0","2021/2022","2nd Term"),
("1929","127","126","126","0","0","0","0","0","0","0","0","0","0","2021/2022","2nd Term"),
("1930","128","124","126","0","0","0","0","0","0","0","0","0","0","2021/2022","2nd Term"),
("1931","129","126","126","0","0","0","0","0","0","0","0","0","0","2021/2022","2nd Term"),
("1932","315","120","126","0","0","0","0","0","0","0","0","0","0","2021/2022","2nd Term"),
("1933","316","126","126","0","0","0","0","0","0","0","0","0","0","2021/2022","2nd Term"),
("1934","368","124","126","0","0","0","0","0","0","0","0","0","0","2021/2022","2nd Term"),
("1935","317","124","126","0","0","0","0","0","0","0","0","0","0","2021/2022","2nd Term"),
("1936","321","126","126","0","0","0","0","0","0","0","0","0","0","2021/2022","2nd Term"),
("1937","318","126","126","0","0","0","0","0","0","0","0","0","0","2021/2022","2nd Term"),
("1938","177","126","126","0","0","0","0","0","0","0","0","0","0","2021/2022","2nd Term"),
("1939","133","124","126","0","0","0","0","0","0","0","0","0","0","2021/2022","2nd Term"),
("1940","134","124","126","0","0","0","0","0","0","0","0","0","0","2021/2022","2nd Term"),
("1941","320","126","126","0","0","0","0","0","0","0","0","0","0","2021/2022","2nd Term"),
("1942","137","124","126","0","0","0","0","0","0","0","0","0","0","2021/2022","2nd Term"),
("1943","385","124","126","0","0","0","0","0","0","0","0","0","0","2021/2022","2nd Term"),
("1944","174","126","126","0","0","0","0","0","0","0","0","0","0","2021/2022","2nd Term"),
("1945","357","126","126","0","0","0","0","0","0","0","0","0","0","2021/2022","2nd Term"),
("1946","358","124","126","0","0","0","0","0","0","0","0","0","0","2021/2022","2nd Term"),
("1947","359","124","126","0","0","0","0","0","0","0","0","0","0","2021/2022","2nd Term"),
("1948","360","126","126","0","0","0","0","0","0","0","0","0","0","2021/2022","2nd Term"),
("1949","361","124","126","0","0","0","0","0","0","0","0","0","0","2021/2022","2nd Term"),
("1950","173","122","126","0","0","0","0","0","0","0","0","0","0","2021/2022","2nd Term"),
("1951","175","126","126","0","0","0","0","0","0","0","0","0","0","2021/2022","2nd Term"),
("1952","176","122","126","0","0","0","0","0","0","0","0","0","0","2021/2022","2nd Term"),
("1953","362","126","126","0","0","0","0","0","0","0","0","0","0","2021/2022","2nd Term"),
("1954","178","126","126","0","0","0","0","0","0","0","0","0","0","2021/2022","2nd Term"),
("1955","364","126","126","0","0","0","0","0","0","0","0","0","0","2021/2022","2nd Term"),
("1956","365","126","126","0","0","0","0","0","0","0","0","0","0","2021/2022","2nd Term"),
("1957","366","124","126","0","0","0","0","0","0","0","0","0","0","2021/2022","2nd Term"),
("1958","232","122","126","0","0","0","0","0","0","0","0","0","0","2021/2022","2nd Term"),
("1959","257","126","126","0","0","0","0","0","0","0","0","0","0","2021/2022","2nd Term"),
("1960","295","124","126","0","0","0","0","0","0","0","0","0","0","2021/2022","2nd Term"),
("1961","367","122","126","0","0","0","0","0","0","0","0","0","0","2021/2022","2nd Term"),
("1962","381","122","126","0","0","0","0","0","0","0","0","0","0","2021/2022","2nd Term"),
("1963","22","122","126","0","0","0","0","0","0","0","0","0","0","2021/2022","2nd Term"),
("1964","21","126","126","0","0","0","0","0","0","0","0","0","0","2021/2022","2nd Term"),
("1965","214","126","126","0","0","0","0","0","0","0","0","0","0","2021/2022","2nd Term"),
("1966","188","118","126","0","0","0","0","0","0","0","0","0","0","2021/2022","2nd Term"),
("1967","189","126","126","0","0","0","0","0","0","0","0","0","0","2021/2022","2nd Term"),
("1968","190","126","126","0","0","0","0","0","0","0","0","0","0","2021/2022","2nd Term"),
("1969","25","124","126","0","0","0","0","0","0","0","0","0","0","2021/2022","2nd Term"),
("1970","26","124","126","0","0","0","0","0","0","0","0","0","0","2021/2022","2nd Term"),
("1971","196","126","126","0","0","0","0","0","0","0","0","0","0","2021/2022","2nd Term"),
("1972","28","124","126","0","0","0","0","0","0","0","0","0","0","2021/2022","2nd Term"),
("1973","203","124","126","0","0","0","0","0","0","0","0","0","0","2021/2022","2nd Term"),
("1974","195","126","126","0","0","0","0","0","0","0","0","0","0","2021/2022","2nd Term"),
("1975","222","124","126","0","0","0","0","0","0","0","0","0","0","2021/2022","2nd Term"),
("1976","334","120","126","0","0","0","0","0","0","0","0","0","0","2021/2022","2nd Term"),
("1977","330","126","126","0","0","0","0","0","0","0","0","0","0","2021/2022","2nd Term"),
("1978","191","126","126","0","0","0","0","0","0","0","0","0","0","2021/2022","2nd Term"),
("1979","312","126","126","0","0","0","0","0","0","0","0","0","0","2021/2022","2nd Term"),
("1980","30","124","126","0","0","0","0","0","0","0","0","0","0","2021/2022","2nd Term"),
("1981","29","124","126","0","0","0","0","0","0","0","0","0","0","2021/2022","2nd Term"),
("1982","31","126","126","0","0","0","0","0","0","0","0","0","0","2021/2022","2nd Term"),
("1983","193","124","126","0","0","0","0","0","0","0","0","0","0","2021/2022","2nd Term"),
("1984","32","124","126","0","0","0","0","0","0","0","0","0","0","2021/2022","2nd Term"),
("1985","333","122","126","0","0","0","0","0","0","0","0","0","0","2021/2022","2nd Term"),
("1986","33","122","126","0","0","0","0","0","0","0","0","0","0","2021/2022","2nd Term"),
("1987","212","118","126","0","0","0","0","0","0","0","0","0","0","2021/2022","2nd Term"),
("1988","194","116","126","0","0","0","0","0","0","0","0","0","0","2021/2022","2nd Term");




CREATE TABLE `autologin` (
  `user_key` varchar(100) NOT NULL,
  `token` char(32) NOT NULL,
  `created` timestamp NOT NULL DEFAULT current_timestamp(),
  `browser_token` char(32) NOT NULL,
  `dbname` varchar(300) NOT NULL,
  `data` text DEFAULT NULL,
  `used` tinyint(1) NOT NULL DEFAULT 0,
  PRIMARY KEY (`user_key`,`token`),
  KEY `dbname` (`dbname`(255))
) ENGINE=InnoDB DEFAULT CHARSET=utf8;


INSERT INTO autologin VALUES
("20168aeb09a4e","9f834b26526a48d7825f29fe8bf1bd9f","2021-07-05 11:00:13","6a1eb51f9000ccb1ce85010e3e0cc28c","zeonglob_zap_trustacademy_sec_nassarawa","active|i:1625479682;session|s:9:\"2020/2021\";term|s:8:\"2nd Term\";csrf_token|s:32:\"dc3860e26f2fa64362e78bcba358e0c7\";csrf_token_time|i:1625479198;db_scratch_card|s:29:\"zeonglob_zapcard_trustacademy\";db_name|s:39:\"zeonglob_zap_trustacademy_sec_nassarawa\";school_type|s:3:\"sec\";school_id|s:3:\"168\";serial_number|s:9:\"S/20/0038\";table_name|s:8:\"students\";user_key|s:13:\"20168aeb09a4e\";email|s:0:\"\";name|s:12:\"UCHE BERNARD\";lock_screen|s:5:\"false\";owner_db|s:42:\"zeonglob_zap_trustacademy_nurpri_nassarawa\";authenticated|b:1;db_table|s:8:\"students\";user_id|s:2:\"20\";remember|b:1;","0");




CREATE TABLE `backup_class` (
  `backup_class_id` int(10) unsigned NOT NULL AUTO_INCREMENT,
  `class_id` int(10) unsigned NOT NULL,
  `class_name` varchar(10) NOT NULL,
  `class_order` int(10) unsigned NOT NULL,
  `section` varchar(10) NOT NULL,
  `promotional_average` varchar(5) NOT NULL,
  `new_student_fee` decimal(15,2) unsigned NOT NULL,
  `sessions` varchar(20) NOT NULL,
  `terms` varchar(15) NOT NULL,
  PRIMARY KEY (`backup_class_id`),
  KEY `session_term` (`sessions`,`terms`)
) ENGINE=InnoDB AUTO_INCREMENT=125 DEFAULT CHARSET=latin1;


INSERT INTO backup_class VALUES
("1","1","NURSERY 1","3","nursery","50","0.00","2018/2019","1st Term"),
("2","2","NURSERY 2","4","nursery","50","0.00","2018/2019","1st Term"),
("3","3","KINDERGATE","1","nursery","50","0.00","2018/2019","1st Term"),
("4","4","KINDERGATE","2","nursery","50","0.00","2018/2019","1st Term"),
("5","5","BASIC 1","5","primary","50","0.00","2018/2019","1st Term"),
("6","6","BASIC 2","6","primary","50","0.00","2018/2019","1st Term"),
("7","7","BASIC 3","7","primary","50","0.00","2018/2019","1st Term"),
("8","8","BASIC 4","8","primary","50","0.00","2018/2019","1st Term"),
("9","9","BASIC 5","9","primary","50","0.00","2018/2019","1st Term"),
("10","11","BASIC 7","10","primary","50","0.00","2018/2019","1st Term"),
("11","12","BASIC 8","11","primary","50","0.00","2018/2019","1st Term"),
("12","13","BASIC 9","12","primary","50","0.00","2018/2019","1st Term"),
("13","1","NURSERY 1","3","nursery","50","0.00","2018/2019","2nd Term"),
("14","2","NURSERY 2","4","nursery","50","0.00","2018/2019","2nd Term"),
("15","3","KINDERGATE","1","nursery","50","0.00","2018/2019","2nd Term"),
("16","4","KINDERGATE","2","nursery","50","0.00","2018/2019","2nd Term"),
("17","5","BASIC 1","5","primary","50","0.00","2018/2019","2nd Term"),
("18","6","BASIC 2","6","primary","50","0.00","2018/2019","2nd Term"),
("19","7","BASIC 3","7","primary","50","0.00","2018/2019","2nd Term"),
("20","8","BASIC 4","8","primary","50","0.00","2018/2019","2nd Term"),
("21","9","BASIC 5","9","primary","50","0.00","2018/2019","2nd Term"),
("22","11","BASIC 7","10","primary","50","0.00","2018/2019","2nd Term"),
("23","12","BASIC 8","11","primary","50","0.00","2018/2019","2nd Term"),
("24","13","BASIC 9","12","primary","50","0.00","2018/2019","2nd Term"),
("25","1","NURSERY 1","3","nursery","50","0.00","2018/2019","3rd Term"),
("26","2","NURSERY 2","4","nursery","50","0.00","2018/2019","3rd Term"),
("27","3","KINDERGATE","1","nursery","50","0.00","2018/2019","3rd Term"),
("28","4","KINDERGATE","2","nursery","50","0.00","2018/2019","3rd Term"),
("29","5","BASIC 1","5","primary","50","0.00","2018/2019","3rd Term"),
("30","6","BASIC 2","6","primary","50","0.00","2018/2019","3rd Term"),
("31","7","BASIC 3","7","primary","50","0.00","2018/2019","3rd Term"),
("32","8","BASIC 4","8","primary","50","0.00","2018/2019","3rd Term"),
("33","9","BASIC 5","9","primary","50","0.00","2018/2019","3rd Term"),
("34","11","BASIC 7","10","primary","50","0.00","2018/2019","3rd Term"),
("35","12","BASIC 8","11","primary","50","0.00","2018/2019","3rd Term"),
("36","13","BASIC 9","12","primary","50","0.00","2018/2019","3rd Term"),
("37","1","NURSERY 1","3","nursery","50","0.00","2019/2020","1st Term"),
("38","2","NURSERY 2","4","nursery","50","0.00","2019/2020","1st Term"),
("39","3","KINDERGATE","1","nursery","50","0.00","2019/2020","1st Term"),
("40","4","KINDERGATE","2","nursery","50","0.00","2019/2020","1st Term"),
("41","5","BASIC 1","5","primary","50","0.00","2019/2020","1st Term"),
("42","6","BASIC 2","6","primary","50","0.00","2019/2020","1st Term"),
("43","7","BASIC 3","7","primary","50","0.00","2019/2020","1st Term"),
("44","8","BASIC 4","8","primary","50","0.00","2019/2020","1st Term"),
("45","9","BASIC 5","9","primary","50","0.00","2019/2020","1st Term"),
("46","11","BASIC 7","10","primary","50","0.00","2019/2020","1st Term"),
("47","12","BASIC 8","11","primary","50","0.00","2019/2020","1st Term"),
("48","13","BASIC 9","12","primary","50","0.00","2019/2020","1st Term"),
("49","1","NURSERY 1","3","nursery","50","0.00","2019/2020","2nd Term"),
("50","2","NURSERY 2","4","nursery","50","0.00","2019/2020","2nd Term"),
("51","3","KINDERGATE","1","nursery","50","0.00","2019/2020","2nd Term"),
("52","4","KINDERGATE","2","nursery","50","0.00","2019/2020","2nd Term"),
("53","5","BASIC 1","5","primary","50","0.00","2019/2020","2nd Term"),
("54","6","BASIC 2","6","primary","50","0.00","2019/2020","2nd Term"),
("55","7","BASIC 3","7","primary","50","0.00","2019/2020","2nd Term"),
("56","8","BASIC 4","8","primary","50","0.00","2019/2020","2nd Term"),
("57","9","BASIC 5","9","primary","50","0.00","2019/2020","2nd Term"),
("58","11","BASIC 7","10","primary","50","0.00","2019/2020","2nd Term"),
("59","12","BASIC 8","11","primary","50","0.00","2019/2020","2nd Term"),
("60","13","BASIC 9","12","primary","50","0.00","2019/2020","2nd Term"),
("61","1","NURSERY 1","3","nursery","50","0.00","2019/2020","3rd Term"),
("62","2","NURSERY 2","4","nursery","50","0.00","2019/2020","3rd Term"),
("63","3","KINDERGATE","1","nursery","50","0.00","2019/2020","3rd Term"),
("64","4","KINDERGATE","2","nursery","50","0.00","2019/2020","3rd Term"),
("65","5","BASIC 1","5","primary","50","0.00","2019/2020","3rd Term"),
("66","6","BASIC 2","6","primary","50","0.00","2019/2020","3rd Term"),
("67","7","BASIC 3","7","primary","50","0.00","2019/2020","3rd Term"),
("68","8","BASIC 4","8","primary","50","0.00","2019/2020","3rd Term"),
("69","9","BASIC 5","9","primary","50","0.00","2019/2020","3rd Term"),
("70","11","BASIC 7","10","primary","50","0.00","2019/2020","3rd Term"),
("71","12","BASIC 8","11","primary","50","0.00","2019/2020","3rd Term"),
("72","13","BASIC 9","12","primary","50","0.00","2019/2020","3rd Term"),
("73","1","NURSERY 1","3","nursery","50","0.00","2020/2021","1st Term"),
("74","2","NURSERY 2","4","nursery","50","0.00","2020/2021","1st Term"),
("75","3","KINDERGATE","1","nursery","50","0.00","2020/2021","1st Term"),
("76","4","KINDERGATE","2","nursery","50","0.00","2020/2021","1st Term"),
("77","5","BASIC 1","5","primary","50","0.00","2020/2021","1st Term"),
("78","6","BASIC 2","6","primary","50","0.00","2020/2021","1st Term"),
("79","7","BASIC 3","7","primary","50","0.00","2020/2021","1st Term"),
("80","8","BASIC 4","8","primary","50","0.00","2020/2021","1st Term"),
("81","9","BASIC 5","9","primary","50","0.00","2020/2021","1st Term"),
("82","11","BASIC 7","10","primary","50","0.00","2020/2021","1st Term"),
("83","12","BASIC 8","11","primary","50","0.00","2020/2021","1st Term"),
("84","13","BASIC 9","12","primary","50","0.00","2020/2021","1st Term"),
("85","14","HIGH SCHOO","13","primary","50","0.00","2020/2021","1st Term"),
("86","1","NURSERY 1","3","nursery","50","0.00","2020/2021","2nd Term"),
("87","2","NURSERY 2","4","nursery","50","0.00","2020/2021","2nd Term"),
("88","3","KINDERGATE","1","nursery","50","0.00","2020/2021","2nd Term"),
("89","4","KINDERGATE","2","nursery","50","0.00","2020/2021","2nd Term"),
("90","5","BASIC 1","5","primary","50","0.00","2020/2021","2nd Term"),
("91","6","BASIC 2","6","primary","50","0.00","2020/2021","2nd Term"),
("92","7","BASIC 3","7","primary","50","0.00","2020/2021","2nd Term"),
("93","8","BASIC 4","8","primary","50","0.00","2020/2021","2nd Term"),
("94","9","BASIC 5","9","primary","50","0.00","2020/2021","2nd Term"),
("95","11","BASIC 7","10","primary","50","0.00","2020/2021","2nd Term"),
("96","12","BASIC 8","11","primary","50","0.00","2020/2021","2nd Term"),
("97","13","BASIC 9","12","primary","50","0.00","2020/2021","2nd Term"),
("98","14","HIGH SCHOO","13","primary","50","0.00","2020/2021","2nd Term"),
("99","1","NURSERY 1","3","nursery","50","0.00","2020/2021","3rd Term"),
("100","2","NURSERY 2","4","nursery","50","0.00","2020/2021","3rd Term");
INSERT INTO backup_class VALUES
("101","3","KINDERGATE","1","nursery","50","0.00","2020/2021","3rd Term"),
("102","4","KINDERGATE","2","nursery","50","0.00","2020/2021","3rd Term"),
("103","5","BASIC 1","5","primary","50","0.00","2020/2021","3rd Term"),
("104","6","BASIC 2","6","primary","50","0.00","2020/2021","3rd Term"),
("105","7","BASIC 3","7","primary","50","0.00","2020/2021","3rd Term"),
("106","8","BASIC 4","8","primary","50","0.00","2020/2021","3rd Term"),
("107","9","BASIC 5","9","primary","50","0.00","2020/2021","3rd Term"),
("108","11","BASIC 7","10","primary","50","0.00","2020/2021","3rd Term"),
("109","12","BASIC 8","11","primary","50","0.00","2020/2021","3rd Term"),
("110","13","BASIC 9","12","primary","50","0.00","2020/2021","3rd Term"),
("111","14","HIGH SCHOO","13","primary","50","0.00","2020/2021","3rd Term"),
("112","1","NURSERY 1","3","nursery","50","0.00","2021/2022","1st Term"),
("113","2","NURSERY 2","4","nursery","50","0.00","2021/2022","1st Term"),
("114","3","KINDERGATE","1","nursery","50","0.00","2021/2022","1st Term"),
("115","4","KINDERGATE","2","nursery","50","0.00","2021/2022","1st Term"),
("116","5","BASIC 1","5","primary","50","0.00","2021/2022","1st Term"),
("117","6","BASIC 2","6","primary","50","0.00","2021/2022","1st Term"),
("118","7","BASIC 3","7","primary","50","0.00","2021/2022","1st Term"),
("119","8","BASIC 4","8","primary","50","0.00","2021/2022","1st Term"),
("120","9","BASIC 5","9","primary","50","0.00","2021/2022","1st Term"),
("121","11","BASIC 7","10","primary","50","0.00","2021/2022","1st Term"),
("122","12","BASIC 8","11","primary","50","0.00","2021/2022","1st Term"),
("123","13","BASIC 9","12","primary","50","0.00","2021/2022","1st Term"),
("124","14","HIGH SCHOO","13","primary","50","0.00","2021/2022","1st Term");




CREATE TABLE `backup_new_fees_class` (
  `backup_new_fees_class_id` int(10) unsigned NOT NULL AUTO_INCREMENT,
  `new_fees_class_id` int(11) NOT NULL,
  `class_id` int(11) NOT NULL,
  `amount` decimal(15,2) NOT NULL,
  `term` varchar(20) NOT NULL,
  `sessions` varchar(20) NOT NULL,
  `terms` varchar(15) NOT NULL,
  PRIMARY KEY (`backup_new_fees_class_id`),
  KEY `session_term` (`sessions`,`terms`)
) ENGINE=InnoDB AUTO_INCREMENT=373 DEFAULT CHARSET=latin1;


INSERT INTO backup_new_fees_class VALUES
("1","1","1","0.00","1st Term","2018/2019","1st Term"),
("2","2","1","0.00","2nd Term","2018/2019","1st Term"),
("3","3","1","0.00","3rd Term","2018/2019","1st Term"),
("4","4","2","0.00","1st Term","2018/2019","1st Term"),
("5","5","2","0.00","2nd Term","2018/2019","1st Term"),
("6","6","2","0.00","3rd Term","2018/2019","1st Term"),
("7","7","3","0.00","1st Term","2018/2019","1st Term"),
("8","8","3","0.00","2nd Term","2018/2019","1st Term"),
("9","9","3","0.00","3rd Term","2018/2019","1st Term"),
("10","10","4","0.00","1st Term","2018/2019","1st Term"),
("11","11","4","0.00","2nd Term","2018/2019","1st Term"),
("12","12","4","0.00","3rd Term","2018/2019","1st Term"),
("13","13","5","0.00","1st Term","2018/2019","1st Term"),
("14","14","5","0.00","2nd Term","2018/2019","1st Term"),
("15","15","5","0.00","3rd Term","2018/2019","1st Term"),
("16","16","6","0.00","1st Term","2018/2019","1st Term"),
("17","17","6","0.00","2nd Term","2018/2019","1st Term"),
("18","18","6","0.00","3rd Term","2018/2019","1st Term"),
("19","19","7","0.00","1st Term","2018/2019","1st Term"),
("20","20","7","0.00","2nd Term","2018/2019","1st Term"),
("21","21","7","0.00","3rd Term","2018/2019","1st Term"),
("22","22","8","0.00","1st Term","2018/2019","1st Term"),
("23","23","8","0.00","2nd Term","2018/2019","1st Term"),
("24","24","8","0.00","3rd Term","2018/2019","1st Term"),
("25","25","9","0.00","1st Term","2018/2019","1st Term"),
("26","26","9","0.00","2nd Term","2018/2019","1st Term"),
("27","27","9","0.00","3rd Term","2018/2019","1st Term"),
("28","31","11","0.00","1st Term","2018/2019","1st Term"),
("29","32","11","0.00","2nd Term","2018/2019","1st Term"),
("30","33","11","0.00","3rd Term","2018/2019","1st Term"),
("31","34","12","0.00","1st Term","2018/2019","1st Term"),
("32","35","12","0.00","2nd Term","2018/2019","1st Term"),
("33","36","12","0.00","3rd Term","2018/2019","1st Term"),
("34","37","13","0.00","1st Term","2018/2019","1st Term"),
("35","38","13","0.00","2nd Term","2018/2019","1st Term"),
("36","39","13","0.00","3rd Term","2018/2019","1st Term"),
("37","1","1","0.00","1st Term","2018/2019","2nd Term"),
("38","2","1","0.00","2nd Term","2018/2019","2nd Term"),
("39","3","1","0.00","3rd Term","2018/2019","2nd Term"),
("40","4","2","0.00","1st Term","2018/2019","2nd Term"),
("41","5","2","0.00","2nd Term","2018/2019","2nd Term"),
("42","6","2","0.00","3rd Term","2018/2019","2nd Term"),
("43","7","3","0.00","1st Term","2018/2019","2nd Term"),
("44","8","3","0.00","2nd Term","2018/2019","2nd Term"),
("45","9","3","0.00","3rd Term","2018/2019","2nd Term"),
("46","10","4","0.00","1st Term","2018/2019","2nd Term"),
("47","11","4","0.00","2nd Term","2018/2019","2nd Term"),
("48","12","4","0.00","3rd Term","2018/2019","2nd Term"),
("49","13","5","0.00","1st Term","2018/2019","2nd Term"),
("50","14","5","0.00","2nd Term","2018/2019","2nd Term"),
("51","15","5","0.00","3rd Term","2018/2019","2nd Term"),
("52","16","6","0.00","1st Term","2018/2019","2nd Term"),
("53","17","6","0.00","2nd Term","2018/2019","2nd Term"),
("54","18","6","0.00","3rd Term","2018/2019","2nd Term"),
("55","19","7","0.00","1st Term","2018/2019","2nd Term"),
("56","20","7","0.00","2nd Term","2018/2019","2nd Term"),
("57","21","7","0.00","3rd Term","2018/2019","2nd Term"),
("58","22","8","0.00","1st Term","2018/2019","2nd Term"),
("59","23","8","0.00","2nd Term","2018/2019","2nd Term"),
("60","24","8","0.00","3rd Term","2018/2019","2nd Term"),
("61","25","9","0.00","1st Term","2018/2019","2nd Term"),
("62","26","9","0.00","2nd Term","2018/2019","2nd Term"),
("63","27","9","0.00","3rd Term","2018/2019","2nd Term"),
("64","31","11","0.00","1st Term","2018/2019","2nd Term"),
("65","32","11","0.00","2nd Term","2018/2019","2nd Term"),
("66","33","11","0.00","3rd Term","2018/2019","2nd Term"),
("67","34","12","0.00","1st Term","2018/2019","2nd Term"),
("68","35","12","0.00","2nd Term","2018/2019","2nd Term"),
("69","36","12","0.00","3rd Term","2018/2019","2nd Term"),
("70","37","13","0.00","1st Term","2018/2019","2nd Term"),
("71","38","13","0.00","2nd Term","2018/2019","2nd Term"),
("72","39","13","0.00","3rd Term","2018/2019","2nd Term"),
("73","1","1","0.00","1st Term","2018/2019","3rd Term"),
("74","2","1","0.00","2nd Term","2018/2019","3rd Term"),
("75","3","1","0.00","3rd Term","2018/2019","3rd Term"),
("76","4","2","0.00","1st Term","2018/2019","3rd Term"),
("77","5","2","0.00","2nd Term","2018/2019","3rd Term"),
("78","6","2","0.00","3rd Term","2018/2019","3rd Term"),
("79","7","3","0.00","1st Term","2018/2019","3rd Term"),
("80","8","3","0.00","2nd Term","2018/2019","3rd Term"),
("81","9","3","0.00","3rd Term","2018/2019","3rd Term"),
("82","10","4","0.00","1st Term","2018/2019","3rd Term"),
("83","11","4","0.00","2nd Term","2018/2019","3rd Term"),
("84","12","4","0.00","3rd Term","2018/2019","3rd Term"),
("85","13","5","0.00","1st Term","2018/2019","3rd Term"),
("86","14","5","0.00","2nd Term","2018/2019","3rd Term"),
("87","15","5","0.00","3rd Term","2018/2019","3rd Term"),
("88","16","6","0.00","1st Term","2018/2019","3rd Term"),
("89","17","6","0.00","2nd Term","2018/2019","3rd Term"),
("90","18","6","0.00","3rd Term","2018/2019","3rd Term"),
("91","19","7","0.00","1st Term","2018/2019","3rd Term"),
("92","20","7","0.00","2nd Term","2018/2019","3rd Term"),
("93","21","7","0.00","3rd Term","2018/2019","3rd Term"),
("94","22","8","0.00","1st Term","2018/2019","3rd Term"),
("95","23","8","0.00","2nd Term","2018/2019","3rd Term"),
("96","24","8","0.00","3rd Term","2018/2019","3rd Term"),
("97","25","9","0.00","1st Term","2018/2019","3rd Term"),
("98","26","9","0.00","2nd Term","2018/2019","3rd Term"),
("99","27","9","0.00","3rd Term","2018/2019","3rd Term"),
("100","31","11","0.00","1st Term","2018/2019","3rd Term");
INSERT INTO backup_new_fees_class VALUES
("101","32","11","0.00","2nd Term","2018/2019","3rd Term"),
("102","33","11","0.00","3rd Term","2018/2019","3rd Term"),
("103","34","12","0.00","1st Term","2018/2019","3rd Term"),
("104","35","12","0.00","2nd Term","2018/2019","3rd Term"),
("105","36","12","0.00","3rd Term","2018/2019","3rd Term"),
("106","37","13","0.00","1st Term","2018/2019","3rd Term"),
("107","38","13","0.00","2nd Term","2018/2019","3rd Term"),
("108","39","13","0.00","3rd Term","2018/2019","3rd Term"),
("109","1","1","0.00","1st Term","2019/2020","1st Term"),
("110","2","1","0.00","2nd Term","2019/2020","1st Term"),
("111","3","1","0.00","3rd Term","2019/2020","1st Term"),
("112","4","2","0.00","1st Term","2019/2020","1st Term"),
("113","5","2","0.00","2nd Term","2019/2020","1st Term"),
("114","6","2","0.00","3rd Term","2019/2020","1st Term"),
("115","7","3","0.00","1st Term","2019/2020","1st Term"),
("116","8","3","0.00","2nd Term","2019/2020","1st Term"),
("117","9","3","0.00","3rd Term","2019/2020","1st Term"),
("118","10","4","0.00","1st Term","2019/2020","1st Term"),
("119","11","4","0.00","2nd Term","2019/2020","1st Term"),
("120","12","4","0.00","3rd Term","2019/2020","1st Term"),
("121","13","5","0.00","1st Term","2019/2020","1st Term"),
("122","14","5","0.00","2nd Term","2019/2020","1st Term"),
("123","15","5","0.00","3rd Term","2019/2020","1st Term"),
("124","16","6","0.00","1st Term","2019/2020","1st Term"),
("125","17","6","0.00","2nd Term","2019/2020","1st Term"),
("126","18","6","0.00","3rd Term","2019/2020","1st Term"),
("127","19","7","0.00","1st Term","2019/2020","1st Term"),
("128","20","7","0.00","2nd Term","2019/2020","1st Term"),
("129","21","7","0.00","3rd Term","2019/2020","1st Term"),
("130","22","8","0.00","1st Term","2019/2020","1st Term"),
("131","23","8","0.00","2nd Term","2019/2020","1st Term"),
("132","24","8","0.00","3rd Term","2019/2020","1st Term"),
("133","25","9","0.00","1st Term","2019/2020","1st Term"),
("134","26","9","0.00","2nd Term","2019/2020","1st Term"),
("135","27","9","0.00","3rd Term","2019/2020","1st Term"),
("136","31","11","0.00","1st Term","2019/2020","1st Term"),
("137","32","11","0.00","2nd Term","2019/2020","1st Term"),
("138","33","11","0.00","3rd Term","2019/2020","1st Term"),
("139","34","12","0.00","1st Term","2019/2020","1st Term"),
("140","35","12","0.00","2nd Term","2019/2020","1st Term"),
("141","36","12","0.00","3rd Term","2019/2020","1st Term"),
("142","37","13","0.00","1st Term","2019/2020","1st Term"),
("143","38","13","0.00","2nd Term","2019/2020","1st Term"),
("144","39","13","0.00","3rd Term","2019/2020","1st Term"),
("145","1","1","0.00","1st Term","2019/2020","2nd Term"),
("146","2","1","0.00","2nd Term","2019/2020","2nd Term"),
("147","3","1","0.00","3rd Term","2019/2020","2nd Term"),
("148","4","2","0.00","1st Term","2019/2020","2nd Term"),
("149","5","2","0.00","2nd Term","2019/2020","2nd Term"),
("150","6","2","0.00","3rd Term","2019/2020","2nd Term"),
("151","7","3","0.00","1st Term","2019/2020","2nd Term"),
("152","8","3","0.00","2nd Term","2019/2020","2nd Term"),
("153","9","3","0.00","3rd Term","2019/2020","2nd Term"),
("154","10","4","0.00","1st Term","2019/2020","2nd Term"),
("155","11","4","0.00","2nd Term","2019/2020","2nd Term"),
("156","12","4","0.00","3rd Term","2019/2020","2nd Term"),
("157","13","5","0.00","1st Term","2019/2020","2nd Term"),
("158","14","5","0.00","2nd Term","2019/2020","2nd Term"),
("159","15","5","0.00","3rd Term","2019/2020","2nd Term"),
("160","16","6","0.00","1st Term","2019/2020","2nd Term"),
("161","17","6","0.00","2nd Term","2019/2020","2nd Term"),
("162","18","6","0.00","3rd Term","2019/2020","2nd Term"),
("163","19","7","0.00","1st Term","2019/2020","2nd Term"),
("164","20","7","0.00","2nd Term","2019/2020","2nd Term"),
("165","21","7","0.00","3rd Term","2019/2020","2nd Term"),
("166","22","8","0.00","1st Term","2019/2020","2nd Term"),
("167","23","8","0.00","2nd Term","2019/2020","2nd Term"),
("168","24","8","0.00","3rd Term","2019/2020","2nd Term"),
("169","25","9","0.00","1st Term","2019/2020","2nd Term"),
("170","26","9","0.00","2nd Term","2019/2020","2nd Term"),
("171","27","9","0.00","3rd Term","2019/2020","2nd Term"),
("172","31","11","0.00","1st Term","2019/2020","2nd Term"),
("173","32","11","0.00","2nd Term","2019/2020","2nd Term"),
("174","33","11","0.00","3rd Term","2019/2020","2nd Term"),
("175","34","12","0.00","1st Term","2019/2020","2nd Term"),
("176","35","12","0.00","2nd Term","2019/2020","2nd Term"),
("177","36","12","0.00","3rd Term","2019/2020","2nd Term"),
("178","37","13","0.00","1st Term","2019/2020","2nd Term"),
("179","38","13","0.00","2nd Term","2019/2020","2nd Term"),
("180","39","13","0.00","3rd Term","2019/2020","2nd Term"),
("181","1","1","0.00","1st Term","2019/2020","3rd Term"),
("182","2","1","0.00","2nd Term","2019/2020","3rd Term"),
("183","3","1","0.00","3rd Term","2019/2020","3rd Term"),
("184","4","2","0.00","1st Term","2019/2020","3rd Term"),
("185","5","2","0.00","2nd Term","2019/2020","3rd Term"),
("186","6","2","0.00","3rd Term","2019/2020","3rd Term"),
("187","7","3","0.00","1st Term","2019/2020","3rd Term"),
("188","8","3","0.00","2nd Term","2019/2020","3rd Term"),
("189","9","3","0.00","3rd Term","2019/2020","3rd Term"),
("190","10","4","0.00","1st Term","2019/2020","3rd Term"),
("191","11","4","0.00","2nd Term","2019/2020","3rd Term"),
("192","12","4","0.00","3rd Term","2019/2020","3rd Term"),
("193","13","5","0.00","1st Term","2019/2020","3rd Term"),
("194","14","5","0.00","2nd Term","2019/2020","3rd Term"),
("195","15","5","0.00","3rd Term","2019/2020","3rd Term"),
("196","16","6","0.00","1st Term","2019/2020","3rd Term"),
("197","17","6","0.00","2nd Term","2019/2020","3rd Term"),
("198","18","6","0.00","3rd Term","2019/2020","3rd Term"),
("199","19","7","0.00","1st Term","2019/2020","3rd Term"),
("200","20","7","0.00","2nd Term","2019/2020","3rd Term");
INSERT INTO backup_new_fees_class VALUES
("201","21","7","0.00","3rd Term","2019/2020","3rd Term"),
("202","22","8","0.00","1st Term","2019/2020","3rd Term"),
("203","23","8","0.00","2nd Term","2019/2020","3rd Term"),
("204","24","8","0.00","3rd Term","2019/2020","3rd Term"),
("205","25","9","0.00","1st Term","2019/2020","3rd Term"),
("206","26","9","0.00","2nd Term","2019/2020","3rd Term"),
("207","27","9","0.00","3rd Term","2019/2020","3rd Term"),
("208","31","11","0.00","1st Term","2019/2020","3rd Term"),
("209","32","11","0.00","2nd Term","2019/2020","3rd Term"),
("210","33","11","0.00","3rd Term","2019/2020","3rd Term"),
("211","34","12","0.00","1st Term","2019/2020","3rd Term"),
("212","35","12","0.00","2nd Term","2019/2020","3rd Term"),
("213","36","12","0.00","3rd Term","2019/2020","3rd Term"),
("214","37","13","0.00","1st Term","2019/2020","3rd Term"),
("215","38","13","0.00","2nd Term","2019/2020","3rd Term"),
("216","39","13","0.00","3rd Term","2019/2020","3rd Term"),
("217","1","1","0.00","1st Term","2020/2021","1st Term"),
("218","2","1","0.00","2nd Term","2020/2021","1st Term"),
("219","3","1","0.00","3rd Term","2020/2021","1st Term"),
("220","4","2","0.00","1st Term","2020/2021","1st Term"),
("221","5","2","0.00","2nd Term","2020/2021","1st Term"),
("222","6","2","0.00","3rd Term","2020/2021","1st Term"),
("223","7","3","0.00","1st Term","2020/2021","1st Term"),
("224","8","3","0.00","2nd Term","2020/2021","1st Term"),
("225","9","3","0.00","3rd Term","2020/2021","1st Term"),
("226","10","4","0.00","1st Term","2020/2021","1st Term"),
("227","11","4","0.00","2nd Term","2020/2021","1st Term"),
("228","12","4","0.00","3rd Term","2020/2021","1st Term"),
("229","13","5","0.00","1st Term","2020/2021","1st Term"),
("230","14","5","0.00","2nd Term","2020/2021","1st Term"),
("231","15","5","0.00","3rd Term","2020/2021","1st Term"),
("232","16","6","0.00","1st Term","2020/2021","1st Term"),
("233","17","6","0.00","2nd Term","2020/2021","1st Term"),
("234","18","6","0.00","3rd Term","2020/2021","1st Term"),
("235","19","7","0.00","1st Term","2020/2021","1st Term"),
("236","20","7","0.00","2nd Term","2020/2021","1st Term"),
("237","21","7","0.00","3rd Term","2020/2021","1st Term"),
("238","22","8","0.00","1st Term","2020/2021","1st Term"),
("239","23","8","0.00","2nd Term","2020/2021","1st Term"),
("240","24","8","0.00","3rd Term","2020/2021","1st Term"),
("241","25","9","0.00","1st Term","2020/2021","1st Term"),
("242","26","9","0.00","2nd Term","2020/2021","1st Term"),
("243","27","9","0.00","3rd Term","2020/2021","1st Term"),
("244","31","11","0.00","1st Term","2020/2021","1st Term"),
("245","32","11","0.00","2nd Term","2020/2021","1st Term"),
("246","33","11","0.00","3rd Term","2020/2021","1st Term"),
("247","34","12","0.00","1st Term","2020/2021","1st Term"),
("248","35","12","0.00","2nd Term","2020/2021","1st Term"),
("249","36","12","0.00","3rd Term","2020/2021","1st Term"),
("250","37","13","0.00","1st Term","2020/2021","1st Term"),
("251","38","13","0.00","2nd Term","2020/2021","1st Term"),
("252","39","13","0.00","3rd Term","2020/2021","1st Term"),
("253","40","14","0.00","1st Term","2020/2021","1st Term"),
("254","41","14","0.00","2nd Term","2020/2021","1st Term"),
("255","42","14","0.00","3rd Term","2020/2021","1st Term"),
("256","1","1","0.00","1st Term","2020/2021","2nd Term"),
("257","2","1","0.00","2nd Term","2020/2021","2nd Term"),
("258","3","1","0.00","3rd Term","2020/2021","2nd Term"),
("259","4","2","0.00","1st Term","2020/2021","2nd Term"),
("260","5","2","0.00","2nd Term","2020/2021","2nd Term"),
("261","6","2","0.00","3rd Term","2020/2021","2nd Term"),
("262","7","3","0.00","1st Term","2020/2021","2nd Term"),
("263","8","3","0.00","2nd Term","2020/2021","2nd Term"),
("264","9","3","0.00","3rd Term","2020/2021","2nd Term"),
("265","10","4","0.00","1st Term","2020/2021","2nd Term"),
("266","11","4","0.00","2nd Term","2020/2021","2nd Term"),
("267","12","4","0.00","3rd Term","2020/2021","2nd Term"),
("268","13","5","0.00","1st Term","2020/2021","2nd Term"),
("269","14","5","0.00","2nd Term","2020/2021","2nd Term"),
("270","15","5","0.00","3rd Term","2020/2021","2nd Term"),
("271","16","6","0.00","1st Term","2020/2021","2nd Term"),
("272","17","6","0.00","2nd Term","2020/2021","2nd Term"),
("273","18","6","0.00","3rd Term","2020/2021","2nd Term"),
("274","19","7","0.00","1st Term","2020/2021","2nd Term"),
("275","20","7","0.00","2nd Term","2020/2021","2nd Term"),
("276","21","7","0.00","3rd Term","2020/2021","2nd Term"),
("277","22","8","0.00","1st Term","2020/2021","2nd Term"),
("278","23","8","0.00","2nd Term","2020/2021","2nd Term"),
("279","24","8","0.00","3rd Term","2020/2021","2nd Term"),
("280","25","9","0.00","1st Term","2020/2021","2nd Term"),
("281","26","9","0.00","2nd Term","2020/2021","2nd Term"),
("282","27","9","0.00","3rd Term","2020/2021","2nd Term"),
("283","31","11","0.00","1st Term","2020/2021","2nd Term"),
("284","32","11","0.00","2nd Term","2020/2021","2nd Term"),
("285","33","11","0.00","3rd Term","2020/2021","2nd Term"),
("286","34","12","0.00","1st Term","2020/2021","2nd Term"),
("287","35","12","0.00","2nd Term","2020/2021","2nd Term"),
("288","36","12","0.00","3rd Term","2020/2021","2nd Term"),
("289","37","13","0.00","1st Term","2020/2021","2nd Term"),
("290","38","13","0.00","2nd Term","2020/2021","2nd Term"),
("291","39","13","0.00","3rd Term","2020/2021","2nd Term"),
("292","40","14","0.00","1st Term","2020/2021","2nd Term"),
("293","41","14","0.00","2nd Term","2020/2021","2nd Term"),
("294","42","14","0.00","3rd Term","2020/2021","2nd Term"),
("295","1","1","0.00","1st Term","2020/2021","3rd Term"),
("296","2","1","0.00","2nd Term","2020/2021","3rd Term"),
("297","3","1","0.00","3rd Term","2020/2021","3rd Term"),
("298","4","2","0.00","1st Term","2020/2021","3rd Term"),
("299","5","2","0.00","2nd Term","2020/2021","3rd Term"),
("300","6","2","0.00","3rd Term","2020/2021","3rd Term");
INSERT INTO backup_new_fees_class VALUES
("301","7","3","0.00","1st Term","2020/2021","3rd Term"),
("302","8","3","0.00","2nd Term","2020/2021","3rd Term"),
("303","9","3","0.00","3rd Term","2020/2021","3rd Term"),
("304","10","4","0.00","1st Term","2020/2021","3rd Term"),
("305","11","4","0.00","2nd Term","2020/2021","3rd Term"),
("306","12","4","0.00","3rd Term","2020/2021","3rd Term"),
("307","13","5","0.00","1st Term","2020/2021","3rd Term"),
("308","14","5","0.00","2nd Term","2020/2021","3rd Term"),
("309","15","5","0.00","3rd Term","2020/2021","3rd Term"),
("310","16","6","0.00","1st Term","2020/2021","3rd Term"),
("311","17","6","0.00","2nd Term","2020/2021","3rd Term"),
("312","18","6","0.00","3rd Term","2020/2021","3rd Term"),
("313","19","7","0.00","1st Term","2020/2021","3rd Term"),
("314","20","7","0.00","2nd Term","2020/2021","3rd Term"),
("315","21","7","0.00","3rd Term","2020/2021","3rd Term"),
("316","22","8","0.00","1st Term","2020/2021","3rd Term"),
("317","23","8","0.00","2nd Term","2020/2021","3rd Term"),
("318","24","8","0.00","3rd Term","2020/2021","3rd Term"),
("319","25","9","0.00","1st Term","2020/2021","3rd Term"),
("320","26","9","0.00","2nd Term","2020/2021","3rd Term"),
("321","27","9","0.00","3rd Term","2020/2021","3rd Term"),
("322","31","11","0.00","1st Term","2020/2021","3rd Term"),
("323","32","11","0.00","2nd Term","2020/2021","3rd Term"),
("324","33","11","0.00","3rd Term","2020/2021","3rd Term"),
("325","34","12","0.00","1st Term","2020/2021","3rd Term"),
("326","35","12","0.00","2nd Term","2020/2021","3rd Term"),
("327","36","12","0.00","3rd Term","2020/2021","3rd Term"),
("328","37","13","0.00","1st Term","2020/2021","3rd Term"),
("329","38","13","0.00","2nd Term","2020/2021","3rd Term"),
("330","39","13","0.00","3rd Term","2020/2021","3rd Term"),
("331","40","14","0.00","1st Term","2020/2021","3rd Term"),
("332","41","14","0.00","2nd Term","2020/2021","3rd Term"),
("333","42","14","0.00","3rd Term","2020/2021","3rd Term"),
("334","1","1","0.00","1st Term","2021/2022","1st Term"),
("335","2","1","0.00","2nd Term","2021/2022","1st Term"),
("336","3","1","0.00","3rd Term","2021/2022","1st Term"),
("337","4","2","0.00","1st Term","2021/2022","1st Term"),
("338","5","2","0.00","2nd Term","2021/2022","1st Term"),
("339","6","2","0.00","3rd Term","2021/2022","1st Term"),
("340","7","3","0.00","1st Term","2021/2022","1st Term"),
("341","8","3","0.00","2nd Term","2021/2022","1st Term"),
("342","9","3","0.00","3rd Term","2021/2022","1st Term"),
("343","10","4","0.00","1st Term","2021/2022","1st Term"),
("344","11","4","0.00","2nd Term","2021/2022","1st Term"),
("345","12","4","0.00","3rd Term","2021/2022","1st Term"),
("346","13","5","0.00","1st Term","2021/2022","1st Term"),
("347","14","5","0.00","2nd Term","2021/2022","1st Term"),
("348","15","5","0.00","3rd Term","2021/2022","1st Term"),
("349","16","6","0.00","1st Term","2021/2022","1st Term"),
("350","17","6","0.00","2nd Term","2021/2022","1st Term"),
("351","18","6","0.00","3rd Term","2021/2022","1st Term"),
("352","19","7","0.00","1st Term","2021/2022","1st Term"),
("353","20","7","0.00","2nd Term","2021/2022","1st Term"),
("354","21","7","0.00","3rd Term","2021/2022","1st Term"),
("355","22","8","0.00","1st Term","2021/2022","1st Term"),
("356","23","8","0.00","2nd Term","2021/2022","1st Term"),
("357","24","8","0.00","3rd Term","2021/2022","1st Term"),
("358","25","9","0.00","1st Term","2021/2022","1st Term"),
("359","26","9","0.00","2nd Term","2021/2022","1st Term"),
("360","27","9","0.00","3rd Term","2021/2022","1st Term"),
("361","31","11","0.00","1st Term","2021/2022","1st Term"),
("362","32","11","0.00","2nd Term","2021/2022","1st Term"),
("363","33","11","0.00","3rd Term","2021/2022","1st Term"),
("364","34","12","0.00","1st Term","2021/2022","1st Term"),
("365","35","12","0.00","2nd Term","2021/2022","1st Term"),
("366","36","12","0.00","3rd Term","2021/2022","1st Term"),
("367","37","13","0.00","1st Term","2021/2022","1st Term"),
("368","38","13","0.00","2nd Term","2021/2022","1st Term"),
("369","39","13","0.00","3rd Term","2021/2022","1st Term"),
("370","40","14","0.00","1st Term","2021/2022","1st Term"),
("371","41","14","0.00","2nd Term","2021/2022","1st Term"),
("372","42","14","0.00","3rd Term","2021/2022","1st Term");




CREATE TABLE `backup_plan` (
  `backup_plan_id` int(10) unsigned NOT NULL AUTO_INCREMENT,
  `plan_id` int(10) unsigned NOT NULL,
  `plan_name` varchar(100) NOT NULL,
  `amount` decimal(15,2) unsigned NOT NULL,
  `date_added` datetime NOT NULL,
  `sessions` varchar(20) NOT NULL,
  `terms` varchar(15) NOT NULL,
  PRIMARY KEY (`backup_plan_id`),
  KEY `session_term` (`sessions`,`terms`)
) ENGINE=InnoDB DEFAULT CHARSET=latin1;






CREATE TABLE `behaviours` (
  `behaviour_id` int(11) NOT NULL AUTO_INCREMENT,
  `class_id` int(11) NOT NULL,
  `behaviour_order` int(11) NOT NULL,
  `behaviour_name` varchar(200) NOT NULL,
  PRIMARY KEY (`behaviour_id`),
  KEY `class_id` (`class_id`,`behaviour_order`)
) ENGINE=InnoDB AUTO_INCREMENT=141 DEFAULT CHARSET=latin1;


INSERT INTO behaviours VALUES
("1","1","1","HANDWRITING"),
("2","1","2","NEATNESS"),
("3","1","3","PUNCTUALITY"),
("4","1","4","ATTENTIVENESS"),
("5","1","5","INITIATIVE"),
("6","1","6","RESPECT"),
("7","1","7","OBEDIENCE"),
("8","1","8","ATTITUDE"),
("9","1","9","HONESTY"),
("10","1","10","CREATIVITY"),
("11","2","1","HANDWRITING"),
("12","2","2","NEATNESS"),
("13","2","3","PUNCTUALITY"),
("14","2","4","ATTENTIVENESS"),
("15","2","5","INITIATIVE"),
("16","2","6","RESPECT"),
("17","2","7","OBEDIENCE"),
("18","2","8","ATTITUDE"),
("19","2","9","HONESTY"),
("20","2","10","CREATIVITY"),
("21","3","1","HANDWRITING"),
("22","3","2","NEATNESS"),
("23","3","3","PUNCTUALITY"),
("24","3","4","ATTENTIVENESS"),
("25","3","5","INITIATIVE"),
("26","3","6","RESPECT"),
("27","3","7","OBEDIENCE"),
("28","3","8","ATTITUDE"),
("29","3","9","HONESTY"),
("30","3","10","CREATIVITY"),
("31","4","1","HANDWRITING"),
("32","4","2","NEATNESS"),
("33","4","3","PUNCTUALITY"),
("34","4","4","ATTENTIVENESS"),
("35","4","5","INITIATIVE"),
("36","4","6","RESPECT"),
("37","4","7","OBEDIENCE"),
("38","4","8","ATTITUDE"),
("39","4","9","HONESTY"),
("40","4","10","CREATIVITY"),
("41","5","1","HANDWRITING"),
("42","5","2","NEATNESS"),
("43","5","3","PUNCTUALITY"),
("44","5","4","ATTENTIVENESS"),
("45","5","5","INITIATIVE"),
("46","5","6","RESPECT"),
("47","5","7","OBEDIENCE"),
("48","5","8","ATTITUDE"),
("49","5","9","HONESTY"),
("50","5","10","CREATIVITY"),
("51","6","1","HANDWRITING"),
("52","6","2","NEATNESS"),
("53","6","3","PUNCTUALITY"),
("54","6","4","ATTENTIVENESS"),
("55","6","5","INITIATIVE"),
("56","6","6","RESPECT"),
("57","6","7","OBEDIENCE"),
("58","6","8","ATTITUDE"),
("59","6","9","HONESTY"),
("60","6","10","CREATIVITY"),
("61","7","1","HANDWRITING"),
("62","7","2","NEATNESS"),
("63","7","3","PUNCTUALITY"),
("64","7","4","ATTENTIVENESS"),
("65","7","5","INITIATIVE"),
("66","7","6","RESPECT"),
("67","7","7","OBEDIENCE"),
("68","7","8","ATTITUDE"),
("69","7","9","HONESTY"),
("70","7","10","CREATIVITY"),
("71","8","1","HANDWRITING"),
("72","8","2","NEATNESS"),
("73","8","3","PUNCTUALITY"),
("74","8","4","ATTENTIVENESS"),
("75","8","5","INITIATIVE"),
("76","8","6","RESPECT"),
("77","8","7","OBEDIENCE"),
("78","8","8","ATTITUDE"),
("79","8","9","HONESTY"),
("80","8","10","CREATIVITY"),
("81","9","1","HANDWRITING"),
("82","9","2","NEATNESS"),
("83","9","3","PUNCTUALITY"),
("84","9","4","ATTENTIVENESS"),
("85","9","5","INITIATIVE"),
("86","9","6","RESPECT"),
("87","9","7","OBEDIENCE"),
("88","9","8","ATTITUDE"),
("89","9","9","HONESTY"),
("90","9","10","CREATIVITY"),
("101","11","1","HANDWRITING"),
("102","11","2","NEATNESS"),
("103","11","3","PUNCTUALITY"),
("104","11","4","ATTENTIVENESS"),
("105","11","5","INITIATIVE"),
("106","11","6","RESPECT"),
("107","11","7","OBEDIENCE"),
("108","11","8","ATTITUDE"),
("109","11","9","HONESTY"),
("110","11","10","CREATIVITY");
INSERT INTO behaviours VALUES
("111","12","1","HANDWRITING"),
("112","12","2","NEATNESS"),
("113","12","3","PUNCTUALITY"),
("114","12","4","ATTENTIVENESS"),
("115","12","5","INITIATIVE"),
("116","12","6","RESPECT"),
("117","12","7","OBEDIENCE"),
("118","12","8","ATTITUDE"),
("119","12","9","HONESTY"),
("120","12","10","CREATIVITY"),
("121","13","1","HANDWRITING"),
("122","13","2","NEATNESS"),
("123","13","3","PUNCTUALITY"),
("124","13","4","ATTENTIVENESS"),
("125","13","5","INITIATIVE"),
("126","13","6","RESPECT"),
("127","13","7","OBEDIENCE"),
("128","13","8","ATTITUDE"),
("129","13","9","HONESTY"),
("130","13","10","CREATIVITY"),
("131","14","1","HANDWRITING"),
("132","14","2","NEATNESS"),
("133","14","3","PUNCTUALITY"),
("134","14","4","ATTENTIVENESS"),
("135","14","5","INITIATIVE"),
("136","14","6","RESPECT"),
("137","14","7","OBEDIENCE"),
("138","14","8","ATTITUDE"),
("139","14","9","HONESTY"),
("140","14","10","CREATIVITY");




CREATE TABLE `class` (
  `class_id` int(11) NOT NULL AUTO_INCREMENT,
  `class_name` varchar(30) NOT NULL,
  `class_order` int(10) unsigned NOT NULL,
  `section` varchar(10) NOT NULL,
  `promotional_average` varchar(5) NOT NULL,
  `new_student_fee` decimal(15,2) unsigned NOT NULL,
  PRIMARY KEY (`class_id`),
  KEY `order` (`class_order`),
  KEY `section` (`section`)
) ENGINE=InnoDB AUTO_INCREMENT=15 DEFAULT CHARSET=latin1;


INSERT INTO class VALUES
("1","NURSERY 1","3","nursery","50","0.00"),
("2","NURSERY 2","4","nursery","50","0.00"),
("3","KINDERGATEN 1","1","nursery","50","0.00"),
("4","KINDERGATEN 2","2","nursery","50","0.00"),
("5","BASIC 1","5","primary","50","0.00"),
("6","BASIC 2","6","primary","50","0.00"),
("7","BASIC 3","7","primary","50","0.00"),
("8","BASIC 4","8","primary","50","0.00"),
("9","BASIC 5","9","primary","50","0.00"),
("11","BASIC 7","10","primary","50","0.00"),
("12","BASIC 8","11","primary","50","0.00"),
("13","BASIC 9","12","primary","50","0.00"),
("14","HIGH SCHOOL 1","13","primary","50","0.00");




CREATE TABLE `class_approval` (
  `class_approval_id` int(11) NOT NULL AUTO_INCREMENT,
  `student_id` int(11) NOT NULL,
  `old_class_id` int(11) NOT NULL,
  `new_class_id` int(11) NOT NULL,
  `old_status` char(20) NOT NULL,
  `mode` char(20) NOT NULL,
  `date_sent` datetime NOT NULL,
  PRIMARY KEY (`class_approval_id`),
  KEY `old_status` (`old_status`)
) ENGINE=InnoDB DEFAULT CHARSET=latin1;






CREATE TABLE `class_category` (
  `class_category_id` int(11) NOT NULL AUTO_INCREMENT,
  `class_category_name` varchar(80) NOT NULL,
  `date_added` datetime NOT NULL DEFAULT current_timestamp(),
  PRIMARY KEY (`class_category_id`)
) ENGINE=InnoDB DEFAULT CHARSET=latin1;






CREATE TABLE `class_class_category` (
  `class_class_category_id` int(11) NOT NULL AUTO_INCREMENT,
  `class_id` int(11) NOT NULL,
  `class_category_id` int(11) NOT NULL,
  `date_added` datetime NOT NULL DEFAULT current_timestamp(),
  PRIMARY KEY (`class_class_category_id`),
  KEY `class_id` (`class_id`),
  KEY `class_category_id` (`class_category_id`)
) ENGINE=InnoDB DEFAULT CHARSET=latin1;






CREATE TABLE `class_storages` (
  `class_storage_id` int(11) NOT NULL AUTO_INCREMENT,
  `class_id` int(11) NOT NULL,
  `subclass_id` int(11) NOT NULL,
  `subject_id` int(11) NOT NULL,
  `class_storage_title` varchar(200) NOT NULL,
  `class_storage_dir` varchar(500) NOT NULL,
  `class_storage_date` datetime NOT NULL,
  PRIMARY KEY (`class_storage_id`)
) ENGINE=InnoDB DEFAULT CHARSET=latin1;






CREATE TABLE `class_subclass` (
  `class_subclass_id` int(10) unsigned NOT NULL AUTO_INCREMENT,
  `class_id` int(10) unsigned NOT NULL,
  `subclass_id` int(10) unsigned NOT NULL,
  PRIMARY KEY (`class_subclass_id`),
  KEY `class_id` (`class_id`),
  KEY `subclass_id` (`subclass_id`)
) ENGINE=InnoDB AUTO_INCREMENT=15 DEFAULT CHARSET=latin1;


INSERT INTO class_subclass VALUES
("1","1","0"),
("2","2","0"),
("3","3","0"),
("4","4","0"),
("5","5","0"),
("6","6","0"),
("7","7","0"),
("8","8","0"),
("9","9","0"),
("11","11","0"),
("12","12","0"),
("13","13","0"),
("14","14","0");




CREATE TABLE `contact_us` (
  `contact_us_id` int(11) NOT NULL AUTO_INCREMENT,
  `name` varchar(200) NOT NULL,
  `role` varchar(200) NOT NULL,
  `phonenumber` varchar(100) NOT NULL,
  `email` varchar(200) NOT NULL,
  `date_added` datetime NOT NULL DEFAULT current_timestamp(),
  PRIMARY KEY (`contact_us_id`)
) ENGINE=InnoDB DEFAULT CHARSET=utf8mb4;






CREATE TABLE `current_fees_info` (
  `current_fees_info_id` int(11) unsigned NOT NULL AUTO_INCREMENT,
  `student_id` int(11) unsigned NOT NULL,
  `class_id` int(10) unsigned NOT NULL,
  `current_school_fees` decimal(15,2) NOT NULL,
  `past_debt` decimal(15,2) NOT NULL,
  `amount_to_pay` decimal(15,2) NOT NULL,
  `amount_paid` decimal(15,2) NOT NULL,
  `discount` decimal(15,2) NOT NULL,
  `surcharge_amount` decimal(15,2) NOT NULL,
  `surcharge_reason` varchar(500) NOT NULL,
  `wave_over` decimal(15,2) NOT NULL,
  `owing` decimal(15,2) NOT NULL,
  `present_owing` decimal(15,2) NOT NULL,
  `class_fee` decimal(15,2) NOT NULL,
  `plan_fee` decimal(15,2) NOT NULL,
  `new_student_fee` decimal(15,2) NOT NULL,
  `room_fee` decimal(15,2) NOT NULL,
  `sessions` varchar(20) NOT NULL,
  `terms` varchar(20) NOT NULL,
  PRIMARY KEY (`current_fees_info_id`),
  KEY `student_id` (`student_id`),
  KEY `sess_term` (`sessions`,`terms`)
) ENGINE=InnoDB AUTO_INCREMENT=1378 DEFAULT CHARSET=latin1;


INSERT INTO current_fees_info VALUES
("1","1","4","0.00","0.00","0.00","0.00","0.00","0.00","","0.00","0.00","0.00","0.00","0.00","0.00","0.00","2018/2019","1st Term"),
("2","2","4","0.00","0.00","0.00","0.00","0.00","0.00","","0.00","0.00","0.00","0.00","0.00","0.00","0.00","2018/2019","1st Term"),
("3","3","4","0.00","0.00","0.00","0.00","0.00","0.00","","0.00","0.00","0.00","0.00","0.00","0.00","0.00","2018/2019","1st Term"),
("4","4","4","0.00","0.00","0.00","0.00","0.00","0.00","","0.00","0.00","0.00","0.00","0.00","0.00","0.00","2018/2019","1st Term"),
("5","5","4","0.00","0.00","0.00","0.00","0.00","0.00","","0.00","0.00","0.00","0.00","0.00","0.00","0.00","2018/2019","1st Term"),
("6","6","4","0.00","0.00","0.00","0.00","0.00","0.00","","0.00","0.00","0.00","0.00","0.00","0.00","0.00","2018/2019","1st Term"),
("7","7","4","0.00","0.00","0.00","0.00","0.00","0.00","","0.00","0.00","0.00","0.00","0.00","0.00","0.00","2018/2019","1st Term"),
("8","8","4","0.00","0.00","0.00","0.00","0.00","0.00","","0.00","0.00","0.00","0.00","0.00","0.00","0.00","2018/2019","1st Term"),
("9","9","4","0.00","0.00","0.00","0.00","0.00","0.00","","0.00","0.00","0.00","0.00","0.00","0.00","0.00","2018/2019","1st Term"),
("10","10","4","0.00","0.00","0.00","0.00","0.00","0.00","","0.00","0.00","0.00","0.00","0.00","0.00","0.00","2018/2019","1st Term"),
("11","11","4","0.00","0.00","0.00","0.00","0.00","0.00","","0.00","0.00","0.00","0.00","0.00","0.00","0.00","2018/2019","1st Term"),
("12","12","4","0.00","0.00","0.00","0.00","0.00","0.00","","0.00","0.00","0.00","0.00","0.00","0.00","0.00","2018/2019","1st Term"),
("13","13","4","0.00","0.00","0.00","0.00","0.00","0.00","","0.00","0.00","0.00","0.00","0.00","0.00","0.00","2018/2019","1st Term"),
("14","14","4","0.00","0.00","0.00","0.00","0.00","0.00","","0.00","0.00","0.00","0.00","0.00","0.00","0.00","2018/2019","1st Term"),
("15","15","4","0.00","0.00","0.00","0.00","0.00","0.00","","0.00","0.00","0.00","0.00","0.00","0.00","0.00","2018/2019","1st Term"),
("16","16","4","0.00","0.00","0.00","0.00","0.00","0.00","","0.00","0.00","0.00","0.00","0.00","0.00","0.00","2018/2019","1st Term"),
("17","17","4","0.00","0.00","0.00","0.00","0.00","0.00","","0.00","0.00","0.00","0.00","0.00","0.00","0.00","2018/2019","1st Term"),
("18","18","4","0.00","0.00","0.00","0.00","0.00","0.00","","0.00","0.00","0.00","0.00","0.00","0.00","0.00","2018/2019","1st Term"),
("19","19","4","0.00","0.00","0.00","0.00","0.00","0.00","","0.00","0.00","0.00","0.00","0.00","0.00","0.00","2018/2019","1st Term"),
("20","20","4","0.00","0.00","0.00","0.00","0.00","0.00","","0.00","0.00","0.00","0.00","0.00","0.00","0.00","2018/2019","1st Term"),
("21","21","3","0.00","0.00","0.00","0.00","0.00","0.00","","0.00","0.00","0.00","0.00","0.00","0.00","0.00","2018/2019","1st Term"),
("22","22","3","0.00","0.00","0.00","0.00","0.00","0.00","","0.00","0.00","0.00","0.00","0.00","0.00","0.00","2018/2019","1st Term"),
("23","23","3","0.00","0.00","0.00","0.00","0.00","0.00","","0.00","0.00","0.00","0.00","0.00","0.00","0.00","2018/2019","1st Term"),
("24","24","3","0.00","0.00","0.00","0.00","0.00","0.00","","0.00","0.00","0.00","0.00","0.00","0.00","0.00","2018/2019","1st Term"),
("25","25","3","0.00","0.00","0.00","0.00","0.00","0.00","","0.00","0.00","0.00","0.00","0.00","0.00","0.00","2018/2019","1st Term"),
("26","26","3","0.00","0.00","0.00","0.00","0.00","0.00","","0.00","0.00","0.00","0.00","0.00","0.00","0.00","2018/2019","1st Term"),
("27","27","3","0.00","0.00","0.00","0.00","0.00","0.00","","0.00","0.00","0.00","0.00","0.00","0.00","0.00","2018/2019","1st Term"),
("28","28","3","0.00","0.00","0.00","0.00","0.00","0.00","","0.00","0.00","0.00","0.00","0.00","0.00","0.00","2018/2019","1st Term"),
("29","29","3","0.00","0.00","0.00","0.00","0.00","0.00","","0.00","0.00","0.00","0.00","0.00","0.00","0.00","2018/2019","1st Term"),
("30","30","3","0.00","0.00","0.00","0.00","0.00","0.00","","0.00","0.00","0.00","0.00","0.00","0.00","0.00","2018/2019","1st Term"),
("31","31","3","0.00","0.00","0.00","0.00","0.00","0.00","","0.00","0.00","0.00","0.00","0.00","0.00","0.00","2018/2019","1st Term"),
("32","32","3","0.00","0.00","0.00","0.00","0.00","0.00","","0.00","0.00","0.00","0.00","0.00","0.00","0.00","2018/2019","1st Term"),
("33","33","3","0.00","0.00","0.00","0.00","0.00","0.00","","0.00","0.00","0.00","0.00","0.00","0.00","0.00","2018/2019","1st Term"),
("34","34","3","0.00","0.00","0.00","0.00","0.00","0.00","","0.00","0.00","0.00","0.00","0.00","0.00","0.00","2018/2019","1st Term"),
("35","35","5","0.00","0.00","0.00","0.00","0.00","0.00","","0.00","0.00","0.00","0.00","0.00","0.00","0.00","2018/2019","1st Term"),
("36","36","5","0.00","0.00","0.00","0.00","0.00","0.00","","0.00","0.00","0.00","0.00","0.00","0.00","0.00","2018/2019","1st Term"),
("37","37","5","0.00","0.00","0.00","0.00","0.00","0.00","","0.00","0.00","0.00","0.00","0.00","0.00","0.00","2018/2019","1st Term"),
("38","38","5","0.00","0.00","0.00","0.00","0.00","0.00","","0.00","0.00","0.00","0.00","0.00","0.00","0.00","2018/2019","1st Term"),
("39","39","5","0.00","0.00","0.00","0.00","0.00","0.00","","0.00","0.00","0.00","0.00","0.00","0.00","0.00","2018/2019","1st Term"),
("40","40","5","0.00","0.00","0.00","0.00","0.00","0.00","","0.00","0.00","0.00","0.00","0.00","0.00","0.00","2018/2019","1st Term"),
("41","41","5","0.00","0.00","0.00","0.00","0.00","0.00","","0.00","0.00","0.00","0.00","0.00","0.00","0.00","2018/2019","1st Term"),
("42","42","5","0.00","0.00","0.00","0.00","0.00","0.00","","0.00","0.00","0.00","0.00","0.00","0.00","0.00","2018/2019","1st Term"),
("43","43","5","0.00","0.00","0.00","0.00","0.00","0.00","","0.00","0.00","0.00","0.00","0.00","0.00","0.00","2018/2019","1st Term"),
("44","44","5","0.00","0.00","0.00","0.00","0.00","0.00","","0.00","0.00","0.00","0.00","0.00","0.00","0.00","2018/2019","1st Term"),
("45","45","5","0.00","0.00","0.00","0.00","0.00","0.00","","0.00","0.00","0.00","0.00","0.00","0.00","0.00","2018/2019","1st Term"),
("46","46","5","0.00","0.00","0.00","0.00","0.00","0.00","","0.00","0.00","0.00","0.00","0.00","0.00","0.00","2018/2019","1st Term"),
("47","47","5","0.00","0.00","0.00","0.00","0.00","0.00","","0.00","0.00","0.00","0.00","0.00","0.00","0.00","2018/2019","1st Term"),
("48","48","5","0.00","0.00","0.00","0.00","0.00","0.00","","0.00","0.00","0.00","0.00","0.00","0.00","0.00","2018/2019","1st Term"),
("49","49","5","0.00","0.00","0.00","0.00","0.00","0.00","","0.00","0.00","0.00","0.00","0.00","0.00","0.00","2018/2019","1st Term"),
("50","50","5","0.00","0.00","0.00","0.00","0.00","0.00","","0.00","0.00","0.00","0.00","0.00","0.00","0.00","2018/2019","1st Term"),
("51","51","5","0.00","0.00","0.00","0.00","0.00","0.00","","0.00","0.00","0.00","0.00","0.00","0.00","0.00","2018/2019","1st Term"),
("52","52","1","0.00","0.00","0.00","0.00","0.00","0.00","","0.00","0.00","0.00","0.00","0.00","0.00","0.00","2018/2019","1st Term"),
("53","53","1","0.00","0.00","0.00","0.00","0.00","0.00","","0.00","0.00","0.00","0.00","0.00","0.00","0.00","2018/2019","1st Term"),
("54","54","1","0.00","0.00","0.00","0.00","0.00","0.00","","0.00","0.00","0.00","0.00","0.00","0.00","0.00","2018/2019","1st Term"),
("55","55","1","0.00","0.00","0.00","0.00","0.00","0.00","","0.00","0.00","0.00","0.00","0.00","0.00","0.00","2018/2019","1st Term"),
("56","56","1","0.00","0.00","0.00","0.00","0.00","0.00","","0.00","0.00","0.00","0.00","0.00","0.00","0.00","2018/2019","1st Term"),
("57","57","1","0.00","0.00","0.00","0.00","0.00","0.00","","0.00","0.00","0.00","0.00","0.00","0.00","0.00","2018/2019","1st Term"),
("58","58","1","0.00","0.00","0.00","0.00","0.00","0.00","","0.00","0.00","0.00","0.00","0.00","0.00","0.00","2018/2019","1st Term"),
("59","59","1","0.00","0.00","0.00","0.00","0.00","0.00","","0.00","0.00","0.00","0.00","0.00","0.00","0.00","2018/2019","1st Term"),
("60","60","1","0.00","0.00","0.00","0.00","0.00","0.00","","0.00","0.00","0.00","0.00","0.00","0.00","0.00","2018/2019","1st Term"),
("61","61","1","0.00","0.00","0.00","0.00","0.00","0.00","","0.00","0.00","0.00","0.00","0.00","0.00","0.00","2018/2019","1st Term"),
("62","62","1","0.00","0.00","0.00","0.00","0.00","0.00","","0.00","0.00","0.00","0.00","0.00","0.00","0.00","2018/2019","1st Term"),
("63","63","1","0.00","0.00","0.00","0.00","0.00","0.00","","0.00","0.00","0.00","0.00","0.00","0.00","0.00","2018/2019","1st Term"),
("64","64","1","0.00","0.00","0.00","0.00","0.00","0.00","","0.00","0.00","0.00","0.00","0.00","0.00","0.00","2018/2019","1st Term"),
("65","65","1","0.00","0.00","0.00","0.00","0.00","0.00","","0.00","0.00","0.00","0.00","0.00","0.00","0.00","2018/2019","1st Term"),
("66","66","1","0.00","0.00","0.00","0.00","0.00","0.00","","0.00","0.00","0.00","0.00","0.00","0.00","0.00","2018/2019","1st Term"),
("67","67","1","0.00","0.00","0.00","0.00","0.00","0.00","","0.00","0.00","0.00","0.00","0.00","0.00","0.00","2018/2019","1st Term"),
("68","68","1","0.00","0.00","0.00","0.00","0.00","0.00","","0.00","0.00","0.00","0.00","0.00","0.00","0.00","2018/2019","1st Term"),
("69","69","1","0.00","0.00","0.00","0.00","0.00","0.00","","0.00","0.00","0.00","0.00","0.00","0.00","0.00","2018/2019","1st Term"),
("70","70","1","0.00","0.00","0.00","0.00","0.00","0.00","","0.00","0.00","0.00","0.00","0.00","0.00","0.00","2018/2019","1st Term"),
("71","71","12","0.00","0.00","0.00","0.00","0.00","0.00","","0.00","0.00","0.00","0.00","0.00","0.00","0.00","2018/2019","1st Term"),
("72","72","12","0.00","0.00","0.00","0.00","0.00","0.00","","0.00","0.00","0.00","0.00","0.00","0.00","0.00","2018/2019","1st Term"),
("73","73","12","0.00","0.00","0.00","0.00","0.00","0.00","","0.00","0.00","0.00","0.00","0.00","0.00","0.00","2018/2019","1st Term"),
("74","74","12","0.00","0.00","0.00","0.00","0.00","0.00","","0.00","0.00","0.00","0.00","0.00","0.00","0.00","2018/2019","1st Term"),
("75","75","12","0.00","0.00","0.00","0.00","0.00","0.00","","0.00","0.00","0.00","0.00","0.00","0.00","0.00","2018/2019","1st Term"),
("76","76","12","0.00","0.00","0.00","0.00","0.00","0.00","","0.00","0.00","0.00","0.00","0.00","0.00","0.00","2018/2019","1st Term"),
("77","77","12","0.00","0.00","0.00","0.00","0.00","0.00","","0.00","0.00","0.00","0.00","0.00","0.00","0.00","2018/2019","1st Term"),
("78","78","12","0.00","0.00","0.00","0.00","0.00","0.00","","0.00","0.00","0.00","0.00","0.00","0.00","0.00","2018/2019","1st Term"),
("79","79","12","0.00","0.00","0.00","0.00","0.00","0.00","","0.00","0.00","0.00","0.00","0.00","0.00","0.00","2018/2019","1st Term"),
("80","80","12","0.00","0.00","0.00","0.00","0.00","0.00","","0.00","0.00","0.00","0.00","0.00","0.00","0.00","2018/2019","1st Term"),
("81","81","2","0.00","0.00","0.00","0.00","0.00","0.00","","0.00","0.00","0.00","0.00","0.00","0.00","0.00","2018/2019","1st Term"),
("82","82","2","0.00","0.00","0.00","0.00","0.00","0.00","","0.00","0.00","0.00","0.00","0.00","0.00","0.00","2018/2019","1st Term"),
("83","83","2","0.00","0.00","0.00","0.00","0.00","0.00","","0.00","0.00","0.00","0.00","0.00","0.00","0.00","2018/2019","1st Term"),
("84","84","2","0.00","0.00","0.00","0.00","0.00","0.00","","0.00","0.00","0.00","0.00","0.00","0.00","0.00","2018/2019","1st Term"),
("85","85","2","0.00","0.00","0.00","0.00","0.00","0.00","","0.00","0.00","0.00","0.00","0.00","0.00","0.00","2018/2019","1st Term"),
("86","86","2","0.00","0.00","0.00","0.00","0.00","0.00","","0.00","0.00","0.00","0.00","0.00","0.00","0.00","2018/2019","1st Term"),
("88","88","2","0.00","0.00","0.00","0.00","0.00","0.00","","0.00","0.00","0.00","0.00","0.00","0.00","0.00","2018/2019","1st Term"),
("89","89","2","0.00","0.00","0.00","0.00","0.00","0.00","","0.00","0.00","0.00","0.00","0.00","0.00","0.00","2018/2019","1st Term"),
("91","91","2","0.00","0.00","0.00","0.00","0.00","0.00","","0.00","0.00","0.00","0.00","0.00","0.00","0.00","2018/2019","1st Term"),
("92","92","2","0.00","0.00","0.00","0.00","0.00","0.00","","0.00","0.00","0.00","0.00","0.00","0.00","0.00","2018/2019","1st Term"),
("93","93","2","0.00","0.00","0.00","0.00","0.00","0.00","","0.00","0.00","0.00","0.00","0.00","0.00","0.00","2018/2019","1st Term"),
("94","94","2","0.00","0.00","0.00","0.00","0.00","0.00","","0.00","0.00","0.00","0.00","0.00","0.00","0.00","2018/2019","1st Term"),
("95","95","2","0.00","0.00","0.00","0.00","0.00","0.00","","0.00","0.00","0.00","0.00","0.00","0.00","0.00","2018/2019","1st Term"),
("96","96","2","0.00","0.00","0.00","0.00","0.00","0.00","","0.00","0.00","0.00","0.00","0.00","0.00","0.00","2018/2019","1st Term"),
("97","97","2","0.00","0.00","0.00","0.00","0.00","0.00","","0.00","0.00","0.00","0.00","0.00","0.00","0.00","2018/2019","1st Term"),
("98","98","2","0.00","0.00","0.00","0.00","0.00","0.00","","0.00","0.00","0.00","0.00","0.00","0.00","0.00","2018/2019","1st Term"),
("100","100","2","0.00","0.00","0.00","0.00","0.00","0.00","","0.00","0.00","0.00","0.00","0.00","0.00","0.00","2018/2019","1st Term"),
("101","101","2","0.00","0.00","0.00","0.00","0.00","0.00","","0.00","0.00","0.00","0.00","0.00","0.00","0.00","2018/2019","1st Term"),
("102","102","2","0.00","0.00","0.00","0.00","0.00","0.00","","0.00","0.00","0.00","0.00","0.00","0.00","0.00","2018/2019","1st Term"),
("103","103","2","0.00","0.00","0.00","0.00","0.00","0.00","","0.00","0.00","0.00","0.00","0.00","0.00","0.00","2018/2019","1st Term");
INSERT INTO current_fees_info VALUES
("104","104","2","0.00","0.00","0.00","0.00","0.00","0.00","","0.00","0.00","0.00","0.00","0.00","0.00","0.00","2018/2019","1st Term"),
("105","105","2","0.00","0.00","0.00","0.00","0.00","0.00","","0.00","0.00","0.00","0.00","0.00","0.00","0.00","2018/2019","1st Term"),
("106","106","2","0.00","0.00","0.00","0.00","0.00","0.00","","0.00","0.00","0.00","0.00","0.00","0.00","0.00","2018/2019","1st Term"),
("107","107","6","0.00","0.00","0.00","0.00","0.00","0.00","","0.00","0.00","0.00","0.00","0.00","0.00","0.00","2018/2019","1st Term"),
("108","108","6","0.00","0.00","0.00","0.00","0.00","0.00","","0.00","0.00","0.00","0.00","0.00","0.00","0.00","2018/2019","1st Term"),
("109","109","6","0.00","0.00","0.00","0.00","0.00","0.00","","0.00","0.00","0.00","0.00","0.00","0.00","0.00","2018/2019","1st Term"),
("110","110","6","0.00","0.00","0.00","0.00","0.00","0.00","","0.00","0.00","0.00","0.00","0.00","0.00","0.00","2018/2019","1st Term"),
("111","111","6","0.00","0.00","0.00","0.00","0.00","0.00","","0.00","0.00","0.00","0.00","0.00","0.00","0.00","2018/2019","1st Term"),
("112","112","6","0.00","0.00","0.00","0.00","0.00","0.00","","0.00","0.00","0.00","0.00","0.00","0.00","0.00","2018/2019","1st Term"),
("113","113","6","0.00","0.00","0.00","0.00","0.00","0.00","","0.00","0.00","0.00","0.00","0.00","0.00","0.00","2018/2019","1st Term"),
("114","114","6","0.00","0.00","0.00","0.00","0.00","0.00","","0.00","0.00","0.00","0.00","0.00","0.00","0.00","2018/2019","1st Term"),
("115","115","6","0.00","0.00","0.00","0.00","0.00","0.00","","0.00","0.00","0.00","0.00","0.00","0.00","0.00","2018/2019","1st Term"),
("116","116","6","0.00","0.00","0.00","0.00","0.00","0.00","","0.00","0.00","0.00","0.00","0.00","0.00","0.00","2018/2019","1st Term"),
("117","117","6","0.00","0.00","0.00","0.00","0.00","0.00","","0.00","0.00","0.00","0.00","0.00","0.00","0.00","2018/2019","1st Term"),
("118","118","6","0.00","0.00","0.00","0.00","0.00","0.00","","0.00","0.00","0.00","0.00","0.00","0.00","0.00","2018/2019","1st Term"),
("119","119","6","0.00","0.00","0.00","0.00","0.00","0.00","","0.00","0.00","0.00","0.00","0.00","0.00","0.00","2018/2019","1st Term"),
("120","120","6","0.00","0.00","0.00","0.00","0.00","0.00","","0.00","0.00","0.00","0.00","0.00","0.00","0.00","2018/2019","1st Term"),
("121","121","6","0.00","0.00","0.00","0.00","0.00","0.00","","0.00","0.00","0.00","0.00","0.00","0.00","0.00","2018/2019","1st Term"),
("122","122","13","0.00","0.00","0.00","0.00","0.00","0.00","","0.00","0.00","0.00","0.00","0.00","0.00","0.00","2018/2019","1st Term"),
("123","123","13","0.00","0.00","0.00","0.00","0.00","0.00","","0.00","0.00","0.00","0.00","0.00","0.00","0.00","2018/2019","1st Term"),
("124","124","13","0.00","0.00","0.00","0.00","0.00","0.00","","0.00","0.00","0.00","0.00","0.00","0.00","0.00","2018/2019","1st Term"),
("125","125","13","0.00","0.00","0.00","0.00","0.00","0.00","","0.00","0.00","0.00","0.00","0.00","0.00","0.00","2018/2019","1st Term"),
("126","126","8","0.00","0.00","0.00","0.00","0.00","0.00","","0.00","0.00","0.00","0.00","0.00","0.00","0.00","2018/2019","1st Term"),
("127","127","8","0.00","0.00","0.00","0.00","0.00","0.00","","0.00","0.00","0.00","0.00","0.00","0.00","0.00","2018/2019","1st Term"),
("128","128","8","0.00","0.00","0.00","0.00","0.00","0.00","","0.00","0.00","0.00","0.00","0.00","0.00","0.00","2018/2019","1st Term"),
("129","129","8","0.00","0.00","0.00","0.00","0.00","0.00","","0.00","0.00","0.00","0.00","0.00","0.00","0.00","2018/2019","1st Term"),
("130","130","8","0.00","0.00","0.00","0.00","0.00","0.00","","0.00","0.00","0.00","0.00","0.00","0.00","0.00","2018/2019","1st Term"),
("131","131","8","0.00","0.00","0.00","0.00","0.00","0.00","","0.00","0.00","0.00","0.00","0.00","0.00","0.00","2018/2019","1st Term"),
("132","132","8","0.00","0.00","0.00","0.00","0.00","0.00","","0.00","0.00","0.00","0.00","0.00","0.00","0.00","2018/2019","1st Term"),
("133","133","8","0.00","0.00","0.00","0.00","0.00","0.00","","0.00","0.00","0.00","0.00","0.00","0.00","0.00","2018/2019","1st Term"),
("134","134","8","0.00","0.00","0.00","0.00","0.00","0.00","","0.00","0.00","0.00","0.00","0.00","0.00","0.00","2018/2019","1st Term"),
("135","135","8","0.00","0.00","0.00","0.00","0.00","0.00","","0.00","0.00","0.00","0.00","0.00","0.00","0.00","2018/2019","1st Term"),
("136","136","8","0.00","0.00","0.00","0.00","0.00","0.00","","0.00","0.00","0.00","0.00","0.00","0.00","0.00","2018/2019","1st Term"),
("137","137","8","0.00","0.00","0.00","0.00","0.00","0.00","","0.00","0.00","0.00","0.00","0.00","0.00","0.00","2018/2019","1st Term"),
("138","138","8","0.00","0.00","0.00","0.00","0.00","0.00","","0.00","0.00","0.00","0.00","0.00","0.00","0.00","2018/2019","1st Term"),
("139","139","9","0.00","0.00","0.00","0.00","0.00","0.00","","0.00","0.00","0.00","0.00","0.00","0.00","0.00","2018/2019","1st Term"),
("140","140","9","0.00","0.00","0.00","0.00","0.00","0.00","","0.00","0.00","0.00","0.00","0.00","0.00","0.00","2018/2019","1st Term"),
("141","141","9","0.00","0.00","0.00","0.00","0.00","0.00","","0.00","0.00","0.00","0.00","0.00","0.00","0.00","2018/2019","1st Term"),
("142","142","9","0.00","0.00","0.00","0.00","0.00","0.00","","0.00","0.00","0.00","0.00","0.00","0.00","0.00","2018/2019","1st Term"),
("143","143","9","0.00","0.00","0.00","0.00","0.00","0.00","","0.00","0.00","0.00","0.00","0.00","0.00","0.00","2018/2019","1st Term"),
("144","144","9","0.00","0.00","0.00","0.00","0.00","0.00","","0.00","0.00","0.00","0.00","0.00","0.00","0.00","2018/2019","1st Term"),
("145","145","9","0.00","0.00","0.00","0.00","0.00","0.00","","0.00","0.00","0.00","0.00","0.00","0.00","0.00","2018/2019","1st Term"),
("146","146","9","0.00","0.00","0.00","0.00","0.00","0.00","","0.00","0.00","0.00","0.00","0.00","0.00","0.00","2018/2019","1st Term"),
("147","147","9","0.00","0.00","0.00","0.00","0.00","0.00","","0.00","0.00","0.00","0.00","0.00","0.00","0.00","2018/2019","1st Term"),
("148","148","9","0.00","0.00","0.00","0.00","0.00","0.00","","0.00","0.00","0.00","0.00","0.00","0.00","0.00","2018/2019","1st Term"),
("149","149","9","0.00","0.00","0.00","0.00","0.00","0.00","","0.00","0.00","0.00","0.00","0.00","0.00","0.00","2018/2019","1st Term"),
("150","150","9","0.00","0.00","0.00","0.00","0.00","0.00","","0.00","0.00","0.00","0.00","0.00","0.00","0.00","2018/2019","1st Term"),
("151","151","9","0.00","0.00","0.00","0.00","0.00","0.00","","0.00","0.00","0.00","0.00","0.00","0.00","0.00","2018/2019","1st Term"),
("152","152","9","0.00","0.00","0.00","0.00","0.00","0.00","","0.00","0.00","0.00","0.00","0.00","0.00","0.00","2018/2019","1st Term"),
("153","153","9","0.00","0.00","0.00","0.00","0.00","0.00","","0.00","0.00","0.00","0.00","0.00","0.00","0.00","2018/2019","1st Term"),
("154","154","9","0.00","0.00","0.00","0.00","0.00","0.00","","0.00","0.00","0.00","0.00","0.00","0.00","0.00","2018/2019","1st Term"),
("155","155","9","0.00","0.00","0.00","0.00","0.00","0.00","","0.00","0.00","0.00","0.00","0.00","0.00","0.00","2018/2019","1st Term"),
("156","156","11","0.00","0.00","0.00","0.00","0.00","0.00","","0.00","0.00","0.00","0.00","0.00","0.00","0.00","2018/2019","1st Term"),
("157","157","11","0.00","0.00","0.00","0.00","0.00","0.00","","0.00","0.00","0.00","0.00","0.00","0.00","0.00","2018/2019","1st Term"),
("158","158","11","0.00","0.00","0.00","0.00","0.00","0.00","","0.00","0.00","0.00","0.00","0.00","0.00","0.00","2018/2019","1st Term"),
("159","159","11","0.00","0.00","0.00","0.00","0.00","0.00","","0.00","0.00","0.00","0.00","0.00","0.00","0.00","2018/2019","1st Term"),
("160","160","11","0.00","0.00","0.00","0.00","0.00","0.00","","0.00","0.00","0.00","0.00","0.00","0.00","0.00","2018/2019","1st Term"),
("161","161","11","0.00","0.00","0.00","0.00","0.00","0.00","","0.00","0.00","0.00","0.00","0.00","0.00","0.00","2018/2019","1st Term"),
("162","162","11","0.00","0.00","0.00","0.00","0.00","0.00","","0.00","0.00","0.00","0.00","0.00","0.00","0.00","2018/2019","1st Term"),
("163","163","11","0.00","0.00","0.00","0.00","0.00","0.00","","0.00","0.00","0.00","0.00","0.00","0.00","0.00","2018/2019","1st Term"),
("164","164","11","0.00","0.00","0.00","0.00","0.00","0.00","","0.00","0.00","0.00","0.00","0.00","0.00","0.00","2018/2019","1st Term"),
("165","165","11","0.00","0.00","0.00","0.00","0.00","0.00","","0.00","0.00","0.00","0.00","0.00","0.00","0.00","2018/2019","1st Term"),
("166","166","11","0.00","0.00","0.00","0.00","0.00","0.00","","0.00","0.00","0.00","0.00","0.00","0.00","0.00","2018/2019","1st Term"),
("167","167","7","0.00","0.00","0.00","0.00","0.00","0.00","","0.00","0.00","0.00","0.00","0.00","0.00","0.00","2018/2019","1st Term"),
("168","168","7","0.00","0.00","0.00","0.00","0.00","0.00","","0.00","0.00","0.00","0.00","0.00","0.00","0.00","2018/2019","1st Term"),
("169","169","7","0.00","0.00","0.00","0.00","0.00","0.00","","0.00","0.00","0.00","0.00","0.00","0.00","0.00","2018/2019","1st Term"),
("170","170","7","0.00","0.00","0.00","0.00","0.00","0.00","","0.00","0.00","0.00","0.00","0.00","0.00","0.00","2018/2019","1st Term"),
("171","171","7","0.00","0.00","0.00","0.00","0.00","0.00","","0.00","0.00","0.00","0.00","0.00","0.00","0.00","2018/2019","1st Term"),
("172","172","7","0.00","0.00","0.00","0.00","0.00","0.00","","0.00","0.00","0.00","0.00","0.00","0.00","0.00","2018/2019","1st Term"),
("173","173","7","0.00","0.00","0.00","0.00","0.00","0.00","","0.00","0.00","0.00","0.00","0.00","0.00","0.00","2018/2019","1st Term"),
("174","174","7","0.00","0.00","0.00","0.00","0.00","0.00","","0.00","0.00","0.00","0.00","0.00","0.00","0.00","2018/2019","1st Term"),
("175","175","7","0.00","0.00","0.00","0.00","0.00","0.00","","0.00","0.00","0.00","0.00","0.00","0.00","0.00","2018/2019","1st Term"),
("176","176","7","0.00","0.00","0.00","0.00","0.00","0.00","","0.00","0.00","0.00","0.00","0.00","0.00","0.00","2018/2019","1st Term"),
("177","177","7","0.00","0.00","0.00","0.00","0.00","0.00","","0.00","0.00","0.00","0.00","0.00","0.00","0.00","2018/2019","1st Term"),
("178","178","7","0.00","0.00","0.00","0.00","0.00","0.00","","0.00","0.00","0.00","0.00","0.00","0.00","0.00","2018/2019","1st Term"),
("179","179","7","0.00","0.00","0.00","0.00","0.00","0.00","","0.00","0.00","0.00","0.00","0.00","0.00","0.00","2018/2019","1st Term"),
("180","180","7","0.00","0.00","0.00","0.00","0.00","0.00","","0.00","0.00","0.00","0.00","0.00","0.00","0.00","2018/2019","1st Term"),
("181","181","7","0.00","0.00","0.00","0.00","0.00","0.00","","0.00","0.00","0.00","0.00","0.00","0.00","0.00","2018/2019","1st Term"),
("182","182","7","0.00","0.00","0.00","0.00","0.00","0.00","","0.00","0.00","0.00","0.00","0.00","0.00","0.00","2018/2019","1st Term"),
("183","183","7","0.00","0.00","0.00","0.00","0.00","0.00","","0.00","0.00","0.00","0.00","0.00","0.00","0.00","2018/2019","1st Term"),
("184","184","6","0.00","0.00","0.00","0.00","0.00","0.00","","0.00","0.00","0.00","0.00","0.00","0.00","0.00","2018/2019","1st Term"),
("185","185","2","0.00","0.00","0.00","0.00","0.00","0.00","","0.00","0.00","0.00","0.00","0.00","0.00","0.00","2018/2019","1st Term"),
("186","1","4","0.00","0.00","0.00","0.00","0.00","0.00","","0.00","0.00","0.00","0.00","0.00","0.00","0.00","2018/2019","2nd Term"),
("187","2","4","0.00","0.00","0.00","0.00","0.00","0.00","","0.00","0.00","0.00","0.00","0.00","0.00","0.00","2018/2019","2nd Term"),
("188","3","4","0.00","0.00","0.00","0.00","0.00","0.00","","0.00","0.00","0.00","0.00","0.00","0.00","0.00","2018/2019","2nd Term"),
("189","4","4","0.00","0.00","0.00","0.00","0.00","0.00","","0.00","0.00","0.00","0.00","0.00","0.00","0.00","2018/2019","2nd Term"),
("190","5","4","0.00","0.00","0.00","0.00","0.00","0.00","","0.00","0.00","0.00","0.00","0.00","0.00","0.00","2018/2019","2nd Term"),
("191","6","4","0.00","0.00","0.00","0.00","0.00","0.00","","0.00","0.00","0.00","0.00","0.00","0.00","0.00","2018/2019","2nd Term"),
("192","7","4","0.00","0.00","0.00","0.00","0.00","0.00","","0.00","0.00","0.00","0.00","0.00","0.00","0.00","2018/2019","2nd Term"),
("193","8","4","0.00","0.00","0.00","0.00","0.00","0.00","","0.00","0.00","0.00","0.00","0.00","0.00","0.00","2018/2019","2nd Term"),
("194","9","4","0.00","0.00","0.00","0.00","0.00","0.00","","0.00","0.00","0.00","0.00","0.00","0.00","0.00","2018/2019","2nd Term"),
("195","10","4","0.00","0.00","0.00","0.00","0.00","0.00","","0.00","0.00","0.00","0.00","0.00","0.00","0.00","2018/2019","2nd Term"),
("196","11","4","0.00","0.00","0.00","0.00","0.00","0.00","","0.00","0.00","0.00","0.00","0.00","0.00","0.00","2018/2019","2nd Term"),
("197","12","4","0.00","0.00","0.00","0.00","0.00","0.00","","0.00","0.00","0.00","0.00","0.00","0.00","0.00","2018/2019","2nd Term"),
("198","13","4","0.00","0.00","0.00","0.00","0.00","0.00","","0.00","0.00","0.00","0.00","0.00","0.00","0.00","2018/2019","2nd Term"),
("199","14","4","0.00","0.00","0.00","0.00","0.00","0.00","","0.00","0.00","0.00","0.00","0.00","0.00","0.00","2018/2019","2nd Term"),
("200","15","4","0.00","0.00","0.00","0.00","0.00","0.00","","0.00","0.00","0.00","0.00","0.00","0.00","0.00","2018/2019","2nd Term"),
("201","16","4","0.00","0.00","0.00","0.00","0.00","0.00","","0.00","0.00","0.00","0.00","0.00","0.00","0.00","2018/2019","2nd Term"),
("202","17","4","0.00","0.00","0.00","0.00","0.00","0.00","","0.00","0.00","0.00","0.00","0.00","0.00","0.00","2018/2019","2nd Term"),
("203","18","4","0.00","0.00","0.00","0.00","0.00","0.00","","0.00","0.00","0.00","0.00","0.00","0.00","0.00","2018/2019","2nd Term");
INSERT INTO current_fees_info VALUES
("204","19","4","0.00","0.00","0.00","0.00","0.00","0.00","","0.00","0.00","0.00","0.00","0.00","0.00","0.00","2018/2019","2nd Term"),
("205","20","4","0.00","0.00","0.00","0.00","0.00","0.00","","0.00","0.00","0.00","0.00","0.00","0.00","0.00","2018/2019","2nd Term"),
("206","21","3","0.00","0.00","0.00","0.00","0.00","0.00","","0.00","0.00","0.00","0.00","0.00","0.00","0.00","2018/2019","2nd Term"),
("207","22","3","0.00","0.00","0.00","0.00","0.00","0.00","","0.00","0.00","0.00","0.00","0.00","0.00","0.00","2018/2019","2nd Term"),
("208","23","3","0.00","0.00","0.00","0.00","0.00","0.00","","0.00","0.00","0.00","0.00","0.00","0.00","0.00","2018/2019","2nd Term"),
("209","24","3","0.00","0.00","0.00","0.00","0.00","0.00","","0.00","0.00","0.00","0.00","0.00","0.00","0.00","2018/2019","2nd Term"),
("210","25","3","0.00","0.00","0.00","0.00","0.00","0.00","","0.00","0.00","0.00","0.00","0.00","0.00","0.00","2018/2019","2nd Term"),
("211","26","3","0.00","0.00","0.00","0.00","0.00","0.00","","0.00","0.00","0.00","0.00","0.00","0.00","0.00","2018/2019","2nd Term"),
("212","27","3","0.00","0.00","0.00","0.00","0.00","0.00","","0.00","0.00","0.00","0.00","0.00","0.00","0.00","2018/2019","2nd Term"),
("213","28","3","0.00","0.00","0.00","0.00","0.00","0.00","","0.00","0.00","0.00","0.00","0.00","0.00","0.00","2018/2019","2nd Term"),
("214","29","3","0.00","0.00","0.00","0.00","0.00","0.00","","0.00","0.00","0.00","0.00","0.00","0.00","0.00","2018/2019","2nd Term"),
("215","30","3","0.00","0.00","0.00","0.00","0.00","0.00","","0.00","0.00","0.00","0.00","0.00","0.00","0.00","2018/2019","2nd Term"),
("216","31","3","0.00","0.00","0.00","0.00","0.00","0.00","","0.00","0.00","0.00","0.00","0.00","0.00","0.00","2018/2019","2nd Term"),
("217","32","3","0.00","0.00","0.00","0.00","0.00","0.00","","0.00","0.00","0.00","0.00","0.00","0.00","0.00","2018/2019","2nd Term"),
("218","33","3","0.00","0.00","0.00","0.00","0.00","0.00","","0.00","0.00","0.00","0.00","0.00","0.00","0.00","2018/2019","2nd Term"),
("219","34","3","0.00","0.00","0.00","0.00","0.00","0.00","","0.00","0.00","0.00","0.00","0.00","0.00","0.00","2018/2019","2nd Term"),
("220","35","5","0.00","0.00","0.00","0.00","0.00","0.00","","0.00","0.00","0.00","0.00","0.00","0.00","0.00","2018/2019","2nd Term"),
("221","36","5","0.00","0.00","0.00","0.00","0.00","0.00","","0.00","0.00","0.00","0.00","0.00","0.00","0.00","2018/2019","2nd Term"),
("222","37","5","0.00","0.00","0.00","0.00","0.00","0.00","","0.00","0.00","0.00","0.00","0.00","0.00","0.00","2018/2019","2nd Term"),
("223","38","5","0.00","0.00","0.00","0.00","0.00","0.00","","0.00","0.00","0.00","0.00","0.00","0.00","0.00","2018/2019","2nd Term"),
("224","39","5","0.00","0.00","0.00","0.00","0.00","0.00","","0.00","0.00","0.00","0.00","0.00","0.00","0.00","2018/2019","2nd Term"),
("225","40","5","0.00","0.00","0.00","0.00","0.00","0.00","","0.00","0.00","0.00","0.00","0.00","0.00","0.00","2018/2019","2nd Term"),
("226","41","5","0.00","0.00","0.00","0.00","0.00","0.00","","0.00","0.00","0.00","0.00","0.00","0.00","0.00","2018/2019","2nd Term"),
("227","42","5","0.00","0.00","0.00","0.00","0.00","0.00","","0.00","0.00","0.00","0.00","0.00","0.00","0.00","2018/2019","2nd Term"),
("228","43","5","0.00","0.00","0.00","0.00","0.00","0.00","","0.00","0.00","0.00","0.00","0.00","0.00","0.00","2018/2019","2nd Term"),
("229","44","5","0.00","0.00","0.00","0.00","0.00","0.00","","0.00","0.00","0.00","0.00","0.00","0.00","0.00","2018/2019","2nd Term"),
("230","45","5","0.00","0.00","0.00","0.00","0.00","0.00","","0.00","0.00","0.00","0.00","0.00","0.00","0.00","2018/2019","2nd Term"),
("231","46","5","0.00","0.00","0.00","0.00","0.00","0.00","","0.00","0.00","0.00","0.00","0.00","0.00","0.00","2018/2019","2nd Term"),
("232","47","5","0.00","0.00","0.00","0.00","0.00","0.00","","0.00","0.00","0.00","0.00","0.00","0.00","0.00","2018/2019","2nd Term"),
("233","48","5","0.00","0.00","0.00","0.00","0.00","0.00","","0.00","0.00","0.00","0.00","0.00","0.00","0.00","2018/2019","2nd Term"),
("234","49","5","0.00","0.00","0.00","0.00","0.00","0.00","","0.00","0.00","0.00","0.00","0.00","0.00","0.00","2018/2019","2nd Term"),
("235","50","5","0.00","0.00","0.00","0.00","0.00","0.00","","0.00","0.00","0.00","0.00","0.00","0.00","0.00","2018/2019","2nd Term"),
("236","51","5","0.00","0.00","0.00","0.00","0.00","0.00","","0.00","0.00","0.00","0.00","0.00","0.00","0.00","2018/2019","2nd Term"),
("237","52","1","0.00","0.00","0.00","0.00","0.00","0.00","","0.00","0.00","0.00","0.00","0.00","0.00","0.00","2018/2019","2nd Term"),
("238","53","1","0.00","0.00","0.00","0.00","0.00","0.00","","0.00","0.00","0.00","0.00","0.00","0.00","0.00","2018/2019","2nd Term"),
("239","54","1","0.00","0.00","0.00","0.00","0.00","0.00","","0.00","0.00","0.00","0.00","0.00","0.00","0.00","2018/2019","2nd Term"),
("240","55","1","0.00","0.00","0.00","0.00","0.00","0.00","","0.00","0.00","0.00","0.00","0.00","0.00","0.00","2018/2019","2nd Term"),
("241","56","1","0.00","0.00","0.00","0.00","0.00","0.00","","0.00","0.00","0.00","0.00","0.00","0.00","0.00","2018/2019","2nd Term"),
("242","57","1","0.00","0.00","0.00","0.00","0.00","0.00","","0.00","0.00","0.00","0.00","0.00","0.00","0.00","2018/2019","2nd Term"),
("243","58","1","0.00","0.00","0.00","0.00","0.00","0.00","","0.00","0.00","0.00","0.00","0.00","0.00","0.00","2018/2019","2nd Term"),
("244","59","1","0.00","0.00","0.00","0.00","0.00","0.00","","0.00","0.00","0.00","0.00","0.00","0.00","0.00","2018/2019","2nd Term"),
("245","60","1","0.00","0.00","0.00","0.00","0.00","0.00","","0.00","0.00","0.00","0.00","0.00","0.00","0.00","2018/2019","2nd Term"),
("246","61","1","0.00","0.00","0.00","0.00","0.00","0.00","","0.00","0.00","0.00","0.00","0.00","0.00","0.00","2018/2019","2nd Term"),
("247","62","1","0.00","0.00","0.00","0.00","0.00","0.00","","0.00","0.00","0.00","0.00","0.00","0.00","0.00","2018/2019","2nd Term"),
("248","63","1","0.00","0.00","0.00","0.00","0.00","0.00","","0.00","0.00","0.00","0.00","0.00","0.00","0.00","2018/2019","2nd Term"),
("249","64","1","0.00","0.00","0.00","0.00","0.00","0.00","","0.00","0.00","0.00","0.00","0.00","0.00","0.00","2018/2019","2nd Term"),
("250","65","1","0.00","0.00","0.00","0.00","0.00","0.00","","0.00","0.00","0.00","0.00","0.00","0.00","0.00","2018/2019","2nd Term"),
("251","66","1","0.00","0.00","0.00","0.00","0.00","0.00","","0.00","0.00","0.00","0.00","0.00","0.00","0.00","2018/2019","2nd Term"),
("252","67","1","0.00","0.00","0.00","0.00","0.00","0.00","","0.00","0.00","0.00","0.00","0.00","0.00","0.00","2018/2019","2nd Term"),
("253","68","1","0.00","0.00","0.00","0.00","0.00","0.00","","0.00","0.00","0.00","0.00","0.00","0.00","0.00","2018/2019","2nd Term"),
("254","69","1","0.00","0.00","0.00","0.00","0.00","0.00","","0.00","0.00","0.00","0.00","0.00","0.00","0.00","2018/2019","2nd Term"),
("255","70","1","0.00","0.00","0.00","0.00","0.00","0.00","","0.00","0.00","0.00","0.00","0.00","0.00","0.00","2018/2019","2nd Term"),
("256","71","12","0.00","0.00","0.00","0.00","0.00","0.00","","0.00","0.00","0.00","0.00","0.00","0.00","0.00","2018/2019","2nd Term"),
("257","72","12","0.00","0.00","0.00","0.00","0.00","0.00","","0.00","0.00","0.00","0.00","0.00","0.00","0.00","2018/2019","2nd Term"),
("258","73","12","0.00","0.00","0.00","0.00","0.00","0.00","","0.00","0.00","0.00","0.00","0.00","0.00","0.00","2018/2019","2nd Term"),
("259","74","12","0.00","0.00","0.00","0.00","0.00","0.00","","0.00","0.00","0.00","0.00","0.00","0.00","0.00","2018/2019","2nd Term"),
("260","75","12","0.00","0.00","0.00","0.00","0.00","0.00","","0.00","0.00","0.00","0.00","0.00","0.00","0.00","2018/2019","2nd Term"),
("261","76","12","0.00","0.00","0.00","0.00","0.00","0.00","","0.00","0.00","0.00","0.00","0.00","0.00","0.00","2018/2019","2nd Term"),
("262","77","12","0.00","0.00","0.00","0.00","0.00","0.00","","0.00","0.00","0.00","0.00","0.00","0.00","0.00","2018/2019","2nd Term"),
("263","78","12","0.00","0.00","0.00","0.00","0.00","0.00","","0.00","0.00","0.00","0.00","0.00","0.00","0.00","2018/2019","2nd Term"),
("264","79","12","0.00","0.00","0.00","0.00","0.00","0.00","","0.00","0.00","0.00","0.00","0.00","0.00","0.00","2018/2019","2nd Term"),
("265","80","12","0.00","0.00","0.00","0.00","0.00","0.00","","0.00","0.00","0.00","0.00","0.00","0.00","0.00","2018/2019","2nd Term"),
("266","81","2","0.00","0.00","0.00","0.00","0.00","0.00","","0.00","0.00","0.00","0.00","0.00","0.00","0.00","2018/2019","2nd Term"),
("267","82","2","0.00","0.00","0.00","0.00","0.00","0.00","","0.00","0.00","0.00","0.00","0.00","0.00","0.00","2018/2019","2nd Term"),
("268","83","2","0.00","0.00","0.00","0.00","0.00","0.00","","0.00","0.00","0.00","0.00","0.00","0.00","0.00","2018/2019","2nd Term"),
("269","84","2","0.00","0.00","0.00","0.00","0.00","0.00","","0.00","0.00","0.00","0.00","0.00","0.00","0.00","2018/2019","2nd Term"),
("270","85","2","0.00","0.00","0.00","0.00","0.00","0.00","","0.00","0.00","0.00","0.00","0.00","0.00","0.00","2018/2019","2nd Term"),
("271","86","2","0.00","0.00","0.00","0.00","0.00","0.00","","0.00","0.00","0.00","0.00","0.00","0.00","0.00","2018/2019","2nd Term"),
("272","88","2","0.00","0.00","0.00","0.00","0.00","0.00","","0.00","0.00","0.00","0.00","0.00","0.00","0.00","2018/2019","2nd Term"),
("273","89","2","0.00","0.00","0.00","0.00","0.00","0.00","","0.00","0.00","0.00","0.00","0.00","0.00","0.00","2018/2019","2nd Term"),
("274","91","2","0.00","0.00","0.00","0.00","0.00","0.00","","0.00","0.00","0.00","0.00","0.00","0.00","0.00","2018/2019","2nd Term"),
("275","92","2","0.00","0.00","0.00","0.00","0.00","0.00","","0.00","0.00","0.00","0.00","0.00","0.00","0.00","2018/2019","2nd Term"),
("276","93","2","0.00","0.00","0.00","0.00","0.00","0.00","","0.00","0.00","0.00","0.00","0.00","0.00","0.00","2018/2019","2nd Term"),
("277","94","2","0.00","0.00","0.00","0.00","0.00","0.00","","0.00","0.00","0.00","0.00","0.00","0.00","0.00","2018/2019","2nd Term"),
("278","95","2","0.00","0.00","0.00","0.00","0.00","0.00","","0.00","0.00","0.00","0.00","0.00","0.00","0.00","2018/2019","2nd Term"),
("279","96","2","0.00","0.00","0.00","0.00","0.00","0.00","","0.00","0.00","0.00","0.00","0.00","0.00","0.00","2018/2019","2nd Term"),
("280","97","2","0.00","0.00","0.00","0.00","0.00","0.00","","0.00","0.00","0.00","0.00","0.00","0.00","0.00","2018/2019","2nd Term"),
("281","98","2","0.00","0.00","0.00","0.00","0.00","0.00","","0.00","0.00","0.00","0.00","0.00","0.00","0.00","2018/2019","2nd Term"),
("282","100","2","0.00","0.00","0.00","0.00","0.00","0.00","","0.00","0.00","0.00","0.00","0.00","0.00","0.00","2018/2019","2nd Term"),
("283","101","2","0.00","0.00","0.00","0.00","0.00","0.00","","0.00","0.00","0.00","0.00","0.00","0.00","0.00","2018/2019","2nd Term"),
("284","102","2","0.00","0.00","0.00","0.00","0.00","0.00","","0.00","0.00","0.00","0.00","0.00","0.00","0.00","2018/2019","2nd Term"),
("285","103","2","0.00","0.00","0.00","0.00","0.00","0.00","","0.00","0.00","0.00","0.00","0.00","0.00","0.00","2018/2019","2nd Term"),
("286","104","2","0.00","0.00","0.00","0.00","0.00","0.00","","0.00","0.00","0.00","0.00","0.00","0.00","0.00","2018/2019","2nd Term"),
("287","105","2","0.00","0.00","0.00","0.00","0.00","0.00","","0.00","0.00","0.00","0.00","0.00","0.00","0.00","2018/2019","2nd Term"),
("288","106","2","0.00","0.00","0.00","0.00","0.00","0.00","","0.00","0.00","0.00","0.00","0.00","0.00","0.00","2018/2019","2nd Term"),
("289","107","6","0.00","0.00","0.00","0.00","0.00","0.00","","0.00","0.00","0.00","0.00","0.00","0.00","0.00","2018/2019","2nd Term"),
("290","108","6","0.00","0.00","0.00","0.00","0.00","0.00","","0.00","0.00","0.00","0.00","0.00","0.00","0.00","2018/2019","2nd Term"),
("291","109","6","0.00","0.00","0.00","0.00","0.00","0.00","","0.00","0.00","0.00","0.00","0.00","0.00","0.00","2018/2019","2nd Term"),
("292","110","6","0.00","0.00","0.00","0.00","0.00","0.00","","0.00","0.00","0.00","0.00","0.00","0.00","0.00","2018/2019","2nd Term"),
("293","111","6","0.00","0.00","0.00","0.00","0.00","0.00","","0.00","0.00","0.00","0.00","0.00","0.00","0.00","2018/2019","2nd Term"),
("294","112","6","0.00","0.00","0.00","0.00","0.00","0.00","","0.00","0.00","0.00","0.00","0.00","0.00","0.00","2018/2019","2nd Term"),
("295","113","6","0.00","0.00","0.00","0.00","0.00","0.00","","0.00","0.00","0.00","0.00","0.00","0.00","0.00","2018/2019","2nd Term"),
("296","114","6","0.00","0.00","0.00","0.00","0.00","0.00","","0.00","0.00","0.00","0.00","0.00","0.00","0.00","2018/2019","2nd Term"),
("297","115","6","0.00","0.00","0.00","0.00","0.00","0.00","","0.00","0.00","0.00","0.00","0.00","0.00","0.00","2018/2019","2nd Term"),
("298","116","6","0.00","0.00","0.00","0.00","0.00","0.00","","0.00","0.00","0.00","0.00","0.00","0.00","0.00","2018/2019","2nd Term"),
("299","117","6","0.00","0.00","0.00","0.00","0.00","0.00","","0.00","0.00","0.00","0.00","0.00","0.00","0.00","2018/2019","2nd Term"),
("300","118","6","0.00","0.00","0.00","0.00","0.00","0.00","","0.00","0.00","0.00","0.00","0.00","0.00","0.00","2018/2019","2nd Term"),
("301","119","6","0.00","0.00","0.00","0.00","0.00","0.00","","0.00","0.00","0.00","0.00","0.00","0.00","0.00","2018/2019","2nd Term"),
("302","120","6","0.00","0.00","0.00","0.00","0.00","0.00","","0.00","0.00","0.00","0.00","0.00","0.00","0.00","2018/2019","2nd Term"),
("303","121","6","0.00","0.00","0.00","0.00","0.00","0.00","","0.00","0.00","0.00","0.00","0.00","0.00","0.00","2018/2019","2nd Term");
INSERT INTO current_fees_info VALUES
("304","122","13","0.00","0.00","0.00","0.00","0.00","0.00","","0.00","0.00","0.00","0.00","0.00","0.00","0.00","2018/2019","2nd Term"),
("305","123","13","0.00","0.00","0.00","0.00","0.00","0.00","","0.00","0.00","0.00","0.00","0.00","0.00","0.00","2018/2019","2nd Term"),
("306","124","13","0.00","0.00","0.00","0.00","0.00","0.00","","0.00","0.00","0.00","0.00","0.00","0.00","0.00","2018/2019","2nd Term"),
("307","125","13","0.00","0.00","0.00","0.00","0.00","0.00","","0.00","0.00","0.00","0.00","0.00","0.00","0.00","2018/2019","2nd Term"),
("308","126","8","0.00","0.00","0.00","0.00","0.00","0.00","","0.00","0.00","0.00","0.00","0.00","0.00","0.00","2018/2019","2nd Term"),
("309","127","8","0.00","0.00","0.00","0.00","0.00","0.00","","0.00","0.00","0.00","0.00","0.00","0.00","0.00","2018/2019","2nd Term"),
("310","128","8","0.00","0.00","0.00","0.00","0.00","0.00","","0.00","0.00","0.00","0.00","0.00","0.00","0.00","2018/2019","2nd Term"),
("311","129","8","0.00","0.00","0.00","0.00","0.00","0.00","","0.00","0.00","0.00","0.00","0.00","0.00","0.00","2018/2019","2nd Term"),
("312","130","8","0.00","0.00","0.00","0.00","0.00","0.00","","0.00","0.00","0.00","0.00","0.00","0.00","0.00","2018/2019","2nd Term"),
("313","131","8","0.00","0.00","0.00","0.00","0.00","0.00","","0.00","0.00","0.00","0.00","0.00","0.00","0.00","2018/2019","2nd Term"),
("314","132","8","0.00","0.00","0.00","0.00","0.00","0.00","","0.00","0.00","0.00","0.00","0.00","0.00","0.00","2018/2019","2nd Term"),
("315","133","8","0.00","0.00","0.00","0.00","0.00","0.00","","0.00","0.00","0.00","0.00","0.00","0.00","0.00","2018/2019","2nd Term"),
("316","134","8","0.00","0.00","0.00","0.00","0.00","0.00","","0.00","0.00","0.00","0.00","0.00","0.00","0.00","2018/2019","2nd Term"),
("317","135","8","0.00","0.00","0.00","0.00","0.00","0.00","","0.00","0.00","0.00","0.00","0.00","0.00","0.00","2018/2019","2nd Term"),
("318","136","8","0.00","0.00","0.00","0.00","0.00","0.00","","0.00","0.00","0.00","0.00","0.00","0.00","0.00","2018/2019","2nd Term"),
("319","137","8","0.00","0.00","0.00","0.00","0.00","0.00","","0.00","0.00","0.00","0.00","0.00","0.00","0.00","2018/2019","2nd Term"),
("320","138","8","0.00","0.00","0.00","0.00","0.00","0.00","","0.00","0.00","0.00","0.00","0.00","0.00","0.00","2018/2019","2nd Term"),
("321","139","9","0.00","0.00","0.00","0.00","0.00","0.00","","0.00","0.00","0.00","0.00","0.00","0.00","0.00","2018/2019","2nd Term"),
("322","140","9","0.00","0.00","0.00","0.00","0.00","0.00","","0.00","0.00","0.00","0.00","0.00","0.00","0.00","2018/2019","2nd Term"),
("323","141","9","0.00","0.00","0.00","0.00","0.00","0.00","","0.00","0.00","0.00","0.00","0.00","0.00","0.00","2018/2019","2nd Term"),
("324","142","9","0.00","0.00","0.00","0.00","0.00","0.00","","0.00","0.00","0.00","0.00","0.00","0.00","0.00","2018/2019","2nd Term"),
("325","143","9","0.00","0.00","0.00","0.00","0.00","0.00","","0.00","0.00","0.00","0.00","0.00","0.00","0.00","2018/2019","2nd Term"),
("326","144","9","0.00","0.00","0.00","0.00","0.00","0.00","","0.00","0.00","0.00","0.00","0.00","0.00","0.00","2018/2019","2nd Term"),
("327","145","9","0.00","0.00","0.00","0.00","0.00","0.00","","0.00","0.00","0.00","0.00","0.00","0.00","0.00","2018/2019","2nd Term"),
("328","146","9","0.00","0.00","0.00","0.00","0.00","0.00","","0.00","0.00","0.00","0.00","0.00","0.00","0.00","2018/2019","2nd Term"),
("329","147","9","0.00","0.00","0.00","0.00","0.00","0.00","","0.00","0.00","0.00","0.00","0.00","0.00","0.00","2018/2019","2nd Term"),
("330","148","9","0.00","0.00","0.00","0.00","0.00","0.00","","0.00","0.00","0.00","0.00","0.00","0.00","0.00","2018/2019","2nd Term"),
("331","149","9","0.00","0.00","0.00","0.00","0.00","0.00","","0.00","0.00","0.00","0.00","0.00","0.00","0.00","2018/2019","2nd Term"),
("332","150","9","0.00","0.00","0.00","0.00","0.00","0.00","","0.00","0.00","0.00","0.00","0.00","0.00","0.00","2018/2019","2nd Term"),
("333","151","9","0.00","0.00","0.00","0.00","0.00","0.00","","0.00","0.00","0.00","0.00","0.00","0.00","0.00","2018/2019","2nd Term"),
("334","152","9","0.00","0.00","0.00","0.00","0.00","0.00","","0.00","0.00","0.00","0.00","0.00","0.00","0.00","2018/2019","2nd Term"),
("335","153","9","0.00","0.00","0.00","0.00","0.00","0.00","","0.00","0.00","0.00","0.00","0.00","0.00","0.00","2018/2019","2nd Term"),
("336","154","9","0.00","0.00","0.00","0.00","0.00","0.00","","0.00","0.00","0.00","0.00","0.00","0.00","0.00","2018/2019","2nd Term"),
("337","155","9","0.00","0.00","0.00","0.00","0.00","0.00","","0.00","0.00","0.00","0.00","0.00","0.00","0.00","2018/2019","2nd Term"),
("338","156","11","0.00","0.00","0.00","0.00","0.00","0.00","","0.00","0.00","0.00","0.00","0.00","0.00","0.00","2018/2019","2nd Term"),
("339","157","11","0.00","0.00","0.00","0.00","0.00","0.00","","0.00","0.00","0.00","0.00","0.00","0.00","0.00","2018/2019","2nd Term"),
("340","158","11","0.00","0.00","0.00","0.00","0.00","0.00","","0.00","0.00","0.00","0.00","0.00","0.00","0.00","2018/2019","2nd Term"),
("341","159","11","0.00","0.00","0.00","0.00","0.00","0.00","","0.00","0.00","0.00","0.00","0.00","0.00","0.00","2018/2019","2nd Term"),
("342","160","11","0.00","0.00","0.00","0.00","0.00","0.00","","0.00","0.00","0.00","0.00","0.00","0.00","0.00","2018/2019","2nd Term"),
("343","161","11","0.00","0.00","0.00","0.00","0.00","0.00","","0.00","0.00","0.00","0.00","0.00","0.00","0.00","2018/2019","2nd Term"),
("344","162","11","0.00","0.00","0.00","0.00","0.00","0.00","","0.00","0.00","0.00","0.00","0.00","0.00","0.00","2018/2019","2nd Term"),
("345","163","11","0.00","0.00","0.00","0.00","0.00","0.00","","0.00","0.00","0.00","0.00","0.00","0.00","0.00","2018/2019","2nd Term"),
("346","164","11","0.00","0.00","0.00","0.00","0.00","0.00","","0.00","0.00","0.00","0.00","0.00","0.00","0.00","2018/2019","2nd Term"),
("347","165","11","0.00","0.00","0.00","0.00","0.00","0.00","","0.00","0.00","0.00","0.00","0.00","0.00","0.00","2018/2019","2nd Term"),
("348","166","11","0.00","0.00","0.00","0.00","0.00","0.00","","0.00","0.00","0.00","0.00","0.00","0.00","0.00","2018/2019","2nd Term"),
("349","167","7","0.00","0.00","0.00","0.00","0.00","0.00","","0.00","0.00","0.00","0.00","0.00","0.00","0.00","2018/2019","2nd Term"),
("350","168","7","0.00","0.00","0.00","0.00","0.00","0.00","","0.00","0.00","0.00","0.00","0.00","0.00","0.00","2018/2019","2nd Term"),
("351","169","7","0.00","0.00","0.00","0.00","0.00","0.00","","0.00","0.00","0.00","0.00","0.00","0.00","0.00","2018/2019","2nd Term"),
("352","170","7","0.00","0.00","0.00","0.00","0.00","0.00","","0.00","0.00","0.00","0.00","0.00","0.00","0.00","2018/2019","2nd Term"),
("353","171","7","0.00","0.00","0.00","0.00","0.00","0.00","","0.00","0.00","0.00","0.00","0.00","0.00","0.00","2018/2019","2nd Term"),
("354","172","7","0.00","0.00","0.00","0.00","0.00","0.00","","0.00","0.00","0.00","0.00","0.00","0.00","0.00","2018/2019","2nd Term"),
("355","173","7","0.00","0.00","0.00","0.00","0.00","0.00","","0.00","0.00","0.00","0.00","0.00","0.00","0.00","2018/2019","2nd Term"),
("356","174","7","0.00","0.00","0.00","0.00","0.00","0.00","","0.00","0.00","0.00","0.00","0.00","0.00","0.00","2018/2019","2nd Term"),
("357","175","7","0.00","0.00","0.00","0.00","0.00","0.00","","0.00","0.00","0.00","0.00","0.00","0.00","0.00","2018/2019","2nd Term"),
("358","176","7","0.00","0.00","0.00","0.00","0.00","0.00","","0.00","0.00","0.00","0.00","0.00","0.00","0.00","2018/2019","2nd Term"),
("359","177","7","0.00","0.00","0.00","0.00","0.00","0.00","","0.00","0.00","0.00","0.00","0.00","0.00","0.00","2018/2019","2nd Term"),
("360","178","7","0.00","0.00","0.00","0.00","0.00","0.00","","0.00","0.00","0.00","0.00","0.00","0.00","0.00","2018/2019","2nd Term"),
("361","179","7","0.00","0.00","0.00","0.00","0.00","0.00","","0.00","0.00","0.00","0.00","0.00","0.00","0.00","2018/2019","2nd Term"),
("362","180","7","0.00","0.00","0.00","0.00","0.00","0.00","","0.00","0.00","0.00","0.00","0.00","0.00","0.00","2018/2019","2nd Term"),
("363","181","7","0.00","0.00","0.00","0.00","0.00","0.00","","0.00","0.00","0.00","0.00","0.00","0.00","0.00","2018/2019","2nd Term"),
("364","182","7","0.00","0.00","0.00","0.00","0.00","0.00","","0.00","0.00","0.00","0.00","0.00","0.00","0.00","2018/2019","2nd Term"),
("365","183","7","0.00","0.00","0.00","0.00","0.00","0.00","","0.00","0.00","0.00","0.00","0.00","0.00","0.00","2018/2019","2nd Term"),
("366","184","6","0.00","0.00","0.00","0.00","0.00","0.00","","0.00","0.00","0.00","0.00","0.00","0.00","0.00","2018/2019","2nd Term"),
("367","185","2","0.00","0.00","0.00","0.00","0.00","0.00","","0.00","0.00","0.00","0.00","0.00","0.00","0.00","2018/2019","2nd Term"),
("368","186","3","0.00","0.00","0.00","0.00","0.00","0.00","","0.00","0.00","0.00","0.00","0.00","0.00","0.00","2018/2019","2nd Term"),
("369","187","3","0.00","0.00","0.00","0.00","0.00","0.00","","0.00","0.00","0.00","0.00","0.00","0.00","0.00","2018/2019","2nd Term"),
("370","188","3","0.00","0.00","0.00","0.00","0.00","0.00","","0.00","0.00","0.00","0.00","0.00","0.00","0.00","2018/2019","2nd Term"),
("371","189","3","0.00","0.00","0.00","0.00","0.00","0.00","","0.00","0.00","0.00","0.00","0.00","0.00","0.00","2018/2019","2nd Term"),
("372","190","3","0.00","0.00","0.00","0.00","0.00","0.00","","0.00","0.00","0.00","0.00","0.00","0.00","0.00","2018/2019","2nd Term"),
("373","191","3","0.00","0.00","0.00","0.00","0.00","0.00","","0.00","0.00","0.00","0.00","0.00","0.00","0.00","2018/2019","2nd Term"),
("374","192","3","0.00","0.00","0.00","0.00","0.00","0.00","","0.00","0.00","0.00","0.00","0.00","0.00","0.00","2018/2019","2nd Term"),
("375","193","3","0.00","0.00","0.00","0.00","0.00","0.00","","0.00","0.00","0.00","0.00","0.00","0.00","0.00","2018/2019","2nd Term"),
("376","194","3","0.00","0.00","0.00","0.00","0.00","0.00","","0.00","0.00","0.00","0.00","0.00","0.00","0.00","2018/2019","2nd Term"),
("377","195","3","0.00","0.00","0.00","0.00","0.00","0.00","","0.00","0.00","0.00","0.00","0.00","0.00","0.00","2018/2019","2nd Term"),
("378","196","3","0.00","0.00","0.00","0.00","0.00","0.00","","0.00","0.00","0.00","0.00","0.00","0.00","0.00","2018/2019","2nd Term"),
("379","197","4","0.00","0.00","0.00","0.00","0.00","0.00","","0.00","0.00","0.00","0.00","0.00","0.00","0.00","2018/2019","2nd Term"),
("380","198","4","0.00","0.00","0.00","0.00","0.00","0.00","","0.00","0.00","0.00","0.00","0.00","0.00","0.00","2018/2019","2nd Term"),
("381","199","1","0.00","0.00","0.00","0.00","0.00","0.00","","0.00","0.00","0.00","0.00","0.00","0.00","0.00","2018/2019","2nd Term"),
("382","200","9","0.00","0.00","0.00","0.00","0.00","0.00","","0.00","0.00","0.00","0.00","0.00","0.00","0.00","2018/2019","2nd Term"),
("383","201","8","0.00","0.00","0.00","0.00","0.00","0.00","","0.00","0.00","0.00","0.00","0.00","0.00","0.00","2018/2019","2nd Term"),
("384","1","4","0.00","0.00","0.00","0.00","0.00","0.00","","0.00","0.00","0.00","0.00","0.00","0.00","0.00","2018/2019","3rd Term"),
("385","2","4","0.00","0.00","0.00","0.00","0.00","0.00","","0.00","0.00","0.00","0.00","0.00","0.00","0.00","2018/2019","3rd Term"),
("386","3","4","0.00","0.00","0.00","0.00","0.00","0.00","","0.00","0.00","0.00","0.00","0.00","0.00","0.00","2018/2019","3rd Term"),
("387","4","4","0.00","0.00","0.00","0.00","0.00","0.00","","0.00","0.00","0.00","0.00","0.00","0.00","0.00","2018/2019","3rd Term"),
("388","5","4","0.00","0.00","0.00","0.00","0.00","0.00","","0.00","0.00","0.00","0.00","0.00","0.00","0.00","2018/2019","3rd Term"),
("389","6","4","0.00","0.00","0.00","0.00","0.00","0.00","","0.00","0.00","0.00","0.00","0.00","0.00","0.00","2018/2019","3rd Term"),
("390","7","4","0.00","0.00","0.00","0.00","0.00","0.00","","0.00","0.00","0.00","0.00","0.00","0.00","0.00","2018/2019","3rd Term"),
("391","8","4","0.00","0.00","0.00","0.00","0.00","0.00","","0.00","0.00","0.00","0.00","0.00","0.00","0.00","2018/2019","3rd Term"),
("392","9","4","0.00","0.00","0.00","0.00","0.00","0.00","","0.00","0.00","0.00","0.00","0.00","0.00","0.00","2018/2019","3rd Term"),
("393","10","4","0.00","0.00","0.00","0.00","0.00","0.00","","0.00","0.00","0.00","0.00","0.00","0.00","0.00","2018/2019","3rd Term"),
("394","11","4","0.00","0.00","0.00","0.00","0.00","0.00","","0.00","0.00","0.00","0.00","0.00","0.00","0.00","2018/2019","3rd Term"),
("395","12","4","0.00","0.00","0.00","0.00","0.00","0.00","","0.00","0.00","0.00","0.00","0.00","0.00","0.00","2018/2019","3rd Term"),
("396","13","4","0.00","0.00","0.00","0.00","0.00","0.00","","0.00","0.00","0.00","0.00","0.00","0.00","0.00","2018/2019","3rd Term"),
("397","14","4","0.00","0.00","0.00","0.00","0.00","0.00","","0.00","0.00","0.00","0.00","0.00","0.00","0.00","2018/2019","3rd Term"),
("398","15","4","0.00","0.00","0.00","0.00","0.00","0.00","","0.00","0.00","0.00","0.00","0.00","0.00","0.00","2018/2019","3rd Term"),
("399","16","4","0.00","0.00","0.00","0.00","0.00","0.00","","0.00","0.00","0.00","0.00","0.00","0.00","0.00","2018/2019","3rd Term"),
("400","17","4","0.00","0.00","0.00","0.00","0.00","0.00","","0.00","0.00","0.00","0.00","0.00","0.00","0.00","2018/2019","3rd Term"),
("401","18","4","0.00","0.00","0.00","0.00","0.00","0.00","","0.00","0.00","0.00","0.00","0.00","0.00","0.00","2018/2019","3rd Term"),
("402","19","4","0.00","0.00","0.00","0.00","0.00","0.00","","0.00","0.00","0.00","0.00","0.00","0.00","0.00","2018/2019","3rd Term"),
("403","20","4","0.00","0.00","0.00","0.00","0.00","0.00","","0.00","0.00","0.00","0.00","0.00","0.00","0.00","2018/2019","3rd Term");
INSERT INTO current_fees_info VALUES
("404","21","3","0.00","0.00","0.00","0.00","0.00","0.00","","0.00","0.00","0.00","0.00","0.00","0.00","0.00","2018/2019","3rd Term"),
("405","22","3","0.00","0.00","0.00","0.00","0.00","0.00","","0.00","0.00","0.00","0.00","0.00","0.00","0.00","2018/2019","3rd Term"),
("406","24","3","0.00","0.00","0.00","0.00","0.00","0.00","","0.00","0.00","0.00","0.00","0.00","0.00","0.00","2018/2019","3rd Term"),
("407","25","3","0.00","0.00","0.00","0.00","0.00","0.00","","0.00","0.00","0.00","0.00","0.00","0.00","0.00","2018/2019","3rd Term"),
("408","26","3","0.00","0.00","0.00","0.00","0.00","0.00","","0.00","0.00","0.00","0.00","0.00","0.00","0.00","2018/2019","3rd Term"),
("409","27","3","0.00","0.00","0.00","0.00","0.00","0.00","","0.00","0.00","0.00","0.00","0.00","0.00","0.00","2018/2019","3rd Term"),
("410","28","3","0.00","0.00","0.00","0.00","0.00","0.00","","0.00","0.00","0.00","0.00","0.00","0.00","0.00","2018/2019","3rd Term"),
("411","29","3","0.00","0.00","0.00","0.00","0.00","0.00","","0.00","0.00","0.00","0.00","0.00","0.00","0.00","2018/2019","3rd Term"),
("412","30","3","0.00","0.00","0.00","0.00","0.00","0.00","","0.00","0.00","0.00","0.00","0.00","0.00","0.00","2018/2019","3rd Term"),
("413","31","3","0.00","0.00","0.00","0.00","0.00","0.00","","0.00","0.00","0.00","0.00","0.00","0.00","0.00","2018/2019","3rd Term"),
("414","32","3","0.00","0.00","0.00","0.00","0.00","0.00","","0.00","0.00","0.00","0.00","0.00","0.00","0.00","2018/2019","3rd Term"),
("415","33","3","0.00","0.00","0.00","0.00","0.00","0.00","","0.00","0.00","0.00","0.00","0.00","0.00","0.00","2018/2019","3rd Term"),
("416","34","3","0.00","0.00","0.00","0.00","0.00","0.00","","0.00","0.00","0.00","0.00","0.00","0.00","0.00","2018/2019","3rd Term"),
("417","35","5","0.00","0.00","0.00","0.00","0.00","0.00","","0.00","0.00","0.00","0.00","0.00","0.00","0.00","2018/2019","3rd Term"),
("418","37","5","0.00","0.00","0.00","0.00","0.00","0.00","","0.00","0.00","0.00","0.00","0.00","0.00","0.00","2018/2019","3rd Term"),
("419","38","5","0.00","0.00","0.00","0.00","0.00","0.00","","0.00","0.00","0.00","0.00","0.00","0.00","0.00","2018/2019","3rd Term"),
("420","39","5","0.00","0.00","0.00","0.00","0.00","0.00","","0.00","0.00","0.00","0.00","0.00","0.00","0.00","2018/2019","3rd Term"),
("421","40","5","0.00","0.00","0.00","0.00","0.00","0.00","","0.00","0.00","0.00","0.00","0.00","0.00","0.00","2018/2019","3rd Term"),
("422","41","5","0.00","0.00","0.00","0.00","0.00","0.00","","0.00","0.00","0.00","0.00","0.00","0.00","0.00","2018/2019","3rd Term"),
("423","42","5","0.00","0.00","0.00","0.00","0.00","0.00","","0.00","0.00","0.00","0.00","0.00","0.00","0.00","2018/2019","3rd Term"),
("424","43","5","0.00","0.00","0.00","0.00","0.00","0.00","","0.00","0.00","0.00","0.00","0.00","0.00","0.00","2018/2019","3rd Term"),
("425","44","5","0.00","0.00","0.00","0.00","0.00","0.00","","0.00","0.00","0.00","0.00","0.00","0.00","0.00","2018/2019","3rd Term"),
("426","45","5","0.00","0.00","0.00","0.00","0.00","0.00","","0.00","0.00","0.00","0.00","0.00","0.00","0.00","2018/2019","3rd Term"),
("427","46","5","0.00","0.00","0.00","0.00","0.00","0.00","","0.00","0.00","0.00","0.00","0.00","0.00","0.00","2018/2019","3rd Term"),
("428","47","5","0.00","0.00","0.00","0.00","0.00","0.00","","0.00","0.00","0.00","0.00","0.00","0.00","0.00","2018/2019","3rd Term"),
("429","48","5","0.00","0.00","0.00","0.00","0.00","0.00","","0.00","0.00","0.00","0.00","0.00","0.00","0.00","2018/2019","3rd Term"),
("430","49","5","0.00","0.00","0.00","0.00","0.00","0.00","","0.00","0.00","0.00","0.00","0.00","0.00","0.00","2018/2019","3rd Term"),
("431","50","5","0.00","0.00","0.00","0.00","0.00","0.00","","0.00","0.00","0.00","0.00","0.00","0.00","0.00","2018/2019","3rd Term"),
("432","51","5","0.00","0.00","0.00","0.00","0.00","0.00","","0.00","0.00","0.00","0.00","0.00","0.00","0.00","2018/2019","3rd Term"),
("433","52","1","0.00","0.00","0.00","0.00","0.00","0.00","","0.00","0.00","0.00","0.00","0.00","0.00","0.00","2018/2019","3rd Term"),
("434","53","1","0.00","0.00","0.00","0.00","0.00","0.00","","0.00","0.00","0.00","0.00","0.00","0.00","0.00","2018/2019","3rd Term"),
("435","54","1","0.00","0.00","0.00","0.00","0.00","0.00","","0.00","0.00","0.00","0.00","0.00","0.00","0.00","2018/2019","3rd Term"),
("436","55","1","0.00","0.00","0.00","0.00","0.00","0.00","","0.00","0.00","0.00","0.00","0.00","0.00","0.00","2018/2019","3rd Term"),
("437","56","1","0.00","0.00","0.00","0.00","0.00","0.00","","0.00","0.00","0.00","0.00","0.00","0.00","0.00","2018/2019","3rd Term"),
("438","57","1","0.00","0.00","0.00","0.00","0.00","0.00","","0.00","0.00","0.00","0.00","0.00","0.00","0.00","2018/2019","3rd Term"),
("439","58","1","0.00","0.00","0.00","0.00","0.00","0.00","","0.00","0.00","0.00","0.00","0.00","0.00","0.00","2018/2019","3rd Term"),
("440","59","1","0.00","0.00","0.00","0.00","0.00","0.00","","0.00","0.00","0.00","0.00","0.00","0.00","0.00","2018/2019","3rd Term"),
("441","60","1","0.00","0.00","0.00","0.00","0.00","0.00","","0.00","0.00","0.00","0.00","0.00","0.00","0.00","2018/2019","3rd Term"),
("442","61","1","0.00","0.00","0.00","0.00","0.00","0.00","","0.00","0.00","0.00","0.00","0.00","0.00","0.00","2018/2019","3rd Term"),
("443","62","1","0.00","0.00","0.00","0.00","0.00","0.00","","0.00","0.00","0.00","0.00","0.00","0.00","0.00","2018/2019","3rd Term"),
("444","63","1","0.00","0.00","0.00","0.00","0.00","0.00","","0.00","0.00","0.00","0.00","0.00","0.00","0.00","2018/2019","3rd Term"),
("445","64","1","0.00","0.00","0.00","0.00","0.00","0.00","","0.00","0.00","0.00","0.00","0.00","0.00","0.00","2018/2019","3rd Term"),
("446","65","1","0.00","0.00","0.00","0.00","0.00","0.00","","0.00","0.00","0.00","0.00","0.00","0.00","0.00","2018/2019","3rd Term"),
("447","66","1","0.00","0.00","0.00","0.00","0.00","0.00","","0.00","0.00","0.00","0.00","0.00","0.00","0.00","2018/2019","3rd Term"),
("448","67","1","0.00","0.00","0.00","0.00","0.00","0.00","","0.00","0.00","0.00","0.00","0.00","0.00","0.00","2018/2019","3rd Term"),
("449","68","1","0.00","0.00","0.00","0.00","0.00","0.00","","0.00","0.00","0.00","0.00","0.00","0.00","0.00","2018/2019","3rd Term"),
("450","69","1","0.00","0.00","0.00","0.00","0.00","0.00","","0.00","0.00","0.00","0.00","0.00","0.00","0.00","2018/2019","3rd Term"),
("451","70","1","0.00","0.00","0.00","0.00","0.00","0.00","","0.00","0.00","0.00","0.00","0.00","0.00","0.00","2018/2019","3rd Term"),
("452","71","12","0.00","0.00","0.00","0.00","0.00","0.00","","0.00","0.00","0.00","0.00","0.00","0.00","0.00","2018/2019","3rd Term"),
("453","72","12","0.00","0.00","0.00","0.00","0.00","0.00","","0.00","0.00","0.00","0.00","0.00","0.00","0.00","2018/2019","3rd Term"),
("454","73","12","0.00","0.00","0.00","0.00","0.00","0.00","","0.00","0.00","0.00","0.00","0.00","0.00","0.00","2018/2019","3rd Term"),
("455","74","12","0.00","0.00","0.00","0.00","0.00","0.00","","0.00","0.00","0.00","0.00","0.00","0.00","0.00","2018/2019","3rd Term"),
("456","75","12","0.00","0.00","0.00","0.00","0.00","0.00","","0.00","0.00","0.00","0.00","0.00","0.00","0.00","2018/2019","3rd Term"),
("457","76","12","0.00","0.00","0.00","0.00","0.00","0.00","","0.00","0.00","0.00","0.00","0.00","0.00","0.00","2018/2019","3rd Term"),
("458","77","12","0.00","0.00","0.00","0.00","0.00","0.00","","0.00","0.00","0.00","0.00","0.00","0.00","0.00","2018/2019","3rd Term"),
("459","78","12","0.00","0.00","0.00","0.00","0.00","0.00","","0.00","0.00","0.00","0.00","0.00","0.00","0.00","2018/2019","3rd Term"),
("460","80","12","0.00","0.00","0.00","0.00","0.00","0.00","","0.00","0.00","0.00","0.00","0.00","0.00","0.00","2018/2019","3rd Term"),
("461","81","2","0.00","0.00","0.00","0.00","0.00","0.00","","0.00","0.00","0.00","0.00","0.00","0.00","0.00","2018/2019","3rd Term"),
("462","82","2","0.00","0.00","0.00","0.00","0.00","0.00","","0.00","0.00","0.00","0.00","0.00","0.00","0.00","2018/2019","3rd Term"),
("463","83","2","0.00","0.00","0.00","0.00","0.00","0.00","","0.00","0.00","0.00","0.00","0.00","0.00","0.00","2018/2019","3rd Term"),
("464","84","2","0.00","0.00","0.00","0.00","0.00","0.00","","0.00","0.00","0.00","0.00","0.00","0.00","0.00","2018/2019","3rd Term"),
("465","85","2","0.00","0.00","0.00","0.00","0.00","0.00","","0.00","0.00","0.00","0.00","0.00","0.00","0.00","2018/2019","3rd Term"),
("466","86","2","0.00","0.00","0.00","0.00","0.00","0.00","","0.00","0.00","0.00","0.00","0.00","0.00","0.00","2018/2019","3rd Term"),
("467","88","2","0.00","0.00","0.00","0.00","0.00","0.00","","0.00","0.00","0.00","0.00","0.00","0.00","0.00","2018/2019","3rd Term"),
("468","89","2","0.00","0.00","0.00","0.00","0.00","0.00","","0.00","0.00","0.00","0.00","0.00","0.00","0.00","2018/2019","3rd Term"),
("469","91","2","0.00","0.00","0.00","0.00","0.00","0.00","","0.00","0.00","0.00","0.00","0.00","0.00","0.00","2018/2019","3rd Term"),
("470","92","2","0.00","0.00","0.00","0.00","0.00","0.00","","0.00","0.00","0.00","0.00","0.00","0.00","0.00","2018/2019","3rd Term"),
("471","93","2","0.00","0.00","0.00","0.00","0.00","0.00","","0.00","0.00","0.00","0.00","0.00","0.00","0.00","2018/2019","3rd Term"),
("472","94","2","0.00","0.00","0.00","0.00","0.00","0.00","","0.00","0.00","0.00","0.00","0.00","0.00","0.00","2018/2019","3rd Term"),
("473","95","2","0.00","0.00","0.00","0.00","0.00","0.00","","0.00","0.00","0.00","0.00","0.00","0.00","0.00","2018/2019","3rd Term"),
("474","96","2","0.00","0.00","0.00","0.00","0.00","0.00","","0.00","0.00","0.00","0.00","0.00","0.00","0.00","2018/2019","3rd Term"),
("475","97","2","0.00","0.00","0.00","0.00","0.00","0.00","","0.00","0.00","0.00","0.00","0.00","0.00","0.00","2018/2019","3rd Term"),
("476","98","2","0.00","0.00","0.00","0.00","0.00","0.00","","0.00","0.00","0.00","0.00","0.00","0.00","0.00","2018/2019","3rd Term"),
("477","100","2","0.00","0.00","0.00","0.00","0.00","0.00","","0.00","0.00","0.00","0.00","0.00","0.00","0.00","2018/2019","3rd Term"),
("478","101","2","0.00","0.00","0.00","0.00","0.00","0.00","","0.00","0.00","0.00","0.00","0.00","0.00","0.00","2018/2019","3rd Term"),
("479","102","2","0.00","0.00","0.00","0.00","0.00","0.00","","0.00","0.00","0.00","0.00","0.00","0.00","0.00","2018/2019","3rd Term"),
("480","103","2","0.00","0.00","0.00","0.00","0.00","0.00","","0.00","0.00","0.00","0.00","0.00","0.00","0.00","2018/2019","3rd Term"),
("481","105","2","0.00","0.00","0.00","0.00","0.00","0.00","","0.00","0.00","0.00","0.00","0.00","0.00","0.00","2018/2019","3rd Term"),
("482","106","2","0.00","0.00","0.00","0.00","0.00","0.00","","0.00","0.00","0.00","0.00","0.00","0.00","0.00","2018/2019","3rd Term"),
("483","107","6","0.00","0.00","0.00","0.00","0.00","0.00","","0.00","0.00","0.00","0.00","0.00","0.00","0.00","2018/2019","3rd Term"),
("484","108","6","0.00","0.00","0.00","0.00","0.00","0.00","","0.00","0.00","0.00","0.00","0.00","0.00","0.00","2018/2019","3rd Term"),
("485","109","6","0.00","0.00","0.00","0.00","0.00","0.00","","0.00","0.00","0.00","0.00","0.00","0.00","0.00","2018/2019","3rd Term"),
("486","110","6","0.00","0.00","0.00","0.00","0.00","0.00","","0.00","0.00","0.00","0.00","0.00","0.00","0.00","2018/2019","3rd Term"),
("487","111","6","0.00","0.00","0.00","0.00","0.00","0.00","","0.00","0.00","0.00","0.00","0.00","0.00","0.00","2018/2019","3rd Term"),
("488","112","6","0.00","0.00","0.00","0.00","0.00","0.00","","0.00","0.00","0.00","0.00","0.00","0.00","0.00","2018/2019","3rd Term"),
("489","113","6","0.00","0.00","0.00","0.00","0.00","0.00","","0.00","0.00","0.00","0.00","0.00","0.00","0.00","2018/2019","3rd Term"),
("490","114","6","0.00","0.00","0.00","0.00","0.00","0.00","","0.00","0.00","0.00","0.00","0.00","0.00","0.00","2018/2019","3rd Term"),
("491","115","6","0.00","0.00","0.00","0.00","0.00","0.00","","0.00","0.00","0.00","0.00","0.00","0.00","0.00","2018/2019","3rd Term"),
("492","116","6","0.00","0.00","0.00","0.00","0.00","0.00","","0.00","0.00","0.00","0.00","0.00","0.00","0.00","2018/2019","3rd Term"),
("493","117","6","0.00","0.00","0.00","0.00","0.00","0.00","","0.00","0.00","0.00","0.00","0.00","0.00","0.00","2018/2019","3rd Term"),
("494","118","6","0.00","0.00","0.00","0.00","0.00","0.00","","0.00","0.00","0.00","0.00","0.00","0.00","0.00","2018/2019","3rd Term"),
("495","119","6","0.00","0.00","0.00","0.00","0.00","0.00","","0.00","0.00","0.00","0.00","0.00","0.00","0.00","2018/2019","3rd Term"),
("496","121","6","0.00","0.00","0.00","0.00","0.00","0.00","","0.00","0.00","0.00","0.00","0.00","0.00","0.00","2018/2019","3rd Term"),
("497","122","13","0.00","0.00","0.00","0.00","0.00","0.00","","0.00","0.00","0.00","0.00","0.00","0.00","0.00","2018/2019","3rd Term"),
("498","123","13","0.00","0.00","0.00","0.00","0.00","0.00","","0.00","0.00","0.00","0.00","0.00","0.00","0.00","2018/2019","3rd Term"),
("499","124","13","0.00","0.00","0.00","0.00","0.00","0.00","","0.00","0.00","0.00","0.00","0.00","0.00","0.00","2018/2019","3rd Term"),
("500","125","13","0.00","0.00","0.00","0.00","0.00","0.00","","0.00","0.00","0.00","0.00","0.00","0.00","0.00","2018/2019","3rd Term"),
("501","126","8","0.00","0.00","0.00","0.00","0.00","0.00","","0.00","0.00","0.00","0.00","0.00","0.00","0.00","2018/2019","3rd Term"),
("502","127","8","0.00","0.00","0.00","0.00","0.00","0.00","","0.00","0.00","0.00","0.00","0.00","0.00","0.00","2018/2019","3rd Term"),
("503","128","8","0.00","0.00","0.00","0.00","0.00","0.00","","0.00","0.00","0.00","0.00","0.00","0.00","0.00","2018/2019","3rd Term");
INSERT INTO current_fees_info VALUES
("504","129","8","0.00","0.00","0.00","0.00","0.00","0.00","","0.00","0.00","0.00","0.00","0.00","0.00","0.00","2018/2019","3rd Term"),
("505","130","8","0.00","0.00","0.00","0.00","0.00","0.00","","0.00","0.00","0.00","0.00","0.00","0.00","0.00","2018/2019","3rd Term"),
("506","131","8","0.00","0.00","0.00","0.00","0.00","0.00","","0.00","0.00","0.00","0.00","0.00","0.00","0.00","2018/2019","3rd Term"),
("507","132","8","0.00","0.00","0.00","0.00","0.00","0.00","","0.00","0.00","0.00","0.00","0.00","0.00","0.00","2018/2019","3rd Term"),
("508","133","8","0.00","0.00","0.00","0.00","0.00","0.00","","0.00","0.00","0.00","0.00","0.00","0.00","0.00","2018/2019","3rd Term"),
("509","134","8","0.00","0.00","0.00","0.00","0.00","0.00","","0.00","0.00","0.00","0.00","0.00","0.00","0.00","2018/2019","3rd Term"),
("510","135","8","0.00","0.00","0.00","0.00","0.00","0.00","","0.00","0.00","0.00","0.00","0.00","0.00","0.00","2018/2019","3rd Term"),
("511","136","8","0.00","0.00","0.00","0.00","0.00","0.00","","0.00","0.00","0.00","0.00","0.00","0.00","0.00","2018/2019","3rd Term"),
("512","137","8","0.00","0.00","0.00","0.00","0.00","0.00","","0.00","0.00","0.00","0.00","0.00","0.00","0.00","2018/2019","3rd Term"),
("513","138","8","0.00","0.00","0.00","0.00","0.00","0.00","","0.00","0.00","0.00","0.00","0.00","0.00","0.00","2018/2019","3rd Term"),
("514","139","9","0.00","0.00","0.00","0.00","0.00","0.00","","0.00","0.00","0.00","0.00","0.00","0.00","0.00","2018/2019","3rd Term"),
("515","140","9","0.00","0.00","0.00","0.00","0.00","0.00","","0.00","0.00","0.00","0.00","0.00","0.00","0.00","2018/2019","3rd Term"),
("516","141","9","0.00","0.00","0.00","0.00","0.00","0.00","","0.00","0.00","0.00","0.00","0.00","0.00","0.00","2018/2019","3rd Term"),
("517","142","9","0.00","0.00","0.00","0.00","0.00","0.00","","0.00","0.00","0.00","0.00","0.00","0.00","0.00","2018/2019","3rd Term"),
("518","143","9","0.00","0.00","0.00","0.00","0.00","0.00","","0.00","0.00","0.00","0.00","0.00","0.00","0.00","2018/2019","3rd Term"),
("519","144","9","0.00","0.00","0.00","0.00","0.00","0.00","","0.00","0.00","0.00","0.00","0.00","0.00","0.00","2018/2019","3rd Term"),
("520","145","9","0.00","0.00","0.00","0.00","0.00","0.00","","0.00","0.00","0.00","0.00","0.00","0.00","0.00","2018/2019","3rd Term"),
("521","146","9","0.00","0.00","0.00","0.00","0.00","0.00","","0.00","0.00","0.00","0.00","0.00","0.00","0.00","2018/2019","3rd Term"),
("522","147","9","0.00","0.00","0.00","0.00","0.00","0.00","","0.00","0.00","0.00","0.00","0.00","0.00","0.00","2018/2019","3rd Term"),
("523","148","9","0.00","0.00","0.00","0.00","0.00","0.00","","0.00","0.00","0.00","0.00","0.00","0.00","0.00","2018/2019","3rd Term"),
("524","149","9","0.00","0.00","0.00","0.00","0.00","0.00","","0.00","0.00","0.00","0.00","0.00","0.00","0.00","2018/2019","3rd Term"),
("525","151","9","0.00","0.00","0.00","0.00","0.00","0.00","","0.00","0.00","0.00","0.00","0.00","0.00","0.00","2018/2019","3rd Term"),
("526","152","9","0.00","0.00","0.00","0.00","0.00","0.00","","0.00","0.00","0.00","0.00","0.00","0.00","0.00","2018/2019","3rd Term"),
("527","154","9","0.00","0.00","0.00","0.00","0.00","0.00","","0.00","0.00","0.00","0.00","0.00","0.00","0.00","2018/2019","3rd Term"),
("528","156","11","0.00","0.00","0.00","0.00","0.00","0.00","","0.00","0.00","0.00","0.00","0.00","0.00","0.00","2018/2019","3rd Term"),
("529","157","11","0.00","0.00","0.00","0.00","0.00","0.00","","0.00","0.00","0.00","0.00","0.00","0.00","0.00","2018/2019","3rd Term"),
("530","159","11","0.00","0.00","0.00","0.00","0.00","0.00","","0.00","0.00","0.00","0.00","0.00","0.00","0.00","2018/2019","3rd Term"),
("531","160","11","0.00","0.00","0.00","0.00","0.00","0.00","","0.00","0.00","0.00","0.00","0.00","0.00","0.00","2018/2019","3rd Term"),
("532","161","11","0.00","0.00","0.00","0.00","0.00","0.00","","0.00","0.00","0.00","0.00","0.00","0.00","0.00","2018/2019","3rd Term"),
("533","165","11","0.00","0.00","0.00","0.00","0.00","0.00","","0.00","0.00","0.00","0.00","0.00","0.00","0.00","2018/2019","3rd Term"),
("534","166","11","0.00","0.00","0.00","0.00","0.00","0.00","","0.00","0.00","0.00","0.00","0.00","0.00","0.00","2018/2019","3rd Term"),
("535","167","7","0.00","0.00","0.00","0.00","0.00","0.00","","0.00","0.00","0.00","0.00","0.00","0.00","0.00","2018/2019","3rd Term"),
("536","168","7","0.00","0.00","0.00","0.00","0.00","0.00","","0.00","0.00","0.00","0.00","0.00","0.00","0.00","2018/2019","3rd Term"),
("537","169","7","0.00","0.00","0.00","0.00","0.00","0.00","","0.00","0.00","0.00","0.00","0.00","0.00","0.00","2018/2019","3rd Term"),
("538","170","7","0.00","0.00","0.00","0.00","0.00","0.00","","0.00","0.00","0.00","0.00","0.00","0.00","0.00","2018/2019","3rd Term"),
("539","171","7","0.00","0.00","0.00","0.00","0.00","0.00","","0.00","0.00","0.00","0.00","0.00","0.00","0.00","2018/2019","3rd Term"),
("540","172","7","0.00","0.00","0.00","0.00","0.00","0.00","","0.00","0.00","0.00","0.00","0.00","0.00","0.00","2018/2019","3rd Term"),
("541","173","7","0.00","0.00","0.00","0.00","0.00","0.00","","0.00","0.00","0.00","0.00","0.00","0.00","0.00","2018/2019","3rd Term"),
("542","174","7","0.00","0.00","0.00","0.00","0.00","0.00","","0.00","0.00","0.00","0.00","0.00","0.00","0.00","2018/2019","3rd Term"),
("543","175","7","0.00","0.00","0.00","0.00","0.00","0.00","","0.00","0.00","0.00","0.00","0.00","0.00","0.00","2018/2019","3rd Term"),
("544","176","7","0.00","0.00","0.00","0.00","0.00","0.00","","0.00","0.00","0.00","0.00","0.00","0.00","0.00","2018/2019","3rd Term"),
("545","177","7","0.00","0.00","0.00","0.00","0.00","0.00","","0.00","0.00","0.00","0.00","0.00","0.00","0.00","2018/2019","3rd Term"),
("546","179","7","0.00","0.00","0.00","0.00","0.00","0.00","","0.00","0.00","0.00","0.00","0.00","0.00","0.00","2018/2019","3rd Term"),
("547","182","7","0.00","0.00","0.00","0.00","0.00","0.00","","0.00","0.00","0.00","0.00","0.00","0.00","0.00","2018/2019","3rd Term"),
("548","183","7","0.00","0.00","0.00","0.00","0.00","0.00","","0.00","0.00","0.00","0.00","0.00","0.00","0.00","2018/2019","3rd Term"),
("549","184","6","0.00","0.00","0.00","0.00","0.00","0.00","","0.00","0.00","0.00","0.00","0.00","0.00","0.00","2018/2019","3rd Term"),
("550","185","2","0.00","0.00","0.00","0.00","0.00","0.00","","0.00","0.00","0.00","0.00","0.00","0.00","0.00","2018/2019","3rd Term"),
("551","186","3","0.00","0.00","0.00","0.00","0.00","0.00","","0.00","0.00","0.00","0.00","0.00","0.00","0.00","2018/2019","3rd Term"),
("552","187","3","0.00","0.00","0.00","0.00","0.00","0.00","","0.00","0.00","0.00","0.00","0.00","0.00","0.00","2018/2019","3rd Term"),
("553","188","3","0.00","0.00","0.00","0.00","0.00","0.00","","0.00","0.00","0.00","0.00","0.00","0.00","0.00","2018/2019","3rd Term"),
("554","189","3","0.00","0.00","0.00","0.00","0.00","0.00","","0.00","0.00","0.00","0.00","0.00","0.00","0.00","2018/2019","3rd Term"),
("555","190","3","0.00","0.00","0.00","0.00","0.00","0.00","","0.00","0.00","0.00","0.00","0.00","0.00","0.00","2018/2019","3rd Term"),
("556","191","3","0.00","0.00","0.00","0.00","0.00","0.00","","0.00","0.00","0.00","0.00","0.00","0.00","0.00","2018/2019","3rd Term"),
("557","192","3","0.00","0.00","0.00","0.00","0.00","0.00","","0.00","0.00","0.00","0.00","0.00","0.00","0.00","2018/2019","3rd Term"),
("558","193","3","0.00","0.00","0.00","0.00","0.00","0.00","","0.00","0.00","0.00","0.00","0.00","0.00","0.00","2018/2019","3rd Term"),
("559","194","3","0.00","0.00","0.00","0.00","0.00","0.00","","0.00","0.00","0.00","0.00","0.00","0.00","0.00","2018/2019","3rd Term"),
("560","195","3","0.00","0.00","0.00","0.00","0.00","0.00","","0.00","0.00","0.00","0.00","0.00","0.00","0.00","2018/2019","3rd Term"),
("561","196","3","0.00","0.00","0.00","0.00","0.00","0.00","","0.00","0.00","0.00","0.00","0.00","0.00","0.00","2018/2019","3rd Term"),
("562","197","4","0.00","0.00","0.00","0.00","0.00","0.00","","0.00","0.00","0.00","0.00","0.00","0.00","0.00","2018/2019","3rd Term"),
("563","198","4","0.00","0.00","0.00","0.00","0.00","0.00","","0.00","0.00","0.00","0.00","0.00","0.00","0.00","2018/2019","3rd Term"),
("564","199","1","0.00","0.00","0.00","0.00","0.00","0.00","","0.00","0.00","0.00","0.00","0.00","0.00","0.00","2018/2019","3rd Term"),
("565","200","9","0.00","0.00","0.00","0.00","0.00","0.00","","0.00","0.00","0.00","0.00","0.00","0.00","0.00","2018/2019","3rd Term"),
("566","201","8","0.00","0.00","0.00","0.00","0.00","0.00","","0.00","0.00","0.00","0.00","0.00","0.00","0.00","2018/2019","3rd Term"),
("639","23","3","0.00","0.00","0.00","0.00","0.00","0.00","","0.00","0.00","0.00","0.00","0.00","0.00","0.00","2018/2019","3rd Term"),
("640","36","5","0.00","0.00","0.00","0.00","0.00","0.00","","0.00","0.00","0.00","0.00","0.00","0.00","0.00","2018/2019","3rd Term"),
("641","120","6","0.00","0.00","0.00","0.00","0.00","0.00","","0.00","0.00","0.00","0.00","0.00","0.00","0.00","2018/2019","3rd Term"),
("642","178","7","0.00","0.00","0.00","0.00","0.00","0.00","","0.00","0.00","0.00","0.00","0.00","0.00","0.00","2018/2019","3rd Term"),
("643","153","9","0.00","0.00","0.00","0.00","0.00","0.00","","0.00","0.00","0.00","0.00","0.00","0.00","0.00","2018/2019","3rd Term"),
("644","155","9","0.00","0.00","0.00","0.00","0.00","0.00","","0.00","0.00","0.00","0.00","0.00","0.00","0.00","2018/2019","3rd Term"),
("645","158","11","0.00","0.00","0.00","0.00","0.00","0.00","","0.00","0.00","0.00","0.00","0.00","0.00","0.00","2018/2019","3rd Term"),
("646","162","11","0.00","0.00","0.00","0.00","0.00","0.00","","0.00","0.00","0.00","0.00","0.00","0.00","0.00","2018/2019","3rd Term"),
("647","163","11","0.00","0.00","0.00","0.00","0.00","0.00","","0.00","0.00","0.00","0.00","0.00","0.00","0.00","2018/2019","3rd Term"),
("648","79","12","0.00","0.00","0.00","0.00","0.00","0.00","","0.00","0.00","0.00","0.00","0.00","0.00","0.00","2018/2019","3rd Term"),
("649","202","3","0.00","0.00","0.00","0.00","0.00","0.00","","0.00","0.00","0.00","0.00","0.00","0.00","0.00","2018/2019","3rd Term"),
("650","203","3","0.00","0.00","0.00","0.00","0.00","0.00","","0.00","0.00","0.00","0.00","0.00","0.00","0.00","2018/2019","3rd Term"),
("651","150","9","0.00","0.00","0.00","0.00","0.00","0.00","","0.00","0.00","0.00","0.00","0.00","0.00","0.00","2018/2019","3rd Term"),
("652","180","7","0.00","0.00","0.00","0.00","0.00","0.00","","0.00","0.00","0.00","0.00","0.00","0.00","0.00","2018/2019","3rd Term"),
("653","104","2","0.00","0.00","0.00","0.00","0.00","0.00","","0.00","0.00","0.00","0.00","0.00","0.00","0.00","2018/2019","3rd Term"),
("654","204","12","0.00","0.00","0.00","0.00","0.00","0.00","","0.00","0.00","0.00","0.00","0.00","0.00","0.00","2018/2019","3rd Term"),
("655","1","1","0.00","0.00","0.00","0.00","0.00","0.00","","0.00","0.00","0.00","0.00","0.00","0.00","0.00","2019/2020","1st Term"),
("656","2","1","0.00","0.00","0.00","0.00","0.00","0.00","","0.00","0.00","0.00","0.00","0.00","0.00","0.00","2019/2020","1st Term"),
("657","3","1","0.00","0.00","0.00","0.00","0.00","0.00","","0.00","0.00","0.00","0.00","0.00","0.00","0.00","2019/2020","1st Term"),
("658","4","1","0.00","0.00","0.00","0.00","0.00","0.00","","0.00","0.00","0.00","0.00","0.00","0.00","0.00","2019/2020","1st Term"),
("659","5","1","0.00","0.00","0.00","0.00","0.00","0.00","","0.00","0.00","0.00","0.00","0.00","0.00","0.00","2019/2020","1st Term"),
("660","6","1","0.00","0.00","0.00","0.00","0.00","0.00","","0.00","0.00","0.00","0.00","0.00","0.00","0.00","2019/2020","1st Term"),
("661","7","1","0.00","0.00","0.00","0.00","0.00","0.00","","0.00","0.00","0.00","0.00","0.00","0.00","0.00","2019/2020","1st Term"),
("662","8","1","0.00","0.00","0.00","0.00","0.00","0.00","","0.00","0.00","0.00","0.00","0.00","0.00","0.00","2019/2020","1st Term"),
("663","9","1","0.00","0.00","0.00","0.00","0.00","0.00","","0.00","0.00","0.00","0.00","0.00","0.00","0.00","2019/2020","1st Term"),
("664","10","1","0.00","0.00","0.00","0.00","0.00","0.00","","0.00","0.00","0.00","0.00","0.00","0.00","0.00","2019/2020","1st Term"),
("665","11","1","0.00","0.00","0.00","0.00","0.00","0.00","","0.00","0.00","0.00","0.00","0.00","0.00","0.00","2019/2020","1st Term"),
("666","12","1","0.00","0.00","0.00","0.00","0.00","0.00","","0.00","0.00","0.00","0.00","0.00","0.00","0.00","2019/2020","1st Term"),
("667","13","1","0.00","0.00","0.00","0.00","0.00","0.00","","0.00","0.00","0.00","0.00","0.00","0.00","0.00","2019/2020","1st Term"),
("668","14","1","0.00","0.00","0.00","0.00","0.00","0.00","","0.00","0.00","0.00","0.00","0.00","0.00","0.00","2019/2020","1st Term"),
("669","15","1","0.00","0.00","0.00","0.00","0.00","0.00","","0.00","0.00","0.00","0.00","0.00","0.00","0.00","2019/2020","1st Term"),
("670","16","1","0.00","0.00","0.00","0.00","0.00","0.00","","0.00","0.00","0.00","0.00","0.00","0.00","0.00","2019/2020","1st Term"),
("671","17","1","0.00","0.00","0.00","0.00","0.00","0.00","","0.00","0.00","0.00","0.00","0.00","0.00","0.00","2019/2020","1st Term"),
("672","18","1","0.00","0.00","0.00","0.00","0.00","0.00","","0.00","0.00","0.00","0.00","0.00","0.00","0.00","2019/2020","1st Term"),
("673","19","1","0.00","0.00","0.00","0.00","0.00","0.00","","0.00","0.00","0.00","0.00","0.00","0.00","0.00","2019/2020","1st Term"),
("674","20","1","0.00","0.00","0.00","0.00","0.00","0.00","","0.00","0.00","0.00","0.00","0.00","0.00","0.00","2019/2020","1st Term"),
("675","21","4","0.00","0.00","0.00","0.00","0.00","0.00","","0.00","0.00","0.00","0.00","0.00","0.00","0.00","2019/2020","1st Term");
INSERT INTO current_fees_info VALUES
("676","22","4","0.00","0.00","0.00","0.00","0.00","0.00","","0.00","0.00","0.00","0.00","0.00","0.00","0.00","2019/2020","1st Term"),
("677","23","4","0.00","0.00","0.00","0.00","0.00","0.00","","0.00","0.00","0.00","0.00","0.00","0.00","0.00","2019/2020","1st Term"),
("678","24","4","0.00","0.00","0.00","0.00","0.00","0.00","","0.00","0.00","0.00","0.00","0.00","0.00","0.00","2019/2020","1st Term"),
("679","25","4","0.00","0.00","0.00","0.00","0.00","0.00","","0.00","0.00","0.00","0.00","0.00","0.00","0.00","2019/2020","1st Term"),
("680","26","4","0.00","0.00","0.00","0.00","0.00","0.00","","0.00","0.00","0.00","0.00","0.00","0.00","0.00","2019/2020","1st Term"),
("681","27","4","0.00","0.00","0.00","0.00","0.00","0.00","","0.00","0.00","0.00","0.00","0.00","0.00","0.00","2019/2020","1st Term"),
("682","28","4","0.00","0.00","0.00","0.00","0.00","0.00","","0.00","0.00","0.00","0.00","0.00","0.00","0.00","2019/2020","1st Term"),
("683","29","4","0.00","0.00","0.00","0.00","0.00","0.00","","0.00","0.00","0.00","0.00","0.00","0.00","0.00","2019/2020","1st Term"),
("684","30","4","0.00","0.00","0.00","0.00","0.00","0.00","","0.00","0.00","0.00","0.00","0.00","0.00","0.00","2019/2020","1st Term"),
("685","31","4","0.00","0.00","0.00","0.00","0.00","0.00","","0.00","0.00","0.00","0.00","0.00","0.00","0.00","2019/2020","1st Term"),
("686","32","4","0.00","0.00","0.00","0.00","0.00","0.00","","0.00","0.00","0.00","0.00","0.00","0.00","0.00","2019/2020","1st Term"),
("687","33","4","0.00","0.00","0.00","0.00","0.00","0.00","","0.00","0.00","0.00","0.00","0.00","0.00","0.00","2019/2020","1st Term"),
("688","34","4","0.00","0.00","0.00","0.00","0.00","0.00","","0.00","0.00","0.00","0.00","0.00","0.00","0.00","2019/2020","1st Term"),
("689","35","6","0.00","0.00","0.00","0.00","0.00","0.00","","0.00","0.00","0.00","0.00","0.00","0.00","0.00","2019/2020","1st Term"),
("690","36","6","0.00","0.00","0.00","0.00","0.00","0.00","","0.00","0.00","0.00","0.00","0.00","0.00","0.00","2019/2020","1st Term"),
("691","37","6","0.00","0.00","0.00","0.00","0.00","0.00","","0.00","0.00","0.00","0.00","0.00","0.00","0.00","2019/2020","1st Term"),
("692","38","6","0.00","0.00","0.00","0.00","0.00","0.00","","0.00","0.00","0.00","0.00","0.00","0.00","0.00","2019/2020","1st Term"),
("693","39","6","0.00","0.00","0.00","0.00","0.00","0.00","","0.00","0.00","0.00","0.00","0.00","0.00","0.00","2019/2020","1st Term"),
("694","40","6","0.00","0.00","0.00","0.00","0.00","0.00","","0.00","0.00","0.00","0.00","0.00","0.00","0.00","2019/2020","1st Term"),
("695","41","6","0.00","0.00","0.00","0.00","0.00","0.00","","0.00","0.00","0.00","0.00","0.00","0.00","0.00","2019/2020","1st Term"),
("696","42","6","0.00","0.00","0.00","0.00","0.00","0.00","","0.00","0.00","0.00","0.00","0.00","0.00","0.00","2019/2020","1st Term"),
("697","43","6","0.00","0.00","0.00","0.00","0.00","0.00","","0.00","0.00","0.00","0.00","0.00","0.00","0.00","2019/2020","1st Term"),
("698","44","6","0.00","0.00","0.00","0.00","0.00","0.00","","0.00","0.00","0.00","0.00","0.00","0.00","0.00","2019/2020","1st Term"),
("699","45","6","0.00","0.00","0.00","0.00","0.00","0.00","","0.00","0.00","0.00","0.00","0.00","0.00","0.00","2019/2020","1st Term"),
("700","46","6","0.00","0.00","0.00","0.00","0.00","0.00","","0.00","0.00","0.00","0.00","0.00","0.00","0.00","2019/2020","1st Term"),
("701","47","6","0.00","0.00","0.00","0.00","0.00","0.00","","0.00","0.00","0.00","0.00","0.00","0.00","0.00","2019/2020","1st Term"),
("702","48","6","0.00","0.00","0.00","0.00","0.00","0.00","","0.00","0.00","0.00","0.00","0.00","0.00","0.00","2019/2020","1st Term"),
("703","49","6","0.00","0.00","0.00","0.00","0.00","0.00","","0.00","0.00","0.00","0.00","0.00","0.00","0.00","2019/2020","1st Term"),
("704","50","6","0.00","0.00","0.00","0.00","0.00","0.00","","0.00","0.00","0.00","0.00","0.00","0.00","0.00","2019/2020","1st Term"),
("705","51","6","0.00","0.00","0.00","0.00","0.00","0.00","","0.00","0.00","0.00","0.00","0.00","0.00","0.00","2019/2020","1st Term"),
("706","52","2","0.00","0.00","0.00","0.00","0.00","0.00","","0.00","0.00","0.00","0.00","0.00","0.00","0.00","2019/2020","1st Term"),
("707","53","2","0.00","0.00","0.00","0.00","0.00","0.00","","0.00","0.00","0.00","0.00","0.00","0.00","0.00","2019/2020","1st Term"),
("708","54","2","0.00","0.00","0.00","0.00","0.00","0.00","","0.00","0.00","0.00","0.00","0.00","0.00","0.00","2019/2020","1st Term"),
("709","55","2","0.00","0.00","0.00","0.00","0.00","0.00","","0.00","0.00","0.00","0.00","0.00","0.00","0.00","2019/2020","1st Term"),
("710","56","2","0.00","0.00","0.00","0.00","0.00","0.00","","0.00","0.00","0.00","0.00","0.00","0.00","0.00","2019/2020","1st Term"),
("711","57","2","0.00","0.00","0.00","0.00","0.00","0.00","","0.00","0.00","0.00","0.00","0.00","0.00","0.00","2019/2020","1st Term"),
("712","58","2","0.00","0.00","0.00","0.00","0.00","0.00","","0.00","0.00","0.00","0.00","0.00","0.00","0.00","2019/2020","1st Term"),
("713","59","2","0.00","0.00","0.00","0.00","0.00","0.00","","0.00","0.00","0.00","0.00","0.00","0.00","0.00","2019/2020","1st Term"),
("714","60","2","0.00","0.00","0.00","0.00","0.00","0.00","","0.00","0.00","0.00","0.00","0.00","0.00","0.00","2019/2020","1st Term"),
("715","61","2","0.00","0.00","0.00","0.00","0.00","0.00","","0.00","0.00","0.00","0.00","0.00","0.00","0.00","2019/2020","1st Term"),
("716","62","2","0.00","0.00","0.00","0.00","0.00","0.00","","0.00","0.00","0.00","0.00","0.00","0.00","0.00","2019/2020","1st Term"),
("717","63","2","0.00","0.00","0.00","0.00","0.00","0.00","","0.00","0.00","0.00","0.00","0.00","0.00","0.00","2019/2020","1st Term"),
("718","64","2","0.00","0.00","0.00","0.00","0.00","0.00","","0.00","0.00","0.00","0.00","0.00","0.00","0.00","2019/2020","1st Term"),
("719","65","2","0.00","0.00","0.00","0.00","0.00","0.00","","0.00","0.00","0.00","0.00","0.00","0.00","0.00","2019/2020","1st Term"),
("720","66","2","0.00","0.00","0.00","0.00","0.00","0.00","","0.00","0.00","0.00","0.00","0.00","0.00","0.00","2019/2020","1st Term"),
("721","67","2","0.00","0.00","0.00","0.00","0.00","0.00","","0.00","0.00","0.00","0.00","0.00","0.00","0.00","2019/2020","1st Term"),
("722","68","2","0.00","0.00","0.00","0.00","0.00","0.00","","0.00","0.00","0.00","0.00","0.00","0.00","0.00","2019/2020","1st Term"),
("723","69","2","0.00","0.00","0.00","0.00","0.00","0.00","","0.00","0.00","0.00","0.00","0.00","0.00","0.00","2019/2020","1st Term"),
("724","70","2","0.00","0.00","0.00","0.00","0.00","0.00","","0.00","0.00","0.00","0.00","0.00","0.00","0.00","2019/2020","1st Term"),
("725","71","13","0.00","0.00","0.00","0.00","0.00","0.00","","0.00","0.00","0.00","0.00","0.00","0.00","0.00","2019/2020","1st Term"),
("726","72","13","0.00","0.00","0.00","0.00","0.00","0.00","","0.00","0.00","0.00","0.00","0.00","0.00","0.00","2019/2020","1st Term"),
("727","73","13","0.00","0.00","0.00","0.00","0.00","0.00","","0.00","0.00","0.00","0.00","0.00","0.00","0.00","2019/2020","1st Term"),
("728","74","13","0.00","0.00","0.00","0.00","0.00","0.00","","0.00","0.00","0.00","0.00","0.00","0.00","0.00","2019/2020","1st Term"),
("729","75","13","0.00","0.00","0.00","0.00","0.00","0.00","","0.00","0.00","0.00","0.00","0.00","0.00","0.00","2019/2020","1st Term"),
("730","76","13","0.00","0.00","0.00","0.00","0.00","0.00","","0.00","0.00","0.00","0.00","0.00","0.00","0.00","2019/2020","1st Term"),
("731","78","13","0.00","0.00","0.00","0.00","0.00","0.00","","0.00","0.00","0.00","0.00","0.00","0.00","0.00","2019/2020","1st Term"),
("732","79","13","0.00","0.00","0.00","0.00","0.00","0.00","","0.00","0.00","0.00","0.00","0.00","0.00","0.00","2019/2020","1st Term"),
("733","80","13","0.00","0.00","0.00","0.00","0.00","0.00","","0.00","0.00","0.00","0.00","0.00","0.00","0.00","2019/2020","1st Term"),
("734","81","5","0.00","0.00","0.00","0.00","0.00","0.00","","0.00","0.00","0.00","0.00","0.00","0.00","0.00","2019/2020","1st Term"),
("735","82","5","0.00","0.00","0.00","0.00","0.00","0.00","","0.00","0.00","0.00","0.00","0.00","0.00","0.00","2019/2020","1st Term"),
("736","83","5","0.00","0.00","0.00","0.00","0.00","0.00","","0.00","0.00","0.00","0.00","0.00","0.00","0.00","2019/2020","1st Term"),
("737","84","5","0.00","0.00","0.00","0.00","0.00","0.00","","0.00","0.00","0.00","0.00","0.00","0.00","0.00","2019/2020","1st Term"),
("738","85","5","0.00","0.00","0.00","0.00","0.00","0.00","","0.00","0.00","0.00","0.00","0.00","0.00","0.00","2019/2020","1st Term"),
("739","86","5","0.00","0.00","0.00","0.00","0.00","0.00","","0.00","0.00","0.00","0.00","0.00","0.00","0.00","2019/2020","1st Term"),
("740","88","5","0.00","0.00","0.00","0.00","0.00","0.00","","0.00","0.00","0.00","0.00","0.00","0.00","0.00","2019/2020","1st Term"),
("741","89","5","0.00","0.00","0.00","0.00","0.00","0.00","","0.00","0.00","0.00","0.00","0.00","0.00","0.00","2019/2020","1st Term"),
("742","91","5","0.00","0.00","0.00","0.00","0.00","0.00","","0.00","0.00","0.00","0.00","0.00","0.00","0.00","2019/2020","1st Term"),
("743","92","5","0.00","0.00","0.00","0.00","0.00","0.00","","0.00","0.00","0.00","0.00","0.00","0.00","0.00","2019/2020","1st Term"),
("744","93","5","0.00","0.00","0.00","0.00","0.00","0.00","","0.00","0.00","0.00","0.00","0.00","0.00","0.00","2019/2020","1st Term"),
("745","94","5","0.00","0.00","0.00","0.00","0.00","0.00","","0.00","0.00","0.00","0.00","0.00","0.00","0.00","2019/2020","1st Term"),
("746","95","5","0.00","0.00","0.00","0.00","0.00","0.00","","0.00","0.00","0.00","0.00","0.00","0.00","0.00","2019/2020","1st Term"),
("747","96","5","0.00","0.00","0.00","0.00","0.00","0.00","","0.00","0.00","0.00","0.00","0.00","0.00","0.00","2019/2020","1st Term"),
("748","97","5","0.00","0.00","0.00","0.00","0.00","0.00","","0.00","0.00","0.00","0.00","0.00","0.00","0.00","2019/2020","1st Term"),
("749","98","5","0.00","0.00","0.00","0.00","0.00","0.00","","0.00","0.00","0.00","0.00","0.00","0.00","0.00","2019/2020","1st Term"),
("750","100","5","0.00","0.00","0.00","0.00","0.00","0.00","","0.00","0.00","0.00","0.00","0.00","0.00","0.00","2019/2020","1st Term"),
("751","101","5","0.00","0.00","0.00","0.00","0.00","0.00","","0.00","0.00","0.00","0.00","0.00","0.00","0.00","2019/2020","1st Term"),
("752","102","5","0.00","0.00","0.00","0.00","0.00","0.00","","0.00","0.00","0.00","0.00","0.00","0.00","0.00","2019/2020","1st Term"),
("753","103","5","0.00","0.00","0.00","0.00","0.00","0.00","","0.00","0.00","0.00","0.00","0.00","0.00","0.00","2019/2020","1st Term"),
("754","105","5","0.00","0.00","0.00","0.00","0.00","0.00","","0.00","0.00","0.00","0.00","0.00","0.00","0.00","2019/2020","1st Term"),
("755","106","5","0.00","0.00","0.00","0.00","0.00","0.00","","0.00","0.00","0.00","0.00","0.00","0.00","0.00","2019/2020","1st Term"),
("756","107","7","0.00","0.00","0.00","0.00","0.00","0.00","","0.00","0.00","0.00","0.00","0.00","0.00","0.00","2019/2020","1st Term"),
("757","108","7","0.00","0.00","0.00","0.00","0.00","0.00","","0.00","0.00","0.00","0.00","0.00","0.00","0.00","2019/2020","1st Term"),
("758","109","7","0.00","0.00","0.00","0.00","0.00","0.00","","0.00","0.00","0.00","0.00","0.00","0.00","0.00","2019/2020","1st Term"),
("759","110","7","0.00","0.00","0.00","0.00","0.00","0.00","","0.00","0.00","0.00","0.00","0.00","0.00","0.00","2019/2020","1st Term"),
("760","111","7","0.00","0.00","0.00","0.00","0.00","0.00","","0.00","0.00","0.00","0.00","0.00","0.00","0.00","2019/2020","1st Term"),
("761","112","7","0.00","0.00","0.00","0.00","0.00","0.00","","0.00","0.00","0.00","0.00","0.00","0.00","0.00","2019/2020","1st Term"),
("762","113","7","0.00","0.00","0.00","0.00","0.00","0.00","","0.00","0.00","0.00","0.00","0.00","0.00","0.00","2019/2020","1st Term"),
("763","114","7","0.00","0.00","0.00","0.00","0.00","0.00","","0.00","0.00","0.00","0.00","0.00","0.00","0.00","2019/2020","1st Term"),
("764","115","7","0.00","0.00","0.00","0.00","0.00","0.00","","0.00","0.00","0.00","0.00","0.00","0.00","0.00","2019/2020","1st Term"),
("765","116","7","0.00","0.00","0.00","0.00","0.00","0.00","","0.00","0.00","0.00","0.00","0.00","0.00","0.00","2019/2020","1st Term"),
("766","117","7","0.00","0.00","0.00","0.00","0.00","0.00","","0.00","0.00","0.00","0.00","0.00","0.00","0.00","2019/2020","1st Term"),
("767","118","7","0.00","0.00","0.00","0.00","0.00","0.00","","0.00","0.00","0.00","0.00","0.00","0.00","0.00","2019/2020","1st Term"),
("768","119","7","0.00","0.00","0.00","0.00","0.00","0.00","","0.00","0.00","0.00","0.00","0.00","0.00","0.00","2019/2020","1st Term"),
("769","120","7","0.00","0.00","0.00","0.00","0.00","0.00","","0.00","0.00","0.00","0.00","0.00","0.00","0.00","2019/2020","1st Term"),
("770","121","7","0.00","0.00","0.00","0.00","0.00","0.00","","0.00","0.00","0.00","0.00","0.00","0.00","0.00","2019/2020","1st Term"),
("771","126","9","0.00","0.00","0.00","0.00","0.00","0.00","","0.00","0.00","0.00","0.00","0.00","0.00","0.00","2019/2020","1st Term"),
("772","127","9","0.00","0.00","0.00","0.00","0.00","0.00","","0.00","0.00","0.00","0.00","0.00","0.00","0.00","2019/2020","1st Term"),
("773","128","9","0.00","0.00","0.00","0.00","0.00","0.00","","0.00","0.00","0.00","0.00","0.00","0.00","0.00","2019/2020","1st Term"),
("774","129","9","0.00","0.00","0.00","0.00","0.00","0.00","","0.00","0.00","0.00","0.00","0.00","0.00","0.00","2019/2020","1st Term"),
("775","130","9","0.00","0.00","0.00","0.00","0.00","0.00","","0.00","0.00","0.00","0.00","0.00","0.00","0.00","2019/2020","1st Term");
INSERT INTO current_fees_info VALUES
("776","131","9","0.00","0.00","0.00","0.00","0.00","0.00","","0.00","0.00","0.00","0.00","0.00","0.00","0.00","2019/2020","1st Term"),
("777","132","9","0.00","0.00","0.00","0.00","0.00","0.00","","0.00","0.00","0.00","0.00","0.00","0.00","0.00","2019/2020","1st Term"),
("778","133","9","0.00","0.00","0.00","0.00","0.00","0.00","","0.00","0.00","0.00","0.00","0.00","0.00","0.00","2019/2020","1st Term"),
("779","134","9","0.00","0.00","0.00","0.00","0.00","0.00","","0.00","0.00","0.00","0.00","0.00","0.00","0.00","2019/2020","1st Term"),
("780","135","9","0.00","0.00","0.00","0.00","0.00","0.00","","0.00","0.00","0.00","0.00","0.00","0.00","0.00","2019/2020","1st Term"),
("781","136","9","0.00","0.00","0.00","0.00","0.00","0.00","","0.00","0.00","0.00","0.00","0.00","0.00","0.00","2019/2020","1st Term"),
("782","137","9","0.00","0.00","0.00","0.00","0.00","0.00","","0.00","0.00","0.00","0.00","0.00","0.00","0.00","2019/2020","1st Term"),
("783","138","9","0.00","0.00","0.00","0.00","0.00","0.00","","0.00","0.00","0.00","0.00","0.00","0.00","0.00","2019/2020","1st Term"),
("784","139","11","0.00","0.00","0.00","0.00","0.00","0.00","","0.00","0.00","0.00","0.00","0.00","0.00","0.00","2019/2020","1st Term"),
("785","140","11","0.00","0.00","0.00","0.00","0.00","0.00","","0.00","0.00","0.00","0.00","0.00","0.00","0.00","2019/2020","1st Term"),
("786","141","11","0.00","0.00","0.00","0.00","0.00","0.00","","0.00","0.00","0.00","0.00","0.00","0.00","0.00","2019/2020","1st Term"),
("787","142","11","0.00","0.00","0.00","0.00","0.00","0.00","","0.00","0.00","0.00","0.00","0.00","0.00","0.00","2019/2020","1st Term"),
("788","143","11","0.00","0.00","0.00","0.00","0.00","0.00","","0.00","0.00","0.00","0.00","0.00","0.00","0.00","2019/2020","1st Term"),
("789","144","11","0.00","0.00","0.00","0.00","0.00","0.00","","0.00","0.00","0.00","0.00","0.00","0.00","0.00","2019/2020","1st Term"),
("790","145","11","0.00","0.00","0.00","0.00","0.00","0.00","","0.00","0.00","0.00","0.00","0.00","0.00","0.00","2019/2020","1st Term"),
("791","146","11","0.00","0.00","0.00","0.00","0.00","0.00","","0.00","0.00","0.00","0.00","0.00","0.00","0.00","2019/2020","1st Term"),
("792","147","11","0.00","0.00","0.00","0.00","0.00","0.00","","0.00","0.00","0.00","0.00","0.00","0.00","0.00","2019/2020","1st Term"),
("793","148","11","0.00","0.00","0.00","0.00","0.00","0.00","","0.00","0.00","0.00","0.00","0.00","0.00","0.00","2019/2020","1st Term"),
("794","149","11","0.00","0.00","0.00","0.00","0.00","0.00","","0.00","0.00","0.00","0.00","0.00","0.00","0.00","2019/2020","1st Term"),
("795","151","11","0.00","0.00","0.00","0.00","0.00","0.00","","0.00","0.00","0.00","0.00","0.00","0.00","0.00","2019/2020","1st Term"),
("796","152","11","0.00","0.00","0.00","0.00","0.00","0.00","","0.00","0.00","0.00","0.00","0.00","0.00","0.00","2019/2020","1st Term"),
("797","153","11","0.00","0.00","0.00","0.00","0.00","0.00","","0.00","0.00","0.00","0.00","0.00","0.00","0.00","2019/2020","1st Term"),
("798","154","11","0.00","0.00","0.00","0.00","0.00","0.00","","0.00","0.00","0.00","0.00","0.00","0.00","0.00","2019/2020","1st Term"),
("799","155","11","0.00","0.00","0.00","0.00","0.00","0.00","","0.00","0.00","0.00","0.00","0.00","0.00","0.00","2019/2020","1st Term"),
("800","156","12","0.00","0.00","0.00","0.00","0.00","0.00","","0.00","0.00","0.00","0.00","0.00","0.00","0.00","2019/2020","1st Term"),
("801","157","12","0.00","0.00","0.00","0.00","0.00","0.00","","0.00","0.00","0.00","0.00","0.00","0.00","0.00","2019/2020","1st Term"),
("802","158","12","0.00","0.00","0.00","0.00","0.00","0.00","","0.00","0.00","0.00","0.00","0.00","0.00","0.00","2019/2020","1st Term"),
("803","159","12","0.00","0.00","0.00","0.00","0.00","0.00","","0.00","0.00","0.00","0.00","0.00","0.00","0.00","2019/2020","1st Term"),
("804","160","12","0.00","0.00","0.00","0.00","0.00","0.00","","0.00","0.00","0.00","0.00","0.00","0.00","0.00","2019/2020","1st Term"),
("805","161","12","0.00","0.00","0.00","0.00","0.00","0.00","","0.00","0.00","0.00","0.00","0.00","0.00","0.00","2019/2020","1st Term"),
("806","162","12","0.00","0.00","0.00","0.00","0.00","0.00","","0.00","0.00","0.00","0.00","0.00","0.00","0.00","2019/2020","1st Term"),
("807","163","12","0.00","0.00","0.00","0.00","0.00","0.00","","0.00","0.00","0.00","0.00","0.00","0.00","0.00","2019/2020","1st Term"),
("808","165","12","0.00","0.00","0.00","0.00","0.00","0.00","","0.00","0.00","0.00","0.00","0.00","0.00","0.00","2019/2020","1st Term"),
("809","166","12","0.00","0.00","0.00","0.00","0.00","0.00","","0.00","0.00","0.00","0.00","0.00","0.00","0.00","2019/2020","1st Term"),
("810","167","8","0.00","0.00","0.00","0.00","0.00","0.00","","0.00","0.00","0.00","0.00","0.00","0.00","0.00","2019/2020","1st Term"),
("811","168","8","0.00","0.00","0.00","0.00","0.00","0.00","","0.00","0.00","0.00","0.00","0.00","0.00","0.00","2019/2020","1st Term"),
("812","169","8","0.00","0.00","0.00","0.00","0.00","0.00","","0.00","0.00","0.00","0.00","0.00","0.00","0.00","2019/2020","1st Term"),
("813","170","8","0.00","0.00","0.00","0.00","0.00","0.00","","0.00","0.00","0.00","0.00","0.00","0.00","0.00","2019/2020","1st Term"),
("814","171","8","0.00","0.00","0.00","0.00","0.00","0.00","","0.00","0.00","0.00","0.00","0.00","0.00","0.00","2019/2020","1st Term"),
("815","172","8","0.00","0.00","0.00","0.00","0.00","0.00","","0.00","0.00","0.00","0.00","0.00","0.00","0.00","2019/2020","1st Term"),
("816","173","8","0.00","0.00","0.00","0.00","0.00","0.00","","0.00","0.00","0.00","0.00","0.00","0.00","0.00","2019/2020","1st Term"),
("817","174","8","0.00","0.00","0.00","0.00","0.00","0.00","","0.00","0.00","0.00","0.00","0.00","0.00","0.00","2019/2020","1st Term"),
("818","175","8","0.00","0.00","0.00","0.00","0.00","0.00","","0.00","0.00","0.00","0.00","0.00","0.00","0.00","2019/2020","1st Term"),
("819","176","8","0.00","0.00","0.00","0.00","0.00","0.00","","0.00","0.00","0.00","0.00","0.00","0.00","0.00","2019/2020","1st Term"),
("820","177","8","0.00","0.00","0.00","0.00","0.00","0.00","","0.00","0.00","0.00","0.00","0.00","0.00","0.00","2019/2020","1st Term"),
("821","178","8","0.00","0.00","0.00","0.00","0.00","0.00","","0.00","0.00","0.00","0.00","0.00","0.00","0.00","2019/2020","1st Term"),
("822","179","8","0.00","0.00","0.00","0.00","0.00","0.00","","0.00","0.00","0.00","0.00","0.00","0.00","0.00","2019/2020","1st Term"),
("823","182","8","0.00","0.00","0.00","0.00","0.00","0.00","","0.00","0.00","0.00","0.00","0.00","0.00","0.00","2019/2020","1st Term"),
("824","183","8","0.00","0.00","0.00","0.00","0.00","0.00","","0.00","0.00","0.00","0.00","0.00","0.00","0.00","2019/2020","1st Term"),
("825","184","7","0.00","0.00","0.00","0.00","0.00","0.00","","0.00","0.00","0.00","0.00","0.00","0.00","0.00","2019/2020","1st Term"),
("826","185","5","0.00","0.00","0.00","0.00","0.00","0.00","","0.00","0.00","0.00","0.00","0.00","0.00","0.00","2019/2020","1st Term"),
("827","186","4","0.00","0.00","0.00","0.00","0.00","0.00","","0.00","0.00","0.00","0.00","0.00","0.00","0.00","2019/2020","1st Term"),
("828","187","4","0.00","0.00","0.00","0.00","0.00","0.00","","0.00","0.00","0.00","0.00","0.00","0.00","0.00","2019/2020","1st Term"),
("829","188","4","0.00","0.00","0.00","0.00","0.00","0.00","","0.00","0.00","0.00","0.00","0.00","0.00","0.00","2019/2020","1st Term"),
("830","189","4","0.00","0.00","0.00","0.00","0.00","0.00","","0.00","0.00","0.00","0.00","0.00","0.00","0.00","2019/2020","1st Term"),
("831","190","4","0.00","0.00","0.00","0.00","0.00","0.00","","0.00","0.00","0.00","0.00","0.00","0.00","0.00","2019/2020","1st Term"),
("832","191","4","0.00","0.00","0.00","0.00","0.00","0.00","","0.00","0.00","0.00","0.00","0.00","0.00","0.00","2019/2020","1st Term"),
("833","192","4","0.00","0.00","0.00","0.00","0.00","0.00","","0.00","0.00","0.00","0.00","0.00","0.00","0.00","2019/2020","1st Term"),
("834","193","4","0.00","0.00","0.00","0.00","0.00","0.00","","0.00","0.00","0.00","0.00","0.00","0.00","0.00","2019/2020","1st Term"),
("835","194","4","0.00","0.00","0.00","0.00","0.00","0.00","","0.00","0.00","0.00","0.00","0.00","0.00","0.00","2019/2020","1st Term"),
("836","195","4","0.00","0.00","0.00","0.00","0.00","0.00","","0.00","0.00","0.00","0.00","0.00","0.00","0.00","2019/2020","1st Term"),
("837","196","4","0.00","0.00","0.00","0.00","0.00","0.00","","0.00","0.00","0.00","0.00","0.00","0.00","0.00","2019/2020","1st Term"),
("838","197","1","0.00","0.00","0.00","0.00","0.00","0.00","","0.00","0.00","0.00","0.00","0.00","0.00","0.00","2019/2020","1st Term"),
("839","198","1","0.00","0.00","0.00","0.00","0.00","0.00","","0.00","0.00","0.00","0.00","0.00","0.00","0.00","2019/2020","1st Term"),
("840","199","2","0.00","0.00","0.00","0.00","0.00","0.00","","0.00","0.00","0.00","0.00","0.00","0.00","0.00","2019/2020","1st Term"),
("841","200","11","0.00","0.00","0.00","0.00","0.00","0.00","","0.00","0.00","0.00","0.00","0.00","0.00","0.00","2019/2020","1st Term"),
("842","201","9","0.00","0.00","0.00","0.00","0.00","0.00","","0.00","0.00","0.00","0.00","0.00","0.00","0.00","2019/2020","1st Term"),
("843","202","4","0.00","0.00","0.00","0.00","0.00","0.00","","0.00","0.00","0.00","0.00","0.00","0.00","0.00","2019/2020","1st Term"),
("844","203","4","0.00","0.00","0.00","0.00","0.00","0.00","","0.00","0.00","0.00","0.00","0.00","0.00","0.00","2019/2020","1st Term"),
("845","204","13","0.00","0.00","0.00","0.00","0.00","0.00","","0.00","0.00","0.00","0.00","0.00","0.00","0.00","2019/2020","1st Term"),
("846","205","2","0.00","0.00","0.00","0.00","0.00","0.00","","0.00","0.00","0.00","0.00","0.00","0.00","0.00","2019/2020","1st Term"),
("847","206","2","0.00","0.00","0.00","0.00","0.00","0.00","","0.00","0.00","0.00","0.00","0.00","0.00","0.00","2019/2020","1st Term"),
("848","207","2","0.00","0.00","0.00","0.00","0.00","0.00","","0.00","0.00","0.00","0.00","0.00","0.00","0.00","2019/2020","1st Term"),
("849","208","1","0.00","0.00","0.00","0.00","0.00","0.00","","0.00","0.00","0.00","0.00","0.00","0.00","0.00","2019/2020","1st Term"),
("850","209","1","0.00","0.00","0.00","0.00","0.00","0.00","","0.00","0.00","0.00","0.00","0.00","0.00","0.00","2019/2020","1st Term"),
("851","210","1","0.00","0.00","0.00","0.00","0.00","0.00","","0.00","0.00","0.00","0.00","0.00","0.00","0.00","2019/2020","1st Term"),
("852","211","1","0.00","0.00","0.00","0.00","0.00","0.00","","0.00","0.00","0.00","0.00","0.00","0.00","0.00","2019/2020","1st Term"),
("853","212","4","0.00","0.00","0.00","0.00","0.00","0.00","","0.00","0.00","0.00","0.00","0.00","0.00","0.00","2019/2020","1st Term"),
("854","213","4","0.00","0.00","0.00","0.00","0.00","0.00","","0.00","0.00","0.00","0.00","0.00","0.00","0.00","2019/2020","1st Term"),
("855","214","4","0.00","0.00","0.00","0.00","0.00","0.00","","0.00","0.00","0.00","0.00","0.00","0.00","0.00","2019/2020","1st Term"),
("856","215","3","0.00","0.00","0.00","0.00","0.00","0.00","","0.00","0.00","0.00","0.00","0.00","0.00","0.00","2019/2020","1st Term"),
("857","216","3","0.00","0.00","0.00","0.00","0.00","0.00","","0.00","0.00","0.00","0.00","0.00","0.00","0.00","2019/2020","1st Term"),
("858","217","3","0.00","0.00","0.00","0.00","0.00","0.00","","0.00","0.00","0.00","0.00","0.00","0.00","0.00","2019/2020","1st Term"),
("859","218","3","0.00","0.00","0.00","0.00","0.00","0.00","","0.00","0.00","0.00","0.00","0.00","0.00","0.00","2019/2020","1st Term"),
("860","219","3","0.00","0.00","0.00","0.00","0.00","0.00","","0.00","0.00","0.00","0.00","0.00","0.00","0.00","2019/2020","1st Term"),
("861","220","3","0.00","0.00","0.00","0.00","0.00","0.00","","0.00","0.00","0.00","0.00","0.00","0.00","0.00","2019/2020","1st Term"),
("862","221","3","0.00","0.00","0.00","0.00","0.00","0.00","","0.00","0.00","0.00","0.00","0.00","0.00","0.00","2019/2020","1st Term"),
("863","222","3","0.00","0.00","0.00","0.00","0.00","0.00","","0.00","0.00","0.00","0.00","0.00","0.00","0.00","2019/2020","1st Term"),
("864","223","3","0.00","0.00","0.00","0.00","0.00","0.00","","0.00","0.00","0.00","0.00","0.00","0.00","0.00","2019/2020","1st Term"),
("865","224","3","0.00","0.00","0.00","0.00","0.00","0.00","","0.00","0.00","0.00","0.00","0.00","0.00","0.00","2019/2020","1st Term"),
("866","225","3","0.00","0.00","0.00","0.00","0.00","0.00","","0.00","0.00","0.00","0.00","0.00","0.00","0.00","2019/2020","1st Term"),
("867","226","3","0.00","0.00","0.00","0.00","0.00","0.00","","0.00","0.00","0.00","0.00","0.00","0.00","0.00","2019/2020","1st Term"),
("868","227","3","0.00","0.00","0.00","0.00","0.00","0.00","","0.00","0.00","0.00","0.00","0.00","0.00","0.00","2019/2020","1st Term"),
("869","228","5","0.00","0.00","0.00","0.00","0.00","0.00","","0.00","0.00","0.00","0.00","0.00","0.00","0.00","2019/2020","1st Term"),
("870","229","6","0.00","0.00","0.00","0.00","0.00","0.00","","0.00","0.00","0.00","0.00","0.00","0.00","0.00","2019/2020","1st Term"),
("871","230","7","0.00","0.00","0.00","0.00","0.00","0.00","","0.00","0.00","0.00","0.00","0.00","0.00","0.00","2019/2020","1st Term"),
("872","231","7","0.00","0.00","0.00","0.00","0.00","0.00","","0.00","0.00","0.00","0.00","0.00","0.00","0.00","2019/2020","1st Term"),
("873","232","8","0.00","0.00","0.00","0.00","0.00","0.00","","0.00","0.00","0.00","0.00","0.00","0.00","0.00","2019/2020","1st Term"),
("874","233","8","0.00","0.00","0.00","0.00","0.00","0.00","","0.00","0.00","0.00","0.00","0.00","0.00","0.00","2019/2020","1st Term"),
("875","234","9","0.00","0.00","0.00","0.00","0.00","0.00","","0.00","0.00","0.00","0.00","0.00","0.00","0.00","2019/2020","1st Term");
INSERT INTO current_fees_info VALUES
("876","235","11","0.00","0.00","0.00","0.00","0.00","0.00","","0.00","0.00","0.00","0.00","0.00","0.00","0.00","2019/2020","1st Term"),
("877","236","11","0.00","0.00","0.00","0.00","0.00","0.00","","0.00","0.00","0.00","0.00","0.00","0.00","0.00","2019/2020","1st Term"),
("878","237","11","0.00","0.00","0.00","0.00","0.00","0.00","","0.00","0.00","0.00","0.00","0.00","0.00","0.00","2019/2020","1st Term"),
("879","238","11","0.00","0.00","0.00","0.00","0.00","0.00","","0.00","0.00","0.00","0.00","0.00","0.00","0.00","2019/2020","1st Term"),
("880","239","11","0.00","0.00","0.00","0.00","0.00","0.00","","0.00","0.00","0.00","0.00","0.00","0.00","0.00","2019/2020","1st Term"),
("881","240","12","0.00","0.00","0.00","0.00","0.00","0.00","","0.00","0.00","0.00","0.00","0.00","0.00","0.00","2019/2020","1st Term"),
("882","241","12","0.00","0.00","0.00","0.00","0.00","0.00","","0.00","0.00","0.00","0.00","0.00","0.00","0.00","2019/2020","1st Term"),
("883","242","13","0.00","0.00","0.00","0.00","0.00","0.00","","0.00","0.00","0.00","0.00","0.00","0.00","0.00","2019/2020","1st Term"),
("884","243","4","0.00","0.00","0.00","0.00","0.00","0.00","","0.00","0.00","0.00","0.00","0.00","0.00","0.00","2019/2020","1st Term"),
("885","244","7","0.00","0.00","0.00","0.00","0.00","0.00","","0.00","0.00","0.00","0.00","0.00","0.00","0.00","2019/2020","1st Term"),
("886","245","7","0.00","0.00","0.00","0.00","0.00","0.00","","0.00","0.00","0.00","0.00","0.00","0.00","0.00","2019/2020","1st Term"),
("887","1","1","0.00","0.00","0.00","0.00","0.00","0.00","","0.00","0.00","0.00","0.00","0.00","0.00","0.00","2019/2020","2nd Term"),
("888","2","1","0.00","0.00","0.00","0.00","0.00","0.00","","0.00","0.00","0.00","0.00","0.00","0.00","0.00","2019/2020","2nd Term"),
("889","3","1","0.00","0.00","0.00","0.00","0.00","0.00","","0.00","0.00","0.00","0.00","0.00","0.00","0.00","2019/2020","2nd Term"),
("890","4","1","0.00","0.00","0.00","0.00","0.00","0.00","","0.00","0.00","0.00","0.00","0.00","0.00","0.00","2019/2020","2nd Term"),
("891","5","1","0.00","0.00","0.00","0.00","0.00","0.00","","0.00","0.00","0.00","0.00","0.00","0.00","0.00","2019/2020","2nd Term"),
("892","6","1","0.00","0.00","0.00","0.00","0.00","0.00","","0.00","0.00","0.00","0.00","0.00","0.00","0.00","2019/2020","2nd Term"),
("893","7","1","0.00","0.00","0.00","0.00","0.00","0.00","","0.00","0.00","0.00","0.00","0.00","0.00","0.00","2019/2020","2nd Term"),
("894","8","1","0.00","0.00","0.00","0.00","0.00","0.00","","0.00","0.00","0.00","0.00","0.00","0.00","0.00","2019/2020","2nd Term"),
("895","9","1","0.00","0.00","0.00","0.00","0.00","0.00","","0.00","0.00","0.00","0.00","0.00","0.00","0.00","2019/2020","2nd Term"),
("896","10","1","0.00","0.00","0.00","0.00","0.00","0.00","","0.00","0.00","0.00","0.00","0.00","0.00","0.00","2019/2020","2nd Term"),
("897","11","1","0.00","0.00","0.00","0.00","0.00","0.00","","0.00","0.00","0.00","0.00","0.00","0.00","0.00","2019/2020","2nd Term"),
("898","12","1","0.00","0.00","0.00","0.00","0.00","0.00","","0.00","0.00","0.00","0.00","0.00","0.00","0.00","2019/2020","2nd Term"),
("899","13","1","0.00","0.00","0.00","0.00","0.00","0.00","","0.00","0.00","0.00","0.00","0.00","0.00","0.00","2019/2020","2nd Term"),
("900","14","1","0.00","0.00","0.00","0.00","0.00","0.00","","0.00","0.00","0.00","0.00","0.00","0.00","0.00","2019/2020","2nd Term"),
("901","15","1","0.00","0.00","0.00","0.00","0.00","0.00","","0.00","0.00","0.00","0.00","0.00","0.00","0.00","2019/2020","2nd Term"),
("902","16","1","0.00","0.00","0.00","0.00","0.00","0.00","","0.00","0.00","0.00","0.00","0.00","0.00","0.00","2019/2020","2nd Term"),
("903","17","1","0.00","0.00","0.00","0.00","0.00","0.00","","0.00","0.00","0.00","0.00","0.00","0.00","0.00","2019/2020","2nd Term"),
("904","18","1","0.00","0.00","0.00","0.00","0.00","0.00","","0.00","0.00","0.00","0.00","0.00","0.00","0.00","2019/2020","2nd Term"),
("905","21","4","0.00","0.00","0.00","0.00","0.00","0.00","","0.00","0.00","0.00","0.00","0.00","0.00","0.00","2019/2020","2nd Term"),
("906","22","4","0.00","0.00","0.00","0.00","0.00","0.00","","0.00","0.00","0.00","0.00","0.00","0.00","0.00","2019/2020","2nd Term"),
("907","23","4","0.00","0.00","0.00","0.00","0.00","0.00","","0.00","0.00","0.00","0.00","0.00","0.00","0.00","2019/2020","2nd Term"),
("908","24","4","0.00","0.00","0.00","0.00","0.00","0.00","","0.00","0.00","0.00","0.00","0.00","0.00","0.00","2019/2020","2nd Term"),
("909","25","4","0.00","0.00","0.00","0.00","0.00","0.00","","0.00","0.00","0.00","0.00","0.00","0.00","0.00","2019/2020","2nd Term"),
("910","26","4","0.00","0.00","0.00","0.00","0.00","0.00","","0.00","0.00","0.00","0.00","0.00","0.00","0.00","2019/2020","2nd Term"),
("911","27","4","0.00","0.00","0.00","0.00","0.00","0.00","","0.00","0.00","0.00","0.00","0.00","0.00","0.00","2019/2020","2nd Term"),
("912","28","4","0.00","0.00","0.00","0.00","0.00","0.00","","0.00","0.00","0.00","0.00","0.00","0.00","0.00","2019/2020","2nd Term"),
("913","29","4","0.00","0.00","0.00","0.00","0.00","0.00","","0.00","0.00","0.00","0.00","0.00","0.00","0.00","2019/2020","2nd Term"),
("914","30","4","0.00","0.00","0.00","0.00","0.00","0.00","","0.00","0.00","0.00","0.00","0.00","0.00","0.00","2019/2020","2nd Term"),
("915","31","4","0.00","0.00","0.00","0.00","0.00","0.00","","0.00","0.00","0.00","0.00","0.00","0.00","0.00","2019/2020","2nd Term"),
("916","32","4","0.00","0.00","0.00","0.00","0.00","0.00","","0.00","0.00","0.00","0.00","0.00","0.00","0.00","2019/2020","2nd Term"),
("917","33","4","0.00","0.00","0.00","0.00","0.00","0.00","","0.00","0.00","0.00","0.00","0.00","0.00","0.00","2019/2020","2nd Term"),
("918","35","6","0.00","0.00","0.00","0.00","0.00","0.00","","0.00","0.00","0.00","0.00","0.00","0.00","0.00","2019/2020","2nd Term"),
("919","36","6","0.00","0.00","0.00","0.00","0.00","0.00","","0.00","0.00","0.00","0.00","0.00","0.00","0.00","2019/2020","2nd Term"),
("920","37","6","0.00","0.00","0.00","0.00","0.00","0.00","","0.00","0.00","0.00","0.00","0.00","0.00","0.00","2019/2020","2nd Term"),
("921","38","6","0.00","0.00","0.00","0.00","0.00","0.00","","0.00","0.00","0.00","0.00","0.00","0.00","0.00","2019/2020","2nd Term"),
("922","39","6","0.00","0.00","0.00","0.00","0.00","0.00","","0.00","0.00","0.00","0.00","0.00","0.00","0.00","2019/2020","2nd Term"),
("923","40","6","0.00","0.00","0.00","0.00","0.00","0.00","","0.00","0.00","0.00","0.00","0.00","0.00","0.00","2019/2020","2nd Term"),
("924","41","6","0.00","0.00","0.00","0.00","0.00","0.00","","0.00","0.00","0.00","0.00","0.00","0.00","0.00","2019/2020","2nd Term"),
("925","42","6","0.00","0.00","0.00","0.00","0.00","0.00","","0.00","0.00","0.00","0.00","0.00","0.00","0.00","2019/2020","2nd Term"),
("926","43","6","0.00","0.00","0.00","0.00","0.00","0.00","","0.00","0.00","0.00","0.00","0.00","0.00","0.00","2019/2020","2nd Term"),
("927","44","6","0.00","0.00","0.00","0.00","0.00","0.00","","0.00","0.00","0.00","0.00","0.00","0.00","0.00","2019/2020","2nd Term"),
("928","45","6","0.00","0.00","0.00","0.00","0.00","0.00","","0.00","0.00","0.00","0.00","0.00","0.00","0.00","2019/2020","2nd Term"),
("929","46","6","0.00","0.00","0.00","0.00","0.00","0.00","","0.00","0.00","0.00","0.00","0.00","0.00","0.00","2019/2020","2nd Term"),
("930","47","6","0.00","0.00","0.00","0.00","0.00","0.00","","0.00","0.00","0.00","0.00","0.00","0.00","0.00","2019/2020","2nd Term"),
("931","49","6","0.00","0.00","0.00","0.00","0.00","0.00","","0.00","0.00","0.00","0.00","0.00","0.00","0.00","2019/2020","2nd Term"),
("932","52","2","0.00","0.00","0.00","0.00","0.00","0.00","","0.00","0.00","0.00","0.00","0.00","0.00","0.00","2019/2020","2nd Term"),
("933","53","2","0.00","0.00","0.00","0.00","0.00","0.00","","0.00","0.00","0.00","0.00","0.00","0.00","0.00","2019/2020","2nd Term"),
("934","54","2","0.00","0.00","0.00","0.00","0.00","0.00","","0.00","0.00","0.00","0.00","0.00","0.00","0.00","2019/2020","2nd Term"),
("935","55","2","0.00","0.00","0.00","0.00","0.00","0.00","","0.00","0.00","0.00","0.00","0.00","0.00","0.00","2019/2020","2nd Term"),
("936","58","2","0.00","0.00","0.00","0.00","0.00","0.00","","0.00","0.00","0.00","0.00","0.00","0.00","0.00","2019/2020","2nd Term"),
("937","59","2","0.00","0.00","0.00","0.00","0.00","0.00","","0.00","0.00","0.00","0.00","0.00","0.00","0.00","2019/2020","2nd Term"),
("938","60","2","0.00","0.00","0.00","0.00","0.00","0.00","","0.00","0.00","0.00","0.00","0.00","0.00","0.00","2019/2020","2nd Term"),
("939","61","2","0.00","0.00","0.00","0.00","0.00","0.00","","0.00","0.00","0.00","0.00","0.00","0.00","0.00","2019/2020","2nd Term"),
("940","62","2","0.00","0.00","0.00","0.00","0.00","0.00","","0.00","0.00","0.00","0.00","0.00","0.00","0.00","2019/2020","2nd Term"),
("941","63","2","0.00","0.00","0.00","0.00","0.00","0.00","","0.00","0.00","0.00","0.00","0.00","0.00","0.00","2019/2020","2nd Term"),
("942","64","2","0.00","0.00","0.00","0.00","0.00","0.00","","0.00","0.00","0.00","0.00","0.00","0.00","0.00","2019/2020","2nd Term"),
("943","66","2","0.00","0.00","0.00","0.00","0.00","0.00","","0.00","0.00","0.00","0.00","0.00","0.00","0.00","2019/2020","2nd Term"),
("944","67","2","0.00","0.00","0.00","0.00","0.00","0.00","","0.00","0.00","0.00","0.00","0.00","0.00","0.00","2019/2020","2nd Term"),
("945","68","2","0.00","0.00","0.00","0.00","0.00","0.00","","0.00","0.00","0.00","0.00","0.00","0.00","0.00","2019/2020","2nd Term"),
("946","69","2","0.00","0.00","0.00","0.00","0.00","0.00","","0.00","0.00","0.00","0.00","0.00","0.00","0.00","2019/2020","2nd Term"),
("947","70","2","0.00","0.00","0.00","0.00","0.00","0.00","","0.00","0.00","0.00","0.00","0.00","0.00","0.00","2019/2020","2nd Term"),
("948","71","13","0.00","0.00","0.00","0.00","0.00","0.00","","0.00","0.00","0.00","0.00","0.00","0.00","0.00","2019/2020","2nd Term"),
("949","72","13","0.00","0.00","0.00","0.00","0.00","0.00","","0.00","0.00","0.00","0.00","0.00","0.00","0.00","2019/2020","2nd Term"),
("950","73","13","0.00","0.00","0.00","0.00","0.00","0.00","","0.00","0.00","0.00","0.00","0.00","0.00","0.00","2019/2020","2nd Term"),
("951","74","13","0.00","0.00","0.00","0.00","0.00","0.00","","0.00","0.00","0.00","0.00","0.00","0.00","0.00","2019/2020","2nd Term"),
("952","75","13","0.00","0.00","0.00","0.00","0.00","0.00","","0.00","0.00","0.00","0.00","0.00","0.00","0.00","2019/2020","2nd Term"),
("953","76","13","0.00","0.00","0.00","0.00","0.00","0.00","","0.00","0.00","0.00","0.00","0.00","0.00","0.00","2019/2020","2nd Term"),
("954","78","13","0.00","0.00","0.00","0.00","0.00","0.00","","0.00","0.00","0.00","0.00","0.00","0.00","0.00","2019/2020","2nd Term"),
("955","80","13","0.00","0.00","0.00","0.00","0.00","0.00","","0.00","0.00","0.00","0.00","0.00","0.00","0.00","2019/2020","2nd Term"),
("956","81","5","0.00","0.00","0.00","0.00","0.00","0.00","","0.00","0.00","0.00","0.00","0.00","0.00","0.00","2019/2020","2nd Term"),
("957","82","5","0.00","0.00","0.00","0.00","0.00","0.00","","0.00","0.00","0.00","0.00","0.00","0.00","0.00","2019/2020","2nd Term"),
("958","83","5","0.00","0.00","0.00","0.00","0.00","0.00","","0.00","0.00","0.00","0.00","0.00","0.00","0.00","2019/2020","2nd Term"),
("959","84","5","0.00","0.00","0.00","0.00","0.00","0.00","","0.00","0.00","0.00","0.00","0.00","0.00","0.00","2019/2020","2nd Term"),
("960","85","5","0.00","0.00","0.00","0.00","0.00","0.00","","0.00","0.00","0.00","0.00","0.00","0.00","0.00","2019/2020","2nd Term"),
("961","86","5","0.00","0.00","0.00","0.00","0.00","0.00","","0.00","0.00","0.00","0.00","0.00","0.00","0.00","2019/2020","2nd Term"),
("962","88","5","0.00","0.00","0.00","0.00","0.00","0.00","","0.00","0.00","0.00","0.00","0.00","0.00","0.00","2019/2020","2nd Term"),
("963","89","5","0.00","0.00","0.00","0.00","0.00","0.00","","0.00","0.00","0.00","0.00","0.00","0.00","0.00","2019/2020","2nd Term"),
("964","91","5","0.00","0.00","0.00","0.00","0.00","0.00","","0.00","0.00","0.00","0.00","0.00","0.00","0.00","2019/2020","2nd Term"),
("965","92","5","0.00","0.00","0.00","0.00","0.00","0.00","","0.00","0.00","0.00","0.00","0.00","0.00","0.00","2019/2020","2nd Term"),
("966","93","5","0.00","0.00","0.00","0.00","0.00","0.00","","0.00","0.00","0.00","0.00","0.00","0.00","0.00","2019/2020","2nd Term"),
("967","94","5","0.00","0.00","0.00","0.00","0.00","0.00","","0.00","0.00","0.00","0.00","0.00","0.00","0.00","2019/2020","2nd Term"),
("968","95","5","0.00","0.00","0.00","0.00","0.00","0.00","","0.00","0.00","0.00","0.00","0.00","0.00","0.00","2019/2020","2nd Term"),
("969","96","5","0.00","0.00","0.00","0.00","0.00","0.00","","0.00","0.00","0.00","0.00","0.00","0.00","0.00","2019/2020","2nd Term"),
("970","97","5","0.00","0.00","0.00","0.00","0.00","0.00","","0.00","0.00","0.00","0.00","0.00","0.00","0.00","2019/2020","2nd Term"),
("971","98","5","0.00","0.00","0.00","0.00","0.00","0.00","","0.00","0.00","0.00","0.00","0.00","0.00","0.00","2019/2020","2nd Term"),
("972","100","5","0.00","0.00","0.00","0.00","0.00","0.00","","0.00","0.00","0.00","0.00","0.00","0.00","0.00","2019/2020","2nd Term"),
("973","101","5","0.00","0.00","0.00","0.00","0.00","0.00","","0.00","0.00","0.00","0.00","0.00","0.00","0.00","2019/2020","2nd Term"),
("974","102","5","0.00","0.00","0.00","0.00","0.00","0.00","","0.00","0.00","0.00","0.00","0.00","0.00","0.00","2019/2020","2nd Term"),
("975","103","5","0.00","0.00","0.00","0.00","0.00","0.00","","0.00","0.00","0.00","0.00","0.00","0.00","0.00","2019/2020","2nd Term");
INSERT INTO current_fees_info VALUES
("976","105","5","0.00","0.00","0.00","0.00","0.00","0.00","","0.00","0.00","0.00","0.00","0.00","0.00","0.00","2019/2020","2nd Term"),
("977","106","5","0.00","0.00","0.00","0.00","0.00","0.00","","0.00","0.00","0.00","0.00","0.00","0.00","0.00","2019/2020","2nd Term"),
("978","107","7","0.00","0.00","0.00","0.00","0.00","0.00","","0.00","0.00","0.00","0.00","0.00","0.00","0.00","2019/2020","2nd Term"),
("979","108","7","0.00","0.00","0.00","0.00","0.00","0.00","","0.00","0.00","0.00","0.00","0.00","0.00","0.00","2019/2020","2nd Term"),
("980","109","7","0.00","0.00","0.00","0.00","0.00","0.00","","0.00","0.00","0.00","0.00","0.00","0.00","0.00","2019/2020","2nd Term"),
("981","110","7","0.00","0.00","0.00","0.00","0.00","0.00","","0.00","0.00","0.00","0.00","0.00","0.00","0.00","2019/2020","2nd Term"),
("982","111","7","0.00","0.00","0.00","0.00","0.00","0.00","","0.00","0.00","0.00","0.00","0.00","0.00","0.00","2019/2020","2nd Term"),
("983","112","7","0.00","0.00","0.00","0.00","0.00","0.00","","0.00","0.00","0.00","0.00","0.00","0.00","0.00","2019/2020","2nd Term"),
("984","113","7","0.00","0.00","0.00","0.00","0.00","0.00","","0.00","0.00","0.00","0.00","0.00","0.00","0.00","2019/2020","2nd Term"),
("985","114","7","0.00","0.00","0.00","0.00","0.00","0.00","","0.00","0.00","0.00","0.00","0.00","0.00","0.00","2019/2020","2nd Term"),
("986","115","7","0.00","0.00","0.00","0.00","0.00","0.00","","0.00","0.00","0.00","0.00","0.00","0.00","0.00","2019/2020","2nd Term"),
("987","116","7","0.00","0.00","0.00","0.00","0.00","0.00","","0.00","0.00","0.00","0.00","0.00","0.00","0.00","2019/2020","2nd Term"),
("988","118","7","0.00","0.00","0.00","0.00","0.00","0.00","","0.00","0.00","0.00","0.00","0.00","0.00","0.00","2019/2020","2nd Term"),
("989","121","7","0.00","0.00","0.00","0.00","0.00","0.00","","0.00","0.00","0.00","0.00","0.00","0.00","0.00","2019/2020","2nd Term"),
("990","126","9","0.00","0.00","0.00","0.00","0.00","0.00","","0.00","0.00","0.00","0.00","0.00","0.00","0.00","2019/2020","2nd Term"),
("991","127","9","0.00","0.00","0.00","0.00","0.00","0.00","","0.00","0.00","0.00","0.00","0.00","0.00","0.00","2019/2020","2nd Term"),
("992","128","9","0.00","0.00","0.00","0.00","0.00","0.00","","0.00","0.00","0.00","0.00","0.00","0.00","0.00","2019/2020","2nd Term"),
("993","129","9","0.00","0.00","0.00","0.00","0.00","0.00","","0.00","0.00","0.00","0.00","0.00","0.00","0.00","2019/2020","2nd Term"),
("994","131","9","0.00","0.00","0.00","0.00","0.00","0.00","","0.00","0.00","0.00","0.00","0.00","0.00","0.00","2019/2020","2nd Term"),
("995","133","9","0.00","0.00","0.00","0.00","0.00","0.00","","0.00","0.00","0.00","0.00","0.00","0.00","0.00","2019/2020","2nd Term"),
("996","134","9","0.00","0.00","0.00","0.00","0.00","0.00","","0.00","0.00","0.00","0.00","0.00","0.00","0.00","2019/2020","2nd Term"),
("997","136","9","0.00","0.00","0.00","0.00","0.00","0.00","","0.00","0.00","0.00","0.00","0.00","0.00","0.00","2019/2020","2nd Term"),
("998","137","9","0.00","0.00","0.00","0.00","0.00","0.00","","0.00","0.00","0.00","0.00","0.00","0.00","0.00","2019/2020","2nd Term"),
("999","138","9","0.00","0.00","0.00","0.00","0.00","0.00","","0.00","0.00","0.00","0.00","0.00","0.00","0.00","2019/2020","2nd Term"),
("1000","139","11","0.00","0.00","0.00","0.00","0.00","0.00","","0.00","0.00","0.00","0.00","0.00","0.00","0.00","2019/2020","2nd Term"),
("1001","140","11","0.00","0.00","0.00","0.00","0.00","0.00","","0.00","0.00","0.00","0.00","0.00","0.00","0.00","2019/2020","2nd Term"),
("1002","141","11","0.00","0.00","0.00","0.00","0.00","0.00","","0.00","0.00","0.00","0.00","0.00","0.00","0.00","2019/2020","2nd Term"),
("1003","143","11","0.00","0.00","0.00","0.00","0.00","0.00","","0.00","0.00","0.00","0.00","0.00","0.00","0.00","2019/2020","2nd Term"),
("1004","144","11","0.00","0.00","0.00","0.00","0.00","0.00","","0.00","0.00","0.00","0.00","0.00","0.00","0.00","2019/2020","2nd Term"),
("1005","146","11","0.00","0.00","0.00","0.00","0.00","0.00","","0.00","0.00","0.00","0.00","0.00","0.00","0.00","2019/2020","2nd Term"),
("1006","147","11","0.00","0.00","0.00","0.00","0.00","0.00","","0.00","0.00","0.00","0.00","0.00","0.00","0.00","2019/2020","2nd Term"),
("1007","152","11","0.00","0.00","0.00","0.00","0.00","0.00","","0.00","0.00","0.00","0.00","0.00","0.00","0.00","2019/2020","2nd Term"),
("1008","154","11","0.00","0.00","0.00","0.00","0.00","0.00","","0.00","0.00","0.00","0.00","0.00","0.00","0.00","2019/2020","2nd Term"),
("1009","156","12","0.00","0.00","0.00","0.00","0.00","0.00","","0.00","0.00","0.00","0.00","0.00","0.00","0.00","2019/2020","2nd Term"),
("1010","157","12","0.00","0.00","0.00","0.00","0.00","0.00","","0.00","0.00","0.00","0.00","0.00","0.00","0.00","2019/2020","2nd Term"),
("1011","158","12","0.00","0.00","0.00","0.00","0.00","0.00","","0.00","0.00","0.00","0.00","0.00","0.00","0.00","2019/2020","2nd Term"),
("1012","159","12","0.00","0.00","0.00","0.00","0.00","0.00","","0.00","0.00","0.00","0.00","0.00","0.00","0.00","2019/2020","2nd Term"),
("1013","160","12","0.00","0.00","0.00","0.00","0.00","0.00","","0.00","0.00","0.00","0.00","0.00","0.00","0.00","2019/2020","2nd Term"),
("1014","161","12","0.00","0.00","0.00","0.00","0.00","0.00","","0.00","0.00","0.00","0.00","0.00","0.00","0.00","2019/2020","2nd Term"),
("1015","162","12","0.00","0.00","0.00","0.00","0.00","0.00","","0.00","0.00","0.00","0.00","0.00","0.00","0.00","2019/2020","2nd Term"),
("1016","163","12","0.00","0.00","0.00","0.00","0.00","0.00","","0.00","0.00","0.00","0.00","0.00","0.00","0.00","2019/2020","2nd Term"),
("1017","165","12","0.00","0.00","0.00","0.00","0.00","0.00","","0.00","0.00","0.00","0.00","0.00","0.00","0.00","2019/2020","2nd Term"),
("1018","167","8","0.00","0.00","0.00","0.00","0.00","0.00","","0.00","0.00","0.00","0.00","0.00","0.00","0.00","2019/2020","2nd Term"),
("1019","168","8","0.00","0.00","0.00","0.00","0.00","0.00","","0.00","0.00","0.00","0.00","0.00","0.00","0.00","2019/2020","2nd Term"),
("1020","169","8","0.00","0.00","0.00","0.00","0.00","0.00","","0.00","0.00","0.00","0.00","0.00","0.00","0.00","2019/2020","2nd Term"),
("1021","170","8","0.00","0.00","0.00","0.00","0.00","0.00","","0.00","0.00","0.00","0.00","0.00","0.00","0.00","2019/2020","2nd Term"),
("1022","171","8","0.00","0.00","0.00","0.00","0.00","0.00","","0.00","0.00","0.00","0.00","0.00","0.00","0.00","2019/2020","2nd Term"),
("1023","172","8","0.00","0.00","0.00","0.00","0.00","0.00","","0.00","0.00","0.00","0.00","0.00","0.00","0.00","2019/2020","2nd Term"),
("1024","173","8","0.00","0.00","0.00","0.00","0.00","0.00","","0.00","0.00","0.00","0.00","0.00","0.00","0.00","2019/2020","2nd Term"),
("1025","174","8","0.00","0.00","0.00","0.00","0.00","0.00","","0.00","0.00","0.00","0.00","0.00","0.00","0.00","2019/2020","2nd Term"),
("1026","175","8","0.00","0.00","0.00","0.00","0.00","0.00","","0.00","0.00","0.00","0.00","0.00","0.00","0.00","2019/2020","2nd Term"),
("1027","176","8","0.00","0.00","0.00","0.00","0.00","0.00","","0.00","0.00","0.00","0.00","0.00","0.00","0.00","2019/2020","2nd Term"),
("1028","177","8","0.00","0.00","0.00","0.00","0.00","0.00","","0.00","0.00","0.00","0.00","0.00","0.00","0.00","2019/2020","2nd Term"),
("1029","178","8","0.00","0.00","0.00","0.00","0.00","0.00","","0.00","0.00","0.00","0.00","0.00","0.00","0.00","2019/2020","2nd Term"),
("1030","179","8","0.00","0.00","0.00","0.00","0.00","0.00","","0.00","0.00","0.00","0.00","0.00","0.00","0.00","2019/2020","2nd Term"),
("1031","182","8","0.00","0.00","0.00","0.00","0.00","0.00","","0.00","0.00","0.00","0.00","0.00","0.00","0.00","2019/2020","2nd Term"),
("1032","183","8","0.00","0.00","0.00","0.00","0.00","0.00","","0.00","0.00","0.00","0.00","0.00","0.00","0.00","2019/2020","2nd Term"),
("1033","184","7","0.00","0.00","0.00","0.00","0.00","0.00","","0.00","0.00","0.00","0.00","0.00","0.00","0.00","2019/2020","2nd Term"),
("1034","185","5","0.00","0.00","0.00","0.00","0.00","0.00","","0.00","0.00","0.00","0.00","0.00","0.00","0.00","2019/2020","2nd Term"),
("1035","186","4","0.00","0.00","0.00","0.00","0.00","0.00","","0.00","0.00","0.00","0.00","0.00","0.00","0.00","2019/2020","2nd Term"),
("1036","187","4","0.00","0.00","0.00","0.00","0.00","0.00","","0.00","0.00","0.00","0.00","0.00","0.00","0.00","2019/2020","2nd Term"),
("1037","188","4","0.00","0.00","0.00","0.00","0.00","0.00","","0.00","0.00","0.00","0.00","0.00","0.00","0.00","2019/2020","2nd Term"),
("1038","189","4","0.00","0.00","0.00","0.00","0.00","0.00","","0.00","0.00","0.00","0.00","0.00","0.00","0.00","2019/2020","2nd Term"),
("1039","190","4","0.00","0.00","0.00","0.00","0.00","0.00","","0.00","0.00","0.00","0.00","0.00","0.00","0.00","2019/2020","2nd Term"),
("1040","191","4","0.00","0.00","0.00","0.00","0.00","0.00","","0.00","0.00","0.00","0.00","0.00","0.00","0.00","2019/2020","2nd Term"),
("1041","192","4","0.00","0.00","0.00","0.00","0.00","0.00","","0.00","0.00","0.00","0.00","0.00","0.00","0.00","2019/2020","2nd Term"),
("1042","193","4","0.00","0.00","0.00","0.00","0.00","0.00","","0.00","0.00","0.00","0.00","0.00","0.00","0.00","2019/2020","2nd Term"),
("1043","194","4","0.00","0.00","0.00","0.00","0.00","0.00","","0.00","0.00","0.00","0.00","0.00","0.00","0.00","2019/2020","2nd Term"),
("1044","195","4","0.00","0.00","0.00","0.00","0.00","0.00","","0.00","0.00","0.00","0.00","0.00","0.00","0.00","2019/2020","2nd Term"),
("1045","196","4","0.00","0.00","0.00","0.00","0.00","0.00","","0.00","0.00","0.00","0.00","0.00","0.00","0.00","2019/2020","2nd Term"),
("1046","197","1","0.00","0.00","0.00","0.00","0.00","0.00","","0.00","0.00","0.00","0.00","0.00","0.00","0.00","2019/2020","2nd Term"),
("1047","198","1","0.00","0.00","0.00","0.00","0.00","0.00","","0.00","0.00","0.00","0.00","0.00","0.00","0.00","2019/2020","2nd Term"),
("1048","199","2","0.00","0.00","0.00","0.00","0.00","0.00","","0.00","0.00","0.00","0.00","0.00","0.00","0.00","2019/2020","2nd Term"),
("1049","200","11","0.00","0.00","0.00","0.00","0.00","0.00","","0.00","0.00","0.00","0.00","0.00","0.00","0.00","2019/2020","2nd Term"),
("1050","201","9","0.00","0.00","0.00","0.00","0.00","0.00","","0.00","0.00","0.00","0.00","0.00","0.00","0.00","2019/2020","2nd Term"),
("1051","202","4","0.00","0.00","0.00","0.00","0.00","0.00","","0.00","0.00","0.00","0.00","0.00","0.00","0.00","2019/2020","2nd Term"),
("1052","203","4","0.00","0.00","0.00","0.00","0.00","0.00","","0.00","0.00","0.00","0.00","0.00","0.00","0.00","2019/2020","2nd Term"),
("1053","205","2","0.00","0.00","0.00","0.00","0.00","0.00","","0.00","0.00","0.00","0.00","0.00","0.00","0.00","2019/2020","2nd Term"),
("1054","206","2","0.00","0.00","0.00","0.00","0.00","0.00","","0.00","0.00","0.00","0.00","0.00","0.00","0.00","2019/2020","2nd Term"),
("1055","207","2","0.00","0.00","0.00","0.00","0.00","0.00","","0.00","0.00","0.00","0.00","0.00","0.00","0.00","2019/2020","2nd Term"),
("1056","208","1","0.00","0.00","0.00","0.00","0.00","0.00","","0.00","0.00","0.00","0.00","0.00","0.00","0.00","2019/2020","2nd Term"),
("1057","209","1","0.00","0.00","0.00","0.00","0.00","0.00","","0.00","0.00","0.00","0.00","0.00","0.00","0.00","2019/2020","2nd Term"),
("1058","210","1","0.00","0.00","0.00","0.00","0.00","0.00","","0.00","0.00","0.00","0.00","0.00","0.00","0.00","2019/2020","2nd Term"),
("1059","211","1","0.00","0.00","0.00","0.00","0.00","0.00","","0.00","0.00","0.00","0.00","0.00","0.00","0.00","2019/2020","2nd Term"),
("1060","212","4","0.00","0.00","0.00","0.00","0.00","0.00","","0.00","0.00","0.00","0.00","0.00","0.00","0.00","2019/2020","2nd Term"),
("1061","213","4","0.00","0.00","0.00","0.00","0.00","0.00","","0.00","0.00","0.00","0.00","0.00","0.00","0.00","2019/2020","2nd Term"),
("1062","214","4","0.00","0.00","0.00","0.00","0.00","0.00","","0.00","0.00","0.00","0.00","0.00","0.00","0.00","2019/2020","2nd Term"),
("1063","215","3","0.00","0.00","0.00","0.00","0.00","0.00","","0.00","0.00","0.00","0.00","0.00","0.00","0.00","2019/2020","2nd Term"),
("1064","216","3","0.00","0.00","0.00","0.00","0.00","0.00","","0.00","0.00","0.00","0.00","0.00","0.00","0.00","2019/2020","2nd Term"),
("1065","217","3","0.00","0.00","0.00","0.00","0.00","0.00","","0.00","0.00","0.00","0.00","0.00","0.00","0.00","2019/2020","2nd Term"),
("1066","218","3","0.00","0.00","0.00","0.00","0.00","0.00","","0.00","0.00","0.00","0.00","0.00","0.00","0.00","2019/2020","2nd Term"),
("1067","219","3","0.00","0.00","0.00","0.00","0.00","0.00","","0.00","0.00","0.00","0.00","0.00","0.00","0.00","2019/2020","2nd Term"),
("1068","220","3","0.00","0.00","0.00","0.00","0.00","0.00","","0.00","0.00","0.00","0.00","0.00","0.00","0.00","2019/2020","2nd Term"),
("1069","221","3","0.00","0.00","0.00","0.00","0.00","0.00","","0.00","0.00","0.00","0.00","0.00","0.00","0.00","2019/2020","2nd Term"),
("1070","222","3","0.00","0.00","0.00","0.00","0.00","0.00","","0.00","0.00","0.00","0.00","0.00","0.00","0.00","2019/2020","2nd Term"),
("1071","223","3","0.00","0.00","0.00","0.00","0.00","0.00","","0.00","0.00","0.00","0.00","0.00","0.00","0.00","2019/2020","2nd Term"),
("1072","224","3","0.00","0.00","0.00","0.00","0.00","0.00","","0.00","0.00","0.00","0.00","0.00","0.00","0.00","2019/2020","2nd Term"),
("1073","225","3","0.00","0.00","0.00","0.00","0.00","0.00","","0.00","0.00","0.00","0.00","0.00","0.00","0.00","2019/2020","2nd Term"),
("1074","226","3","0.00","0.00","0.00","0.00","0.00","0.00","","0.00","0.00","0.00","0.00","0.00","0.00","0.00","2019/2020","2nd Term"),
("1075","227","3","0.00","0.00","0.00","0.00","0.00","0.00","","0.00","0.00","0.00","0.00","0.00","0.00","0.00","2019/2020","2nd Term");
INSERT INTO current_fees_info VALUES
("1076","228","5","0.00","0.00","0.00","0.00","0.00","0.00","","0.00","0.00","0.00","0.00","0.00","0.00","0.00","2019/2020","2nd Term"),
("1077","229","6","0.00","0.00","0.00","0.00","0.00","0.00","","0.00","0.00","0.00","0.00","0.00","0.00","0.00","2019/2020","2nd Term"),
("1078","230","7","0.00","0.00","0.00","0.00","0.00","0.00","","0.00","0.00","0.00","0.00","0.00","0.00","0.00","2019/2020","2nd Term"),
("1079","231","7","0.00","0.00","0.00","0.00","0.00","0.00","","0.00","0.00","0.00","0.00","0.00","0.00","0.00","2019/2020","2nd Term"),
("1080","232","8","0.00","0.00","0.00","0.00","0.00","0.00","","0.00","0.00","0.00","0.00","0.00","0.00","0.00","2019/2020","2nd Term"),
("1081","233","8","0.00","0.00","0.00","0.00","0.00","0.00","","0.00","0.00","0.00","0.00","0.00","0.00","0.00","2019/2020","2nd Term"),
("1082","234","9","0.00","0.00","0.00","0.00","0.00","0.00","","0.00","0.00","0.00","0.00","0.00","0.00","0.00","2019/2020","2nd Term"),
("1083","235","11","0.00","0.00","0.00","0.00","0.00","0.00","","0.00","0.00","0.00","0.00","0.00","0.00","0.00","2019/2020","2nd Term"),
("1084","236","11","0.00","0.00","0.00","0.00","0.00","0.00","","0.00","0.00","0.00","0.00","0.00","0.00","0.00","2019/2020","2nd Term"),
("1085","237","11","0.00","0.00","0.00","0.00","0.00","0.00","","0.00","0.00","0.00","0.00","0.00","0.00","0.00","2019/2020","2nd Term"),
("1086","238","11","0.00","0.00","0.00","0.00","0.00","0.00","","0.00","0.00","0.00","0.00","0.00","0.00","0.00","2019/2020","2nd Term"),
("1087","239","11","0.00","0.00","0.00","0.00","0.00","0.00","","0.00","0.00","0.00","0.00","0.00","0.00","0.00","2019/2020","2nd Term"),
("1088","240","12","0.00","0.00","0.00","0.00","0.00","0.00","","0.00","0.00","0.00","0.00","0.00","0.00","0.00","2019/2020","2nd Term"),
("1089","241","12","0.00","0.00","0.00","0.00","0.00","0.00","","0.00","0.00","0.00","0.00","0.00","0.00","0.00","2019/2020","2nd Term"),
("1090","242","13","0.00","0.00","0.00","0.00","0.00","0.00","","0.00","0.00","0.00","0.00","0.00","0.00","0.00","2019/2020","2nd Term"),
("1091","243","4","0.00","0.00","0.00","0.00","0.00","0.00","","0.00","0.00","0.00","0.00","0.00","0.00","0.00","2019/2020","2nd Term"),
("1092","244","7","0.00","0.00","0.00","0.00","0.00","0.00","","0.00","0.00","0.00","0.00","0.00","0.00","0.00","2019/2020","2nd Term"),
("1093","245","7","0.00","0.00","0.00","0.00","0.00","0.00","","0.00","0.00","0.00","0.00","0.00","0.00","0.00","2019/2020","2nd Term"),
("1094","246","5","0.00","0.00","0.00","0.00","0.00","0.00","","0.00","0.00","0.00","0.00","0.00","0.00","0.00","2019/2020","2nd Term"),
("1095","247","6","0.00","0.00","0.00","0.00","0.00","0.00","","0.00","0.00","0.00","0.00","0.00","0.00","0.00","2019/2020","2nd Term"),
("1096","248","9","0.00","0.00","0.00","0.00","0.00","0.00","","0.00","0.00","0.00","0.00","0.00","0.00","0.00","2019/2020","2nd Term"),
("1097","249","3","0.00","0.00","0.00","0.00","0.00","0.00","","0.00","0.00","0.00","0.00","0.00","0.00","0.00","2019/2020","2nd Term"),
("1098","250","3","0.00","0.00","0.00","0.00","0.00","0.00","","0.00","0.00","0.00","0.00","0.00","0.00","0.00","2019/2020","2nd Term"),
("1099","251","3","0.00","0.00","0.00","0.00","0.00","0.00","","0.00","0.00","0.00","0.00","0.00","0.00","0.00","2019/2020","2nd Term"),
("1100","252","3","0.00","0.00","0.00","0.00","0.00","0.00","","0.00","0.00","0.00","0.00","0.00","0.00","0.00","2019/2020","2nd Term"),
("1101","253","3","0.00","0.00","0.00","0.00","0.00","0.00","","0.00","0.00","0.00","0.00","0.00","0.00","0.00","2019/2020","2nd Term"),
("1102","254","1","0.00","0.00","0.00","0.00","0.00","0.00","","0.00","0.00","0.00","0.00","0.00","0.00","0.00","2019/2020","2nd Term"),
("1103","255","1","0.00","0.00","0.00","0.00","0.00","0.00","","0.00","0.00","0.00","0.00","0.00","0.00","0.00","2019/2020","2nd Term"),
("1104","256","1","0.00","0.00","0.00","0.00","0.00","0.00","","0.00","0.00","0.00","0.00","0.00","0.00","0.00","2019/2020","2nd Term"),
("1105","65","2","0.00","0.00","0.00","0.00","0.00","0.00","","0.00","0.00","0.00","0.00","0.00","0.00","0.00","2019/2020","2nd Term"),
("1106","48","6","0.00","0.00","0.00","0.00","0.00","0.00","","0.00","0.00","0.00","0.00","0.00","0.00","0.00","2019/2020","2nd Term"),
("1107","117","7","0.00","0.00","0.00","0.00","0.00","0.00","","0.00","0.00","0.00","0.00","0.00","0.00","0.00","2019/2020","2nd Term"),
("1108","257","8","0.00","0.00","0.00","0.00","0.00","0.00","","0.00","0.00","0.00","0.00","0.00","0.00","0.00","2019/2020","2nd Term"),
("1109","258","6","0.00","0.00","0.00","0.00","0.00","0.00","","0.00","0.00","0.00","0.00","0.00","0.00","0.00","2019/2020","2nd Term"),
("1110","259","1","0.00","0.00","0.00","0.00","0.00","0.00","","0.00","0.00","0.00","0.00","0.00","0.00","0.00","2019/2020","3rd Term"),
("1111","187","4","0.00","0.00","0.00","0.00","0.00","0.00","","0.00","0.00","0.00","0.00","0.00","0.00","0.00","2019/2020","3rd Term"),
("1112","213","4","0.00","0.00","0.00","0.00","0.00","0.00","","0.00","0.00","0.00","0.00","0.00","0.00","0.00","2019/2020","3rd Term"),
("1113","260","3","0.00","0.00","0.00","0.00","0.00","0.00","","0.00","0.00","0.00","0.00","0.00","0.00","0.00","2019/2020","3rd Term"),
("1114","261","3","0.00","0.00","0.00","0.00","0.00","0.00","","0.00","0.00","0.00","0.00","0.00","0.00","0.00","2019/2020","3rd Term"),
("1115","262","3","0.00","0.00","0.00","0.00","0.00","0.00","","0.00","0.00","0.00","0.00","0.00","0.00","0.00","2019/2020","3rd Term"),
("1116","249","3","0.00","0.00","0.00","0.00","0.00","0.00","","0.00","0.00","0.00","0.00","0.00","0.00","0.00","2019/2020","3rd Term"),
("1117","110","7","0.00","0.00","0.00","0.00","0.00","0.00","","0.00","0.00","0.00","0.00","0.00","0.00","0.00","2019/2020","3rd Term"),
("1118","144","11","0.00","0.00","0.00","0.00","0.00","0.00","","0.00","0.00","0.00","0.00","0.00","0.00","0.00","2019/2020","3rd Term"),
("1119","114","7","0.00","0.00","0.00","0.00","0.00","0.00","","0.00","0.00","0.00","0.00","0.00","0.00","0.00","2019/2020","3rd Term"),
("1120","168","8","0.00","0.00","0.00","0.00","0.00","0.00","","0.00","0.00","0.00","0.00","0.00","0.00","0.00","2019/2020","3rd Term"),
("1121","183","8","0.00","0.00","0.00","0.00","0.00","0.00","","0.00","0.00","0.00","0.00","0.00","0.00","0.00","2019/2020","3rd Term"),
("1122","17","1","0.00","0.00","0.00","0.00","0.00","0.00","","0.00","0.00","0.00","0.00","0.00","0.00","0.00","2019/2020","3rd Term"),
("1123","103","5","0.00","0.00","0.00","0.00","0.00","0.00","","0.00","0.00","0.00","0.00","0.00","0.00","0.00","2019/2020","3rd Term"),
("1124","42","6","0.00","0.00","0.00","0.00","0.00","0.00","","0.00","0.00","0.00","0.00","0.00","0.00","0.00","2019/2020","3rd Term"),
("1125","236","11","0.00","0.00","0.00","0.00","0.00","0.00","","0.00","0.00","0.00","0.00","0.00","0.00","0.00","2019/2020","3rd Term"),
("1126","52","2","0.00","0.00","0.00","0.00","0.00","0.00","","0.00","0.00","0.00","0.00","0.00","0.00","0.00","2019/2020","3rd Term"),
("1127","263","2","0.00","0.00","0.00","0.00","0.00","0.00","","0.00","0.00","0.00","0.00","0.00","0.00","0.00","2019/2020","3rd Term"),
("1128","264","2","0.00","0.00","0.00","0.00","0.00","0.00","","0.00","0.00","0.00","0.00","0.00","0.00","0.00","2019/2020","3rd Term"),
("1129","265","3","0.00","0.00","0.00","0.00","0.00","0.00","","0.00","0.00","0.00","0.00","0.00","0.00","0.00","2019/2020","3rd Term"),
("1130","266","3","0.00","0.00","0.00","0.00","0.00","0.00","","0.00","0.00","0.00","0.00","0.00","0.00","0.00","2019/2020","3rd Term"),
("1131","267","3","0.00","0.00","0.00","0.00","0.00","0.00","","0.00","0.00","0.00","0.00","0.00","0.00","0.00","2019/2020","3rd Term"),
("1132","268","3","0.00","0.00","0.00","0.00","0.00","0.00","","0.00","0.00","0.00","0.00","0.00","0.00","0.00","2019/2020","3rd Term"),
("1133","269","3","0.00","0.00","0.00","0.00","0.00","0.00","","0.00","0.00","0.00","0.00","0.00","0.00","0.00","2019/2020","3rd Term"),
("1134","270","3","0.00","0.00","0.00","0.00","0.00","0.00","","0.00","0.00","0.00","0.00","0.00","0.00","0.00","2019/2020","3rd Term"),
("1135","271","3","0.00","0.00","0.00","0.00","0.00","0.00","","0.00","0.00","0.00","0.00","0.00","0.00","0.00","2019/2020","3rd Term"),
("1136","272","3","0.00","0.00","0.00","0.00","0.00","0.00","","0.00","0.00","0.00","0.00","0.00","0.00","0.00","2019/2020","3rd Term"),
("1137","273","3","0.00","0.00","0.00","0.00","0.00","0.00","","0.00","0.00","0.00","0.00","0.00","0.00","0.00","2019/2020","3rd Term"),
("1138","274","5","0.00","0.00","0.00","0.00","0.00","0.00","","0.00","0.00","0.00","0.00","0.00","0.00","0.00","2019/2020","3rd Term"),
("1139","275","5","0.00","0.00","0.00","0.00","0.00","0.00","","0.00","0.00","0.00","0.00","0.00","0.00","0.00","2019/2020","3rd Term"),
("1140","276","5","0.00","0.00","0.00","0.00","0.00","0.00","","0.00","0.00","0.00","0.00","0.00","0.00","0.00","2019/2020","3rd Term"),
("1141","277","7","0.00","0.00","0.00","0.00","0.00","0.00","","0.00","0.00","0.00","0.00","0.00","0.00","0.00","2019/2020","3rd Term"),
("1142","278","7","0.00","0.00","0.00","0.00","0.00","0.00","","0.00","0.00","0.00","0.00","0.00","0.00","0.00","2019/2020","3rd Term"),
("1143","279","7","0.00","0.00","0.00","0.00","0.00","0.00","","0.00","0.00","0.00","0.00","0.00","0.00","0.00","2019/2020","3rd Term"),
("1144","280","7","0.00","0.00","0.00","0.00","0.00","0.00","","0.00","0.00","0.00","0.00","0.00","0.00","0.00","2019/2020","3rd Term"),
("1145","281","3","0.00","0.00","0.00","0.00","0.00","0.00","","0.00","0.00","0.00","0.00","0.00","0.00","0.00","2019/2020","3rd Term"),
("1146","282","3","0.00","0.00","0.00","0.00","0.00","0.00","","0.00","0.00","0.00","0.00","0.00","0.00","0.00","2019/2020","3rd Term"),
("1147","283","3","0.00","0.00","0.00","0.00","0.00","0.00","","0.00","0.00","0.00","0.00","0.00","0.00","0.00","2019/2020","3rd Term"),
("1148","284","3","0.00","0.00","0.00","0.00","0.00","0.00","","0.00","0.00","0.00","0.00","0.00","0.00","0.00","2019/2020","3rd Term"),
("1149","285","3","0.00","0.00","0.00","0.00","0.00","0.00","","0.00","0.00","0.00","0.00","0.00","0.00","0.00","2019/2020","3rd Term"),
("1150","286","3","0.00","0.00","0.00","0.00","0.00","0.00","","0.00","0.00","0.00","0.00","0.00","0.00","0.00","2019/2020","3rd Term"),
("1151","287","3","0.00","0.00","0.00","0.00","0.00","0.00","","0.00","0.00","0.00","0.00","0.00","0.00","0.00","2019/2020","3rd Term"),
("1152","288","3","0.00","0.00","0.00","0.00","0.00","0.00","","0.00","0.00","0.00","0.00","0.00","0.00","0.00","2019/2020","3rd Term"),
("1153","289","3","0.00","0.00","0.00","0.00","0.00","0.00","","0.00","0.00","0.00","0.00","0.00","0.00","0.00","2019/2020","3rd Term"),
("1154","290","3","0.00","0.00","0.00","0.00","0.00","0.00","","0.00","0.00","0.00","0.00","0.00","0.00","0.00","2019/2020","3rd Term"),
("1155","259","2","0.00","0.00","0.00","0.00","0.00","0.00","","0.00","0.00","0.00","0.00","0.00","0.00","0.00","2020/2021","1st Term"),
("1156","260","4","0.00","0.00","0.00","0.00","0.00","0.00","","0.00","0.00","0.00","0.00","0.00","0.00","0.00","2020/2021","1st Term"),
("1157","261","4","0.00","0.00","0.00","0.00","0.00","0.00","","0.00","0.00","0.00","0.00","0.00","0.00","0.00","2020/2021","1st Term"),
("1158","262","4","0.00","0.00","0.00","0.00","0.00","0.00","","0.00","0.00","0.00","0.00","0.00","0.00","0.00","2020/2021","1st Term"),
("1159","249","1","0.00","0.00","0.00","0.00","0.00","0.00","","0.00","0.00","0.00","0.00","0.00","0.00","0.00","2020/2021","1st Term"),
("1160","168","11","0.00","0.00","0.00","0.00","0.00","0.00","","0.00","0.00","0.00","0.00","0.00","0.00","0.00","2020/2021","1st Term"),
("1161","263","2","0.00","0.00","0.00","0.00","0.00","0.00","","0.00","0.00","0.00","0.00","0.00","0.00","0.00","2020/2021","1st Term"),
("1162","264","2","0.00","0.00","0.00","0.00","0.00","0.00","","0.00","0.00","0.00","0.00","0.00","0.00","0.00","2020/2021","1st Term"),
("1163","265","3","0.00","0.00","0.00","0.00","0.00","0.00","","0.00","0.00","0.00","0.00","0.00","0.00","0.00","2020/2021","1st Term"),
("1164","266","3","0.00","0.00","0.00","0.00","0.00","0.00","","0.00","0.00","0.00","0.00","0.00","0.00","0.00","2020/2021","1st Term"),
("1165","267","3","0.00","0.00","0.00","0.00","0.00","0.00","","0.00","0.00","0.00","0.00","0.00","0.00","0.00","2020/2021","1st Term"),
("1166","268","3","0.00","0.00","0.00","0.00","0.00","0.00","","0.00","0.00","0.00","0.00","0.00","0.00","0.00","2020/2021","1st Term"),
("1167","269","3","0.00","0.00","0.00","0.00","0.00","0.00","","0.00","0.00","0.00","0.00","0.00","0.00","0.00","2020/2021","1st Term"),
("1168","270","3","0.00","0.00","0.00","0.00","0.00","0.00","","0.00","0.00","0.00","0.00","0.00","0.00","0.00","2020/2021","1st Term"),
("1169","271","3","0.00","0.00","0.00","0.00","0.00","0.00","","0.00","0.00","0.00","0.00","0.00","0.00","0.00","2020/2021","1st Term"),
("1170","272","3","0.00","0.00","0.00","0.00","0.00","0.00","","0.00","0.00","0.00","0.00","0.00","0.00","0.00","2020/2021","1st Term"),
("1171","273","3","0.00","0.00","0.00","0.00","0.00","0.00","","0.00","0.00","0.00","0.00","0.00","0.00","0.00","2020/2021","1st Term"),
("1172","274","5","0.00","0.00","0.00","0.00","0.00","0.00","","0.00","0.00","0.00","0.00","0.00","0.00","0.00","2020/2021","1st Term"),
("1173","275","5","0.00","0.00","0.00","0.00","0.00","0.00","","0.00","0.00","0.00","0.00","0.00","0.00","0.00","2020/2021","1st Term"),
("1174","276","5","0.00","0.00","0.00","0.00","0.00","0.00","","0.00","0.00","0.00","0.00","0.00","0.00","0.00","2020/2021","1st Term"),
("1175","277","7","0.00","0.00","0.00","0.00","0.00","0.00","","0.00","0.00","0.00","0.00","0.00","0.00","0.00","2020/2021","1st Term");
INSERT INTO current_fees_info VALUES
("1176","278","7","0.00","0.00","0.00","0.00","0.00","0.00","","0.00","0.00","0.00","0.00","0.00","0.00","0.00","2020/2021","1st Term"),
("1177","279","7","0.00","0.00","0.00","0.00","0.00","0.00","","0.00","0.00","0.00","0.00","0.00","0.00","0.00","2020/2021","1st Term"),
("1178","280","7","0.00","0.00","0.00","0.00","0.00","0.00","","0.00","0.00","0.00","0.00","0.00","0.00","0.00","2020/2021","1st Term"),
("1179","281","3","0.00","0.00","0.00","0.00","0.00","0.00","","0.00","0.00","0.00","0.00","0.00","0.00","0.00","2020/2021","1st Term"),
("1180","282","3","0.00","0.00","0.00","0.00","0.00","0.00","","0.00","0.00","0.00","0.00","0.00","0.00","0.00","2020/2021","1st Term"),
("1181","283","3","0.00","0.00","0.00","0.00","0.00","0.00","","0.00","0.00","0.00","0.00","0.00","0.00","0.00","2020/2021","1st Term"),
("1182","284","3","0.00","0.00","0.00","0.00","0.00","0.00","","0.00","0.00","0.00","0.00","0.00","0.00","0.00","2020/2021","1st Term"),
("1183","285","3","0.00","0.00","0.00","0.00","0.00","0.00","","0.00","0.00","0.00","0.00","0.00","0.00","0.00","2020/2021","1st Term"),
("1184","286","3","0.00","0.00","0.00","0.00","0.00","0.00","","0.00","0.00","0.00","0.00","0.00","0.00","0.00","2020/2021","1st Term"),
("1185","287","3","0.00","0.00","0.00","0.00","0.00","0.00","","0.00","0.00","0.00","0.00","0.00","0.00","0.00","2020/2021","1st Term"),
("1186","288","3","0.00","0.00","0.00","0.00","0.00","0.00","","0.00","0.00","0.00","0.00","0.00","0.00","0.00","2020/2021","1st Term"),
("1187","289","3","0.00","0.00","0.00","0.00","0.00","0.00","","0.00","0.00","0.00","0.00","0.00","0.00","0.00","2020/2021","1st Term"),
("1188","290","3","0.00","0.00","0.00","0.00","0.00","0.00","","0.00","0.00","0.00","0.00","0.00","0.00","0.00","2020/2021","1st Term"),
("1218","291","6","0.00","0.00","0.00","0.00","0.00","0.00","","0.00","0.00","0.00","0.00","0.00","0.00","0.00","2020/2021","1st Term"),
("1219","292","8","0.00","0.00","0.00","0.00","0.00","0.00","","0.00","0.00","0.00","0.00","0.00","0.00","0.00","2020/2021","1st Term"),
("1220","293","8","0.00","0.00","0.00","0.00","0.00","0.00","","0.00","0.00","0.00","0.00","0.00","0.00","0.00","2020/2021","1st Term"),
("1221","294","8","0.00","0.00","0.00","0.00","0.00","0.00","","0.00","0.00","0.00","0.00","0.00","0.00","0.00","2020/2021","1st Term"),
("1222","295","9","0.00","0.00","0.00","0.00","0.00","0.00","","0.00","0.00","0.00","0.00","0.00","0.00","0.00","2020/2021","1st Term"),
("1223","296","4","0.00","0.00","0.00","0.00","0.00","0.00","","0.00","0.00","0.00","0.00","0.00","0.00","0.00","2020/2021","1st Term"),
("1224","297","4","0.00","0.00","0.00","0.00","0.00","0.00","","0.00","0.00","0.00","0.00","0.00","0.00","0.00","2020/2021","1st Term"),
("1225","298","4","0.00","0.00","0.00","0.00","0.00","0.00","","0.00","0.00","0.00","0.00","0.00","0.00","0.00","2020/2021","1st Term"),
("1226","299","4","0.00","0.00","0.00","0.00","0.00","0.00","","0.00","0.00","0.00","0.00","0.00","0.00","0.00","2020/2021","1st Term"),
("1227","300","4","0.00","0.00","0.00","0.00","0.00","0.00","","0.00","0.00","0.00","0.00","0.00","0.00","0.00","2020/2021","1st Term"),
("1228","301","4","0.00","0.00","0.00","0.00","0.00","0.00","","0.00","0.00","0.00","0.00","0.00","0.00","0.00","2020/2021","1st Term"),
("1229","302","4","0.00","0.00","0.00","0.00","0.00","0.00","","0.00","0.00","0.00","0.00","0.00","0.00","0.00","2020/2021","1st Term"),
("1230","303","4","0.00","0.00","0.00","0.00","0.00","0.00","","0.00","0.00","0.00","0.00","0.00","0.00","0.00","2020/2021","1st Term"),
("1231","304","4","0.00","0.00","0.00","0.00","0.00","0.00","","0.00","0.00","0.00","0.00","0.00","0.00","0.00","2020/2021","1st Term"),
("1232","305","13","0.00","0.00","0.00","0.00","0.00","0.00","","0.00","0.00","0.00","0.00","0.00","0.00","0.00","2020/2021","1st Term"),
("1233","306","13","0.00","0.00","0.00","0.00","0.00","0.00","","0.00","0.00","0.00","0.00","0.00","0.00","0.00","2020/2021","1st Term"),
("1234","307","13","0.00","0.00","0.00","0.00","0.00","0.00","","0.00","0.00","0.00","0.00","0.00","0.00","0.00","2020/2021","1st Term"),
("1235","308","13","0.00","0.00","0.00","0.00","0.00","0.00","","0.00","0.00","0.00","0.00","0.00","0.00","0.00","2020/2021","1st Term"),
("1236","309","6","0.00","0.00","0.00","0.00","0.00","0.00","","0.00","0.00","0.00","0.00","0.00","0.00","0.00","2020/2021","1st Term"),
("1237","310","6","0.00","0.00","0.00","0.00","0.00","0.00","","0.00","0.00","0.00","0.00","0.00","0.00","0.00","2020/2021","1st Term"),
("1238","311","6","0.00","0.00","0.00","0.00","0.00","0.00","","0.00","0.00","0.00","0.00","0.00","0.00","0.00","2020/2021","1st Term"),
("1239","216","4","0.00","0.00","0.00","0.00","0.00","0.00","","0.00","0.00","0.00","0.00","0.00","0.00","0.00","2020/2021","1st Term"),
("1240","2","2","0.00","0.00","0.00","0.00","0.00","0.00","","0.00","0.00","0.00","0.00","0.00","0.00","0.00","2020/2021","1st Term"),
("1241","256","2","0.00","0.00","0.00","0.00","0.00","0.00","","0.00","0.00","0.00","0.00","0.00","0.00","0.00","2020/2021","1st Term"),
("1242","108","8","0.00","0.00","0.00","0.00","0.00","0.00","","0.00","0.00","0.00","0.00","0.00","0.00","0.00","2020/2021","1st Term"),
("1243","244","8","0.00","0.00","0.00","0.00","0.00","0.00","","0.00","0.00","0.00","0.00","0.00","0.00","0.00","2020/2021","1st Term"),
("1244","233","9","0.00","0.00","0.00","0.00","0.00","0.00","","0.00","0.00","0.00","0.00","0.00","0.00","0.00","2020/2021","1st Term"),
("1245","248","11","0.00","0.00","0.00","0.00","0.00","0.00","","0.00","0.00","0.00","0.00","0.00","0.00","0.00","2020/2021","1st Term"),
("1246","234","11","0.00","0.00","0.00","0.00","0.00","0.00","","0.00","0.00","0.00","0.00","0.00","0.00","0.00","2020/2021","1st Term"),
("1247","201","11","0.00","0.00","0.00","0.00","0.00","0.00","","0.00","0.00","0.00","0.00","0.00","0.00","0.00","2020/2021","1st Term"),
("1248","138","11","0.00","0.00","0.00","0.00","0.00","0.00","","0.00","0.00","0.00","0.00","0.00","0.00","0.00","2020/2021","1st Term"),
("1249","131","11","0.00","0.00","0.00","0.00","0.00","0.00","","0.00","0.00","0.00","0.00","0.00","0.00","0.00","2020/2021","1st Term"),
("1250","136","11","0.00","0.00","0.00","0.00","0.00","0.00","","0.00","0.00","0.00","0.00","0.00","0.00","0.00","2020/2021","1st Term"),
("1251","237","12","0.00","0.00","0.00","0.00","0.00","0.00","","0.00","0.00","0.00","0.00","0.00","0.00","0.00","2020/2021","1st Term"),
("1252","238","12","0.00","0.00","0.00","0.00","0.00","0.00","","0.00","0.00","0.00","0.00","0.00","0.00","0.00","2020/2021","1st Term"),
("1253","172","9","0.00","0.00","0.00","0.00","0.00","0.00","","0.00","0.00","0.00","0.00","0.00","0.00","0.00","2020/2021","1st Term"),
("1254","312","1","0.00","0.00","0.00","0.00","0.00","0.00","","0.00","0.00","0.00","0.00","0.00","0.00","0.00","2020/2021","1st Term"),
("1255","313","11","0.00","0.00","0.00","0.00","0.00","0.00","","0.00","0.00","0.00","0.00","0.00","0.00","0.00","2020/2021","1st Term"),
("1256","314","11","0.00","0.00","0.00","0.00","0.00","0.00","","0.00","0.00","0.00","0.00","0.00","0.00","0.00","2020/2021","1st Term"),
("1257","315","11","0.00","0.00","0.00","0.00","0.00","0.00","","0.00","0.00","0.00","0.00","0.00","0.00","0.00","2020/2021","1st Term"),
("1258","316","11","0.00","0.00","0.00","0.00","0.00","0.00","","0.00","0.00","0.00","0.00","0.00","0.00","0.00","2020/2021","1st Term"),
("1259","317","11","0.00","0.00","0.00","0.00","0.00","0.00","","0.00","0.00","0.00","0.00","0.00","0.00","0.00","2020/2021","1st Term"),
("1260","318","11","0.00","0.00","0.00","0.00","0.00","0.00","","0.00","0.00","0.00","0.00","0.00","0.00","0.00","2020/2021","1st Term"),
("1261","319","11","0.00","0.00","0.00","0.00","0.00","0.00","","0.00","0.00","0.00","0.00","0.00","0.00","0.00","2020/2021","1st Term"),
("1262","320","11","0.00","0.00","0.00","0.00","0.00","0.00","","0.00","0.00","0.00","0.00","0.00","0.00","0.00","2020/2021","1st Term"),
("1263","220","4","0.00","0.00","0.00","0.00","0.00","0.00","","0.00","0.00","0.00","0.00","0.00","0.00","0.00","2020/2021","1st Term"),
("1264","27","1","0.00","0.00","0.00","0.00","0.00","0.00","","0.00","0.00","0.00","0.00","0.00","0.00","0.00","2020/2021","1st Term"),
("1265","321","11","0.00","0.00","0.00","0.00","0.00","0.00","","0.00","0.00","0.00","0.00","0.00","0.00","0.00","2020/2021","1st Term"),
("1266","322","12","0.00","0.00","0.00","0.00","0.00","0.00","","0.00","0.00","0.00","0.00","0.00","0.00","0.00","2020/2021","1st Term"),
("1268","324","12","0.00","0.00","0.00","0.00","0.00","0.00","","0.00","0.00","0.00","0.00","0.00","0.00","0.00","2020/2021","1st Term"),
("1269","325","12","0.00","0.00","0.00","0.00","0.00","0.00","","0.00","0.00","0.00","0.00","0.00","0.00","0.00","2020/2021","1st Term"),
("1270","144","12","0.00","0.00","0.00","0.00","0.00","0.00","","0.00","0.00","0.00","0.00","0.00","0.00","0.00","2020/2021","1st Term"),
("1271","186","1","0.00","0.00","0.00","0.00","0.00","0.00","","0.00","0.00","0.00","0.00","0.00","0.00","0.00","2020/2021","1st Term"),
("1272","215","4","0.00","0.00","0.00","0.00","0.00","0.00","","0.00","0.00","0.00","0.00","0.00","0.00","0.00","2020/2021","1st Term"),
("1273","219","4","0.00","0.00","0.00","0.00","0.00","0.00","","0.00","0.00","0.00","0.00","0.00","0.00","0.00","2020/2021","1st Term"),
("1274","326","6","0.00","0.00","0.00","0.00","0.00","0.00","","0.00","0.00","0.00","0.00","0.00","0.00","0.00","2020/2021","2nd Term"),
("1275","327","3","0.00","0.00","0.00","0.00","0.00","0.00","","0.00","0.00","0.00","0.00","0.00","0.00","0.00","2020/2021","2nd Term"),
("1276","328","3","0.00","0.00","0.00","0.00","0.00","0.00","","0.00","0.00","0.00","0.00","0.00","0.00","0.00","2020/2021","2nd Term"),
("1277","329","3","0.00","0.00","0.00","0.00","0.00","0.00","","0.00","0.00","0.00","0.00","0.00","0.00","0.00","2020/2021","2nd Term"),
("1278","330","1","0.00","0.00","0.00","0.00","0.00","0.00","","0.00","0.00","0.00","0.00","0.00","0.00","0.00","2020/2021","2nd Term"),
("1279","331","2","0.00","0.00","0.00","0.00","0.00","0.00","","0.00","0.00","0.00","0.00","0.00","0.00","0.00","2020/2021","2nd Term"),
("1280","332","8","0.00","0.00","0.00","0.00","0.00","0.00","","0.00","0.00","0.00","0.00","0.00","0.00","0.00","2020/2021","2nd Term"),
("1281","322","12","0.00","0.00","0.00","0.00","0.00","0.00","","0.00","0.00","0.00","0.00","0.00","0.00","0.00","2020/2021","2nd Term"),
("1282","277","7","0.00","0.00","0.00","0.00","0.00","0.00","","0.00","0.00","0.00","0.00","0.00","0.00","0.00","2020/2021","2nd Term"),
("1283","219","4","0.00","0.00","0.00","0.00","0.00","0.00","","0.00","0.00","0.00","0.00","0.00","0.00","0.00","2020/2021","2nd Term"),
("1284","211","2","0.00","0.00","0.00","0.00","0.00","0.00","","0.00","0.00","0.00","0.00","0.00","0.00","0.00","2020/2021","3rd Term"),
("1285","115","8","0.00","0.00","0.00","0.00","0.00","0.00","","0.00","0.00","0.00","0.00","0.00","0.00","0.00","2020/2021","3rd Term"),
("1286","208","2","0.00","0.00","0.00","0.00","0.00","0.00","","0.00","0.00","0.00","0.00","0.00","0.00","0.00","2020/2021","3rd Term"),
("1287","207","5","0.00","0.00","0.00","0.00","0.00","0.00","","0.00","0.00","0.00","0.00","0.00","0.00","0.00","2020/2021","3rd Term"),
("1288","231","8","0.00","0.00","0.00","0.00","0.00","0.00","","0.00","0.00","0.00","0.00","0.00","0.00","0.00","2020/2021","3rd Term"),
("1289","230","8","0.00","0.00","0.00","0.00","0.00","0.00","","0.00","0.00","0.00","0.00","0.00","0.00","0.00","2020/2021","3rd Term"),
("1290","319","11","0.00","0.00","0.00","0.00","0.00","0.00","","0.00","0.00","0.00","0.00","0.00","0.00","0.00","2020/2021","3rd Term"),
("1291","333","2","0.00","0.00","0.00","0.00","0.00","0.00","","0.00","0.00","0.00","0.00","0.00","0.00","0.00","2021/2022","1st Term"),
("1292","334","2","0.00","0.00","0.00","0.00","0.00","0.00","","0.00","0.00","0.00","0.00","0.00","0.00","0.00","2021/2022","1st Term"),
("1293","335","1","0.00","0.00","0.00","0.00","0.00","0.00","","0.00","0.00","0.00","0.00","0.00","0.00","0.00","2021/2022","1st Term"),
("1294","336","1","0.00","0.00","0.00","0.00","0.00","0.00","","0.00","0.00","0.00","0.00","0.00","0.00","0.00","2021/2022","1st Term"),
("1295","337","1","0.00","0.00","0.00","0.00","0.00","0.00","","0.00","0.00","0.00","0.00","0.00","0.00","0.00","2021/2022","1st Term"),
("1296","338","1","0.00","0.00","0.00","0.00","0.00","0.00","","0.00","0.00","0.00","0.00","0.00","0.00","0.00","2021/2022","1st Term"),
("1297","339","4","0.00","0.00","0.00","0.00","0.00","0.00","","0.00","0.00","0.00","0.00","0.00","0.00","0.00","2021/2022","1st Term"),
("1299","341","4","0.00","0.00","0.00","0.00","0.00","0.00","","0.00","0.00","0.00","0.00","0.00","0.00","0.00","2021/2022","1st Term"),
("1300","342","7","0.00","0.00","0.00","0.00","0.00","0.00","","0.00","0.00","0.00","0.00","0.00","0.00","0.00","2021/2022","1st Term"),
("1301","343","6","0.00","0.00","0.00","0.00","0.00","0.00","","0.00","0.00","0.00","0.00","0.00","0.00","0.00","2021/2022","1st Term"),
("1302","344","6","0.00","0.00","0.00","0.00","0.00","0.00","","0.00","0.00","0.00","0.00","0.00","0.00","0.00","2021/2022","1st Term"),
("1303","288","4","0.00","0.00","0.00","0.00","0.00","0.00","","0.00","0.00","0.00","0.00","0.00","0.00","0.00","2021/2022","1st Term"),
("1304","251","1","0.00","0.00","0.00","0.00","0.00","0.00","","0.00","0.00","0.00","0.00","0.00","0.00","0.00","2021/2022","1st Term"),
("1305","297","1","0.00","0.00","0.00","0.00","0.00","0.00","","0.00","0.00","0.00","0.00","0.00","0.00","0.00","2021/2022","1st Term"),
("1306","345","3","0.00","0.00","0.00","0.00","0.00","0.00","","0.00","0.00","0.00","0.00","0.00","0.00","0.00","2021/2022","1st Term");
INSERT INTO current_fees_info VALUES
("1307","346","3","0.00","0.00","0.00","0.00","0.00","0.00","","0.00","0.00","0.00","0.00","0.00","0.00","0.00","2021/2022","1st Term"),
("1308","347","3","0.00","0.00","0.00","0.00","0.00","0.00","","0.00","0.00","0.00","0.00","0.00","0.00","0.00","2021/2022","1st Term"),
("1309","348","3","0.00","0.00","0.00","0.00","0.00","0.00","","0.00","0.00","0.00","0.00","0.00","0.00","0.00","2021/2022","1st Term"),
("1310","349","3","0.00","0.00","0.00","0.00","0.00","0.00","","0.00","0.00","0.00","0.00","0.00","0.00","0.00","2021/2022","1st Term"),
("1311","350","3","0.00","0.00","0.00","0.00","0.00","0.00","","0.00","0.00","0.00","0.00","0.00","0.00","0.00","2021/2022","1st Term"),
("1312","351","3","0.00","0.00","0.00","0.00","0.00","0.00","","0.00","0.00","0.00","0.00","0.00","0.00","0.00","2021/2022","1st Term"),
("1313","352","3","0.00","0.00","0.00","0.00","0.00","0.00","","0.00","0.00","0.00","0.00","0.00","0.00","0.00","2021/2022","1st Term"),
("1314","353","3","0.00","0.00","0.00","0.00","0.00","0.00","","0.00","0.00","0.00","0.00","0.00","0.00","0.00","2021/2022","1st Term"),
("1315","354","3","0.00","0.00","0.00","0.00","0.00","0.00","","0.00","0.00","0.00","0.00","0.00","0.00","0.00","2021/2022","1st Term"),
("1316","355","3","0.00","0.00","0.00","0.00","0.00","0.00","","0.00","0.00","0.00","0.00","0.00","0.00","0.00","2021/2022","1st Term"),
("1317","356","5","0.00","0.00","0.00","0.00","0.00","0.00","","0.00","0.00","0.00","0.00","0.00","0.00","0.00","2021/2022","1st Term"),
("1318","167","11","0.00","0.00","0.00","0.00","0.00","0.00","","0.00","0.00","0.00","0.00","0.00","0.00","0.00","2021/2022","1st Term"),
("1319","169","11","0.00","0.00","0.00","0.00","0.00","0.00","","0.00","0.00","0.00","0.00","0.00","0.00","0.00","2021/2022","1st Term"),
("1320","170","11","0.00","0.00","0.00","0.00","0.00","0.00","","0.00","0.00","0.00","0.00","0.00","0.00","0.00","2021/2022","1st Term"),
("1321","179","11","0.00","0.00","0.00","0.00","0.00","0.00","","0.00","0.00","0.00","0.00","0.00","0.00","0.00","2021/2022","1st Term"),
("1322","182","11","0.00","0.00","0.00","0.00","0.00","0.00","","0.00","0.00","0.00","0.00","0.00","0.00","0.00","2021/2022","1st Term"),
("1323","249","2","0.00","0.00","0.00","0.00","0.00","0.00","","0.00","0.00","0.00","0.00","0.00","0.00","0.00","2021/2022","1st Term"),
("1324","357","11","0.00","0.00","0.00","0.00","0.00","0.00","","0.00","0.00","0.00","0.00","0.00","0.00","0.00","2021/2022","1st Term"),
("1325","358","11","0.00","0.00","0.00","0.00","0.00","0.00","","0.00","0.00","0.00","0.00","0.00","0.00","0.00","2021/2022","1st Term"),
("1326","359","11","0.00","0.00","0.00","0.00","0.00","0.00","","0.00","0.00","0.00","0.00","0.00","0.00","0.00","2021/2022","1st Term"),
("1327","360","11","0.00","0.00","0.00","0.00","0.00","0.00","","0.00","0.00","0.00","0.00","0.00","0.00","0.00","2021/2022","1st Term"),
("1328","361","11","0.00","0.00","0.00","0.00","0.00","0.00","","0.00","0.00","0.00","0.00","0.00","0.00","0.00","2021/2022","1st Term"),
("1329","362","11","0.00","0.00","0.00","0.00","0.00","0.00","","0.00","0.00","0.00","0.00","0.00","0.00","0.00","2021/2022","1st Term"),
("1330","363","11","0.00","0.00","0.00","0.00","0.00","0.00","","0.00","0.00","0.00","0.00","0.00","0.00","0.00","2021/2022","1st Term"),
("1331","364","11","0.00","0.00","0.00","0.00","0.00","0.00","","0.00","0.00","0.00","0.00","0.00","0.00","0.00","2021/2022","1st Term"),
("1332","365","11","0.00","0.00","0.00","0.00","0.00","0.00","","0.00","0.00","0.00","0.00","0.00","0.00","0.00","2021/2022","1st Term"),
("1333","366","11","0.00","0.00","0.00","0.00","0.00","0.00","","0.00","0.00","0.00","0.00","0.00","0.00","0.00","2021/2022","1st Term"),
("1334","367","11","0.00","0.00","0.00","0.00","0.00","0.00","","0.00","0.00","0.00","0.00","0.00","0.00","0.00","2021/2022","1st Term"),
("1335","368","12","0.00","0.00","0.00","0.00","0.00","0.00","","0.00","0.00","0.00","0.00","0.00","0.00","0.00","2021/2022","1st Term"),
("1336","325","13","0.00","0.00","0.00","0.00","0.00","0.00","","0.00","0.00","0.00","0.00","0.00","0.00","0.00","2021/2022","1st Term"),
("1337","240","14","0.00","0.00","0.00","0.00","0.00","0.00","","0.00","0.00","0.00","0.00","0.00","0.00","0.00","2021/2022","1st Term"),
("1338","158","14","0.00","0.00","0.00","0.00","0.00","0.00","","0.00","0.00","0.00","0.00","0.00","0.00","0.00","2021/2022","1st Term"),
("1339","159","14","0.00","0.00","0.00","0.00","0.00","0.00","","0.00","0.00","0.00","0.00","0.00","0.00","0.00","2021/2022","1st Term"),
("1340","305","14","0.00","0.00","0.00","0.00","0.00","0.00","","0.00","0.00","0.00","0.00","0.00","0.00","0.00","2021/2022","1st Term"),
("1341","160","14","0.00","0.00","0.00","0.00","0.00","0.00","","0.00","0.00","0.00","0.00","0.00","0.00","0.00","2021/2022","1st Term"),
("1342","161","14","0.00","0.00","0.00","0.00","0.00","0.00","","0.00","0.00","0.00","0.00","0.00","0.00","0.00","2021/2022","1st Term"),
("1343","162","14","0.00","0.00","0.00","0.00","0.00","0.00","","0.00","0.00","0.00","0.00","0.00","0.00","0.00","2021/2022","1st Term"),
("1344","163","14","0.00","0.00","0.00","0.00","0.00","0.00","","0.00","0.00","0.00","0.00","0.00","0.00","0.00","2021/2022","1st Term"),
("1345","306","14","0.00","0.00","0.00","0.00","0.00","0.00","","0.00","0.00","0.00","0.00","0.00","0.00","0.00","2021/2022","1st Term"),
("1346","165","14","0.00","0.00","0.00","0.00","0.00","0.00","","0.00","0.00","0.00","0.00","0.00","0.00","0.00","2021/2022","1st Term"),
("1347","369","14","0.00","0.00","0.00","0.00","0.00","0.00","","0.00","0.00","0.00","0.00","0.00","0.00","0.00","2021/2022","1st Term"),
("1348","370","14","0.00","0.00","0.00","0.00","0.00","0.00","","0.00","0.00","0.00","0.00","0.00","0.00","0.00","2021/2022","1st Term"),
("1349","371","14","0.00","0.00","0.00","0.00","0.00","0.00","","0.00","0.00","0.00","0.00","0.00","0.00","0.00","2021/2022","1st Term"),
("1350","372","14","0.00","0.00","0.00","0.00","0.00","0.00","","0.00","0.00","0.00","0.00","0.00","0.00","0.00","2021/2022","1st Term"),
("1351","373","4","0.00","0.00","0.00","0.00","0.00","0.00","","0.00","0.00","0.00","0.00","0.00","0.00","0.00","2021/2022","1st Term"),
("1352","374","4","0.00","0.00","0.00","0.00","0.00","0.00","","0.00","0.00","0.00","0.00","0.00","0.00","0.00","2021/2022","1st Term"),
("1353","375","4","0.00","0.00","0.00","0.00","0.00","0.00","","0.00","0.00","0.00","0.00","0.00","0.00","0.00","2021/2022","1st Term"),
("1354","184","9","0.00","0.00","0.00","0.00","0.00","0.00","","0.00","0.00","0.00","0.00","0.00","0.00","0.00","2021/2022","1st Term"),
("1355","91","7","0.00","0.00","0.00","0.00","0.00","0.00","","0.00","0.00","0.00","0.00","0.00","0.00","0.00","2021/2022","1st Term"),
("1356","102","7","0.00","0.00","0.00","0.00","0.00","0.00","","0.00","0.00","0.00","0.00","0.00","0.00","0.00","2021/2022","1st Term"),
("1357","139","13","0.00","0.00","0.00","0.00","0.00","0.00","","0.00","0.00","0.00","0.00","0.00","0.00","0.00","2021/2022","1st Term"),
("1358","4","5","0.00","0.00","0.00","0.00","0.00","0.00","","0.00","0.00","0.00","0.00","0.00","0.00","0.00","2021/2022","1st Term"),
("1359","54","6","0.00","0.00","0.00","0.00","0.00","0.00","","0.00","0.00","0.00","0.00","0.00","0.00","0.00","2021/2022","1st Term"),
("1360","376","3","0.00","0.00","0.00","0.00","0.00","0.00","","0.00","0.00","0.00","0.00","0.00","0.00","0.00","2021/2022","1st Term"),
("1361","377","3","0.00","0.00","0.00","0.00","0.00","0.00","","0.00","0.00","0.00","0.00","0.00","0.00","0.00","2021/2022","1st Term"),
("1362","378","3","0.00","0.00","0.00","0.00","0.00","0.00","","0.00","0.00","0.00","0.00","0.00","0.00","0.00","2021/2022","1st Term"),
("1363","379","3","0.00","0.00","0.00","0.00","0.00","0.00","","0.00","0.00","0.00","0.00","0.00","0.00","0.00","2021/2022","1st Term"),
("1364","380","3","0.00","0.00","0.00","0.00","0.00","0.00","","0.00","0.00","0.00","0.00","0.00","0.00","0.00","2021/2022","1st Term"),
("1365","381","2","0.00","0.00","0.00","0.00","0.00","0.00","","0.00","0.00","0.00","0.00","0.00","0.00","0.00","2021/2022","1st Term"),
("1366","382","1","0.00","0.00","0.00","0.00","0.00","0.00","","0.00","0.00","0.00","0.00","0.00","0.00","0.00","2021/2022","1st Term"),
("1367","383","1","0.00","0.00","0.00","0.00","0.00","0.00","","0.00","0.00","0.00","0.00","0.00","0.00","0.00","2021/2022","1st Term"),
("1368","384","4","0.00","0.00","0.00","0.00","0.00","0.00","","0.00","0.00","0.00","0.00","0.00","0.00","0.00","2021/2022","1st Term"),
("1369","385","12","0.00","0.00","0.00","0.00","0.00","0.00","","0.00","0.00","0.00","0.00","0.00","0.00","0.00","2021/2022","1st Term"),
("1370","171","11","0.00","0.00","0.00","0.00","0.00","0.00","","0.00","0.00","0.00","0.00","0.00","0.00","0.00","2021/2022","1st Term"),
("1371","386","5","0.00","0.00","0.00","0.00","0.00","0.00","","0.00","0.00","0.00","0.00","0.00","0.00","0.00","2021/2022","1st Term"),
("1372","205","6","0.00","0.00","0.00","0.00","0.00","0.00","","0.00","0.00","0.00","0.00","0.00","0.00","0.00","2021/2022","1st Term"),
("1373","202","2","0.00","0.00","0.00","0.00","0.00","0.00","","0.00","0.00","0.00","0.00","0.00","0.00","0.00","2021/2022","1st Term"),
("1374","60","6","0.00","0.00","0.00","0.00","0.00","0.00","","0.00","0.00","0.00","0.00","0.00","0.00","0.00","2021/2022","1st Term"),
("1375","35","8","0.00","0.00","0.00","0.00","0.00","0.00","","0.00","0.00","0.00","0.00","0.00","0.00","0.00","2021/2022","1st Term"),
("1376","38","8","0.00","0.00","0.00","0.00","0.00","0.00","","0.00","0.00","0.00","0.00","0.00","0.00","0.00","2021/2022","1st Term"),
("1377","387","9","0.00","0.00","0.00","0.00","0.00","0.00","","0.00","0.00","0.00","0.00","0.00","0.00","0.00","2021/2022","2nd Term");




CREATE TABLE `e_library_cat` (
  `e_library_cat_id` int(11) NOT NULL AUTO_INCREMENT,
  `e_library_cat_name` varchar(200) NOT NULL,
  `date_added` datetime NOT NULL DEFAULT current_timestamp(),
  PRIMARY KEY (`e_library_cat_id`)
) ENGINE=InnoDB DEFAULT CHARSET=utf8mb4;






CREATE TABLE `e_library_file` (
  `e_library_file_id` int(11) NOT NULL AUTO_INCREMENT,
  `e_library_cat_id` int(11) NOT NULL,
  `topic_id` int(11) NOT NULL,
  `google_drive_id` varchar(200) NOT NULL,
  `class_id` int(11) NOT NULL,
  `subclass_id` int(11) NOT NULL,
  `subject_id` int(11) NOT NULL,
  `staff_id` int(11) NOT NULL,
  `table_name` varchar(20) NOT NULL,
  `title` varchar(300) NOT NULL,
  `google_drive_title` varchar(200) NOT NULL,
  `google_drive_thumbnail_link` varchar(300) NOT NULL,
  `description` varchar(500) NOT NULL,
  `preview_status` varchar(20) NOT NULL DEFAULT 'preview_download',
  `mode` varchar(20) NOT NULL,
  `activation` varchar(20) NOT NULL DEFAULT 'active',
  `file_dir` varchar(300) NOT NULL,
  `google_drive_dir` varchar(300) NOT NULL,
  `google_drive_embed_link` varchar(300) NOT NULL,
  `google_drive_filesize` varchar(30) NOT NULL,
  `sessions` varchar(15) NOT NULL,
  `terms` varchar(15) NOT NULL,
  `date_added` datetime NOT NULL DEFAULT current_timestamp(),
  PRIMARY KEY (`e_library_file_id`),
  KEY `e_library_cat_id` (`e_library_cat_id`),
  KEY `subclass_id` (`subclass_id`),
  KEY `subject_id` (`subject_id`),
  KEY `class_id` (`class_id`),
  KEY `staff_id` (`staff_id`),
  KEY `topic_id` (`topic_id`),
  KEY `activation` (`activation`)
) ENGINE=InnoDB DEFAULT CHARSET=utf8mb4;






CREATE TABLE `e_r_cat` (
  `e_r_cat_id` int(10) unsigned NOT NULL AUTO_INCREMENT,
  `e_r_cat_name` varchar(300) NOT NULL,
  `e_r_scratch_card` varchar(4) NOT NULL DEFAULT 'no',
  PRIMARY KEY (`e_r_cat_id`),
  KEY `e_r_scratch_card` (`e_r_scratch_card`)
) ENGINE=InnoDB DEFAULT CHARSET=latin1;






CREATE TABLE `e_r_class_term` (
  `e_r_class_term_id` int(10) unsigned NOT NULL AUTO_INCREMENT,
  `e_r_cat_id` int(10) unsigned NOT NULL,
  `class_id` int(10) unsigned NOT NULL,
  `terms` varchar(10) NOT NULL,
  PRIMARY KEY (`e_r_class_term_id`),
  KEY `e_r_cat_id` (`e_r_cat_id`,`class_id`,`terms`)
) ENGINE=InnoDB DEFAULT CHARSET=latin1;






CREATE TABLE `e_r_main` (
  `e_r_main_id` int(11) NOT NULL AUTO_INCREMENT,
  `e_r_cat_id` int(11) NOT NULL,
  `student_id` int(11) NOT NULL,
  `class_id` int(11) NOT NULL,
  `subclass_id` int(11) NOT NULL,
  `e_r_cat_name` varchar(100) NOT NULL,
  `class_name` varchar(50) NOT NULL,
  `subclass_name` varchar(50) NOT NULL,
  `section` varchar(10) NOT NULL,
  `total` float NOT NULL,
  `total_obtainable` float NOT NULL,
  `average` varchar(10) NOT NULL,
  `position_class` varchar(20) NOT NULL,
  `position_subclass` varchar(20) NOT NULL,
  `total_student_class` int(11) NOT NULL,
  `total_student_subclass` int(11) NOT NULL,
  `pass_ave` varchar(5) NOT NULL,
  `subcat1_total` float NOT NULL,
  `subcat2_total` float NOT NULL,
  `subcat3_total` float NOT NULL,
  `subcat4_total` float NOT NULL,
  `subcat5_total` float NOT NULL,
  `subcat6_total` float NOT NULL,
  `subcat7_total` float NOT NULL,
  `subcat8_total` float NOT NULL,
  `subcat9_total` float NOT NULL,
  `subcat10_total` float NOT NULL,
  `subcat1_name` varchar(50) NOT NULL,
  `subcat2_name` varchar(50) NOT NULL,
  `subcat3_name` varchar(50) NOT NULL,
  `subcat4_name` varchar(50) NOT NULL,
  `subcat5_name` varchar(50) NOT NULL,
  `subcat6_name` varchar(50) NOT NULL,
  `subcat7_name` varchar(50) NOT NULL,
  `subcat8_name` varchar(50) NOT NULL,
  `subcat9_name` varchar(50) NOT NULL,
  `subcat10_name` varchar(50) NOT NULL,
  `subcat1_short_name` varchar(40) NOT NULL,
  `subcat2_short_name` varchar(40) NOT NULL,
  `subcat3_short_name` varchar(40) NOT NULL,
  `subcat4_short_name` varchar(40) NOT NULL,
  `subcat5_short_name` varchar(40) NOT NULL,
  `subcat6_short_name` varchar(40) NOT NULL,
  `subcat7_short_name` varchar(40) NOT NULL,
  `subcat8_short_name` varchar(40) NOT NULL,
  `subcat9_short_name` varchar(40) NOT NULL,
  `subcat10_short_name` varchar(40) NOT NULL,
  `count_subcat` int(11) NOT NULL,
  `scratch_card_number` varchar(16) NOT NULL,
  `principal_name` varchar(100) NOT NULL,
  `principal_comment` varchar(200) NOT NULL,
  `form_staff_name` varchar(200) NOT NULL,
  `form_staff_comment` varchar(300) NOT NULL,
  `principal_signature` varchar(60) NOT NULL,
  `second_principal_signature` varchar(60) NOT NULL,
  `visited` int(11) NOT NULL,
  `sessions` varchar(20) NOT NULL,
  `terms` varchar(20) NOT NULL,
  PRIMARY KEY (`e_r_main_id`),
  KEY `e_r_cat_id` (`e_r_cat_id`,`student_id`)
) ENGINE=InnoDB DEFAULT CHARSET=latin1;






CREATE TABLE `e_r_subcat` (
  `e_r_subcat_id` int(10) unsigned NOT NULL AUTO_INCREMENT,
  `e_r_cat_id` int(10) unsigned NOT NULL,
  `e_r_subcat_name` varchar(300) NOT NULL,
  `e_r_short_form` varchar(100) NOT NULL,
  `total_score` float NOT NULL,
  PRIMARY KEY (`e_r_subcat_id`),
  KEY `e_r_cat_id` (`e_r_cat_id`),
  KEY `e_r_cat_id_2` (`e_r_cat_id`)
) ENGINE=InnoDB DEFAULT CHARSET=latin1;






CREATE TABLE `e_r_subject` (
  `e_r_subject_id` int(11) NOT NULL AUTO_INCREMENT,
  `e_r_cat_id` int(11) NOT NULL,
  `student_id` int(11) NOT NULL,
  `class_id` int(11) NOT NULL,
  `subclass_id` int(11) NOT NULL,
  `subject_id` int(11) NOT NULL,
  `class_name` varchar(300) NOT NULL,
  `subclass_name` varchar(300) NOT NULL,
  `subject_name` varchar(300) NOT NULL,
  `subcat1` float DEFAULT NULL,
  `subcat2` float DEFAULT NULL,
  `subcat3` float DEFAULT NULL,
  `subcat4` float DEFAULT NULL,
  `subcat5` float DEFAULT NULL,
  `subcat6` float DEFAULT NULL,
  `subcat7` float DEFAULT NULL,
  `subcat8` float DEFAULT NULL,
  `subcat9` float DEFAULT NULL,
  `subcat10` float DEFAULT NULL,
  `total` float NOT NULL,
  `total_percent` varchar(10) NOT NULL,
  `position_subclass` varchar(30) NOT NULL,
  `grade` varchar(20) NOT NULL,
  `grade_comment` varchar(300) NOT NULL,
  `staff_name` varchar(300) NOT NULL,
  `staff_comment` varchar(300) NOT NULL,
  `status` varchar(20) NOT NULL,
  `generate_result` varchar(20) NOT NULL DEFAULT 'not_generated',
  `sessions` varchar(20) NOT NULL,
  `terms` varchar(20) NOT NULL,
  PRIMARY KEY (`e_r_subject_id`),
  KEY `e_r_cat_id` (`e_r_cat_id`,`student_id`,`class_id`,`subclass_id`,`subject_id`),
  KEY `class_id` (`class_id`,`subclass_id`,`subject_id`,`sessions`,`terms`)
) ENGINE=InnoDB DEFAULT CHARSET=latin1;






CREATE TABLE `end_term_info` (
  `end_term_id` int(11) NOT NULL AUTO_INCREMENT,
  `new_student_number` int(11) NOT NULL,
  `no_of_students` int(11) NOT NULL,
  `no_of_male_students` int(11) NOT NULL,
  `no_of_female_students` int(11) NOT NULL,
  `no_of_grad_students` int(11) NOT NULL,
  `no_of_deact_students` int(11) NOT NULL,
  `no_of_parents` int(11) NOT NULL,
  `no_of_staff` int(11) NOT NULL,
  `no_of_academic_staff` int(11) NOT NULL,
  `no_of_non_academic_staff` int(11) NOT NULL,
  `no_of_accountant` int(11) NOT NULL,
  `no_of_admin` int(11) NOT NULL,
  `owing` int(11) NOT NULL,
  `annual_only_last_subjects` varchar(5) NOT NULL,
  `third_term_in_annual` varchar(3) NOT NULL DEFAULT 'no',
  `allow_finance` varchar(5) NOT NULL,
  `scratch_card` varchar(5) NOT NULL,
  `generate_result` varchar(20) NOT NULL,
  `publish_result` char(30) NOT NULL,
  `next_term_begins` date NOT NULL,
  `publish_result_deadline` date NOT NULL,
  `report_ready` varchar(15) NOT NULL,
  `sessions` varchar(20) NOT NULL,
  `terms` varchar(20) NOT NULL,
  `date_entered` datetime NOT NULL DEFAULT current_timestamp(),
  `account_balanced` varchar(12) NOT NULL,
  PRIMARY KEY (`end_term_id`),
  KEY `sess_term` (`sessions`,`terms`),
  KEY `report_ready` (`report_ready`),
  KEY `date_entered` (`date_entered`)
) ENGINE=InnoDB AUTO_INCREMENT=29 DEFAULT CHARSET=latin1;


INSERT INTO end_term_info VALUES
("18","182","182","109","73","0","0","0","11","9","0","2","0","0","no","no","no","no","generated","published","2019-01-07","0000-00-00","ready","2018/2019","1st Term","2018-04-14 13:39:26","unbalanced"),
("19","16","183","108","75","0","2","0","16","14","0","2","0","0","no","no","no","no","generated","published","2019-05-06","0000-00-00","ready","2018/2019","2nd Term","2019-02-19 00:09:16","unbalanced"),
("20","3","195","112","83","0","4","0","16","14","0","2","0","0","no","no","no","no","generated","published","2019-09-09","0000-00-00","ready","2018/2019","3rd Term","2019-06-21 22:55:30","unbalanced"),
("21","41","207","120","87","0","24","0","14","12","0","2","0","0","no","no","no","no","generated","published","2020-01-13","2019-12-13","ready","2019/2020","1st Term","2019-10-03 12:01:03","unbalanced"),
("22","12","208","122","86","0","13","0","16","14","0","2","0","0","no","no","no","no","generated","published","2020-10-05","0000-00-00","ready","2019/2020","2nd Term","2020-03-19 17:12:24","unbalanced"),
("23","32","231","128","103","0","0","0","16","14","0","2","0","0","no","no","no","no","generated","published","2021-01-04","2020-12-21","ready","2019/2020","3rd Term","2020-11-25 10:06:05","unbalanced"),
("24","34","236","129","107","0","19","0","16","14","0","2","0","0","no","no","no","no","generated","published","2021-04-12","2021-04-07","ready","2020/2021","1st Term","2021-03-30 13:22:39","unbalanced"),
("25","7","242","132","110","0","0","0","16","14","0","2","0","0","no","no","no","no","generated","published","2021-07-05","2021-06-28","ready","2020/2021","2nd Term","2021-06-24 10:12:48","unbalanced"),
("26","0","235","128","107","0","7","0","17","15","0","2","0","0","no","no","no","no","generated","published","2021-10-04","2021-09-27","ready","2020/2021","3rd Term","2021-09-03 09:17:17","unbalanced"),
("27","47","255","137","118","0","20","0","18","16","0","2","0","0","no","no","no","no","generated","published","2022-01-10","2022-01-07","ready","2021/2022","1st Term","2021-12-04 21:13:22","unbalanced"),
("28","0","0","0","0","0","0","0","0","0","0","0","0","0","no","no","no","no","not_generated","not_published","2022-05-09","2022-04-07","not_ready","2021/2022","2nd Term","2022-02-28 13:35:56","unbalanced");




CREATE TABLE `end_term_inventory` (
  `end_term_inventory_id` int(11) NOT NULL AUTO_INCREMENT,
  `account_balanced` varchar(20) NOT NULL DEFAULT 'unbalanced',
  `date_added` datetime NOT NULL DEFAULT current_timestamp(),
  `sessions` varchar(15) NOT NULL,
  `terms` varchar(15) NOT NULL,
  PRIMARY KEY (`end_term_inventory_id`)
) ENGINE=InnoDB DEFAULT CHARSET=utf8mb4;






CREATE TABLE `end_term_ledger` (
  `end_term_ledger_id` int(11) NOT NULL AUTO_INCREMENT,
  `account_balanced` varchar(15) NOT NULL DEFAULT 'unbalanced',
  `date_added` datetime NOT NULL DEFAULT current_timestamp(),
  `sessions` varchar(15) NOT NULL,
  `terms` varchar(15) NOT NULL,
  PRIMARY KEY (`end_term_ledger_id`),
  KEY `terms` (`terms`,`sessions`)
) ENGINE=InnoDB DEFAULT CHARSET=utf8mb4;






CREATE TABLE `end_term_school_fees` (
  `end_term_school_fees_id` int(11) NOT NULL AUTO_INCREMENT,
  `account_balanced` varchar(20) DEFAULT 'unbalanced',
  `date_added` datetime NOT NULL DEFAULT current_timestamp(),
  `sessions` varchar(15) NOT NULL,
  `terms` varchar(15) NOT NULL,
  PRIMARY KEY (`end_term_school_fees_id`),
  KEY `sessions` (`sessions`,`terms`)
) ENGINE=InnoDB DEFAULT CHARSET=utf8mb4;






CREATE TABLE `event` (
  `event_id` int(11) NOT NULL AUTO_INCREMENT,
  `class_id` int(11) NOT NULL,
  `subclass_id` int(11) NOT NULL,
  `event_title` varchar(300) NOT NULL,
  `event_cat` varchar(20) NOT NULL,
  `event_image` varchar(300) NOT NULL,
  `location` varchar(300) NOT NULL,
  `description` text NOT NULL,
  `start_date` datetime NOT NULL,
  `end_date` datetime NOT NULL,
  `date_created` datetime NOT NULL DEFAULT current_timestamp(),
  PRIMARY KEY (`event_id`),
  KEY `date_created` (`date_created`),
  KEY `event_cat` (`event_cat`),
  KEY `class_id` (`class_id`)
) ENGINE=InnoDB DEFAULT CHARSET=latin1;






